{"id":1010,"date":"2010-06-10T13:30:38","date_gmt":"2010-06-10T13:30:38","guid":{"rendered":"https:\/\/www.kdrei-2009.de\/WPKdrei\/?page_id=1010"},"modified":"2016-03-15T10:59:38","modified_gmt":"2016-03-15T10:59:38","slug":"swr-2-jazz-kulturnacht-und-kdrei","status":"publish","type":"page","link":"https:\/\/www.kdrei-2009.de\/WPKdrei\/kultur\/kultur-2010-2\/swr-2-jazz-kulturnacht-und-kdrei\/","title":{"rendered":"SWR 2 Jazz-Kulturnacht und Kdrei ?"},"content":{"rendered":"<h4><span style=\"color: #808080;\">Eine gute Frage, doch Kdrei, bzw. Mitglieder von Kdrei sind \u00fcberall.<\/span><\/h4>\n<h4><span style=\"color: #808080;\">Wie bereits erw\u00e4hnt, stellte das <\/span><a href=\"https:\/\/www.kdrei-2009.de\/WPKdrei\/?page_id=727\"><span style=\"color: #808080;\"><span style=\"color: #232323;\"><span style=\"text-decoration: none;\"><span style=\"color: #808080;\">Chris Geisler Trio seine CD im BIX vor<\/span><\/span><\/span><\/span><\/a><span style=\"color: #808080;\">. Von dieser Veranstaltung werden vermutlich Teile zu sehen und zu h\u00f6ren sein. Die Sendung wird am 10.Juli vom SWR 2 ausgestrahlt und geht von \u00a020.03 &#8211; 23.00Uhr. Alle Jazzfreunde sind herzlich eingeladen ihre Ohren in diesen 3 Stunden der Geschichte des Jazz im S\u00fcdwesten Deutschlands zu schenken. Auf alle F\u00e4lle eine interessante Sendung \u00fcber Entstehung, Entwicklung und Bands in unserem Raum.<\/span><\/h4>\n<h4><a href=\"http:\/\/www.swr.de\/swr2\/programm\/sendungen\/aus-dem-land\/-\/id=658700\/nid=658700\/did=6450708\/qyehjr\/index.html\"><span style=\"color: #808080;\"><span style=\"color: #232323;\"><span style=\"text-decoration: none;\"><span style=\"color: #808080;\">Weitere Infos bei SWR 2.<\/span><\/span><\/span><\/span><\/a><\/h4>\n","protected":false},"excerpt":{"rendered":"<p>Eine gute Frage, doch Kdrei, bzw. Mitglieder von Kdrei sind \u00fcberall. Wie bereits erw\u00e4hnt, stellte das Chris Geisler Trio seine CD im BIX vor. Von dieser Veranstaltung werden vermutlich Teile [&hellip;]<\/p>\n","protected":false},"author":1,"featured_media":0,"parent":5279,"menu_order":8,"comment_status":"open","ping_status":"open","template":"","meta":{"footnotes":""},"_links":{"self":[{"href":"https:\/\/www.kdrei-2009.de\/WPKdrei\/wp-json\/wp\/v2\/pages\/1010"}],"collection":[{"href":"https:\/\/www.kdrei-2009.de\/WPKdrei\/wp-json\/wp\/v2\/pages"}],"about":[{"href":"https:\/\/www.kdrei-2009.de\/WPKdrei\/wp-json\/wp\/v2\/types\/page"}],"author":[{"embeddable":true,"href":"https:\/\/www.kdrei-2009.de\/WPKdrei\/wp-json\/wp\/v2\/users\/1"}],"replies":[{"embeddable":true,"href":"https:\/\/www.kdrei-2009.de\/WPKdrei\/wp-json\/wp\/v2\/comments?post=1010"}],"version-history":[{"count":6,"href":"https:\/\/www.kdrei-2009.de\/WPKdrei\/wp-json\/wp\/v2\/pages\/1010\/revisions"}],"predecessor-version":[{"id":5342,"href":"https:\/\/www.kdrei-2009.de\/WPKdrei\/wp-json\/wp\/v2\/pages\/1010\/revisions\/5342"}],"up":[{"embeddable":true,"href":"https:\/\/www.kdrei-2009.de\/WPKdrei\/wp-json\/wp\/v2\/pages\/5279"}],"wp:attachment":[{"href":"https:\/\/www.kdrei-2009.de\/WPKdrei\/wp-json\/wp\/v2\/media?parent=1010"}],"curies":[{"name":"wp","href":"https:\/\/api.w.org\/{rel}","templated":true}]}}