{"id":1140,"date":"2010-07-04T11:34:51","date_gmt":"2010-07-04T11:34:51","guid":{"rendered":"https:\/\/www.kdrei-2009.de\/WPKdrei\/?page_id=1140"},"modified":"2010-07-04T12:13:22","modified_gmt":"2010-07-04T12:13:22","slug":"kdrei-bezirksligameister-2010","status":"publish","type":"page","link":"https:\/\/www.kdrei-2009.de\/WPKdrei\/kugelsport-2\/kuegelsport-2010\/liga-2010-2\/kdrei-bezirksligameister-2010\/","title":{"rendered":"Kdrei-Bezirksligameister 2010"},"content":{"rendered":"<h4><span style=\"color: #808080;\">Tja, liebe Freunde der Metallkugeln und Holzschweinchen, wer h\u00e4tte dies am Saisonbeginn gedacht? Wir, Kdrei? Naja, ganz ehrlich, nach der verkorksten letzten Saison (mir f\u00e4llt momentan der Namen des Vereines nicht ein) haben wir eigentlich eher auf Klassenerhalt gespielt. Unsere Boulefreunde aus der Liga haben uns teilweise als Favoriten gehandelt, was uns sehr geehrt hat und wir wollten alle, die an uns geglaubt haben auch nicht entt\u00e4uschen. Das Ergebnis ist dann doch etwas zu heftig ausgefallen, wir haben wider erwarten alle Begegnungen f\u00fcr uns entscheiden k\u00f6nnen. Wir haben nur 8 von 50 Spielen verloren. Wir freuen uns \u00fcber den Aufstieg und bedanken und an dieser Stelle nochmals bei allen Vereinen, die sich beim Verlegen von Spieltagen unkompliziert und sportlich fair dazu bereit erkl\u00e4rt haben und bei allen Vereinen, die schon bei Saisonbeginn an uns geglaubt haben. Auch unserem Ligaleiter J\u00f6rg Stranak herzlichen Dank f\u00fcr die schnelle und korrekte Arbeit die den Ligaablauf in dieser Form \u00a0gew\u00e4hrleistete, sowie f\u00fcr die wundersch\u00f6nen Pokale, welche jetzt wieder zahlreiche Vereinsheime verzieren werden. Gl\u00fcckwunsch auch an alle anderen Aufsteiger sowie alle zweit und dritt Platzierten. Nach dem Spiel ist vor dem Spiel. N\u00e4chstes Jahr geht es wieder weiter.<\/span><\/h4>\n<p><span style=\"color: #808080;\"> <\/span><span style=\"font-weight: normal;\"><a href=\"https:\/\/www.kdrei-2009.de\/WPKdrei\/wp-content\/uploads\/2010\/07\/Bezirksliga.Neckar-Alb.2010.jpg\" rel=\"lightbox[1140]\"><img loading=\"lazy\" decoding=\"async\" class=\"size-full wp-image-1155 \" title=\"Bezirksliga.Neckar-Alb.2010\" src=\"https:\/\/www.kdrei-2009.de\/WPKdrei\/wp-content\/uploads\/2010\/07\/Bezirksliga.Neckar-Alb.2010.jpg\" alt=\"\" width=\"369\" height=\"278\" srcset=\"https:\/\/www.kdrei-2009.de\/WPKdrei\/wp-content\/uploads\/2010\/07\/Bezirksliga.Neckar-Alb.2010.jpg 738w, https:\/\/www.kdrei-2009.de\/WPKdrei\/wp-content\/uploads\/2010\/07\/Bezirksliga.Neckar-Alb.2010-300x226.jpg 300w\" sizes=\"(max-width: 369px) 100vw, 369px\" \/><\/a><\/span><\/p>\n<div class=\"mceTemp mceIEcenter\">\n<dl id=\"attachment_1155\" class=\"wp-caption aligncenter\" style=\"width: 379px;\">\n<dd class=\"wp-caption-dd\">Abschlusstabell 2010-Bezirksliga.<\/dd>\n<\/dl>\n<\/div>\n<p style=\"text-align: center;\"><a href=\"https:\/\/www.kdrei-2009.de\/WPKdrei\/wp-content\/uploads\/2010\/07\/K3-liga100703_13web.jpg\" rel=\"lightbox[1140]\"><img loading=\"lazy\" decoding=\"async\" class=\"aligncenter size-full wp-image-1147\" title=\"K3-liga100703_13web\" src=\"https:\/\/www.kdrei-2009.de\/WPKdrei\/wp-content\/uploads\/2010\/07\/K3-liga100703_13web.jpg\" alt=\"\" width=\"738\" height=\"338\" srcset=\"https:\/\/www.kdrei-2009.de\/WPKdrei\/wp-content\/uploads\/2010\/07\/K3-liga100703_13web.jpg 738w, https:\/\/www.kdrei-2009.de\/WPKdrei\/wp-content\/uploads\/2010\/07\/K3-liga100703_13web-300x137.jpg 300w\" sizes=\"(max-width: 738px) 100vw, 738px\" \/><\/a><\/p>\n<div id=\"attachment_1145\" style=\"width: 748px\" class=\"wp-caption aligncenter\"><a href=\"https:\/\/www.kdrei-2009.de\/WPKdrei\/wp-content\/uploads\/2010\/07\/K3-liga100703_08web.jpg\" rel=\"lightbox[1140]\"><img loading=\"lazy\" decoding=\"async\" aria-describedby=\"caption-attachment-1145\" class=\"size-full wp-image-1145\" title=\"K3-liga100703_08web\" src=\"https:\/\/www.kdrei-2009.de\/WPKdrei\/wp-content\/uploads\/2010\/07\/K3-liga100703_08web.jpg\" alt=\"\" width=\"738\" height=\"404\" srcset=\"https:\/\/www.kdrei-2009.de\/WPKdrei\/wp-content\/uploads\/2010\/07\/K3-liga100703_08web.jpg 738w, https:\/\/www.kdrei-2009.de\/WPKdrei\/wp-content\/uploads\/2010\/07\/K3-liga100703_08web-300x164.jpg 300w\" sizes=\"(max-width: 738px) 100vw, 738px\" \/><\/a><p id=\"caption-attachment-1145\" class=\"wp-caption-text\">Der Platz am Scharnh\u00e4user Park.<\/p><\/div>\n<div id=\"attachment_1142\" style=\"width: 748px\" class=\"wp-caption aligncenter\"><a href=\"https:\/\/www.kdrei-2009.de\/WPKdrei\/wp-content\/uploads\/2010\/07\/K3-liga100703_01web.jpg\" rel=\"lightbox[1140]\"><img loading=\"lazy\" decoding=\"async\" aria-describedby=\"caption-attachment-1142\" class=\"size-full wp-image-1142\" title=\"K3-liga100703_01web\" src=\"https:\/\/www.kdrei-2009.de\/WPKdrei\/wp-content\/uploads\/2010\/07\/K3-liga100703_01web.jpg\" alt=\"\" width=\"738\" height=\"341\" srcset=\"https:\/\/www.kdrei-2009.de\/WPKdrei\/wp-content\/uploads\/2010\/07\/K3-liga100703_01web.jpg 738w, https:\/\/www.kdrei-2009.de\/WPKdrei\/wp-content\/uploads\/2010\/07\/K3-liga100703_01web-300x138.jpg 300w\" sizes=\"(max-width: 738px) 100vw, 738px\" \/><\/a><p id=\"caption-attachment-1142\" class=\"wp-caption-text\">Kdrei-Schattensitzer.<\/p><\/div>\n<div id=\"attachment_1143\" style=\"width: 748px\" class=\"wp-caption aligncenter\"><a href=\"https:\/\/www.kdrei-2009.de\/WPKdrei\/wp-content\/uploads\/2010\/07\/K3-liga100703_03web.jpg\" rel=\"lightbox[1140]\"><img loading=\"lazy\" decoding=\"async\" aria-describedby=\"caption-attachment-1143\" class=\"size-full wp-image-1143\" title=\"K3-liga100703_03web\" src=\"https:\/\/www.kdrei-2009.de\/WPKdrei\/wp-content\/uploads\/2010\/07\/K3-liga100703_03web.jpg\" alt=\"\" width=\"738\" height=\"238\" srcset=\"https:\/\/www.kdrei-2009.de\/WPKdrei\/wp-content\/uploads\/2010\/07\/K3-liga100703_03web.jpg 738w, https:\/\/www.kdrei-2009.de\/WPKdrei\/wp-content\/uploads\/2010\/07\/K3-liga100703_03web-300x96.jpg 300w\" sizes=\"(max-width: 738px) 100vw, 738px\" \/><\/a><p id=\"caption-attachment-1143\" class=\"wp-caption-text\">Kleine Pause zwischen den Spielen.<\/p><\/div>\n<div id=\"attachment_1144\" style=\"width: 748px\" class=\"wp-caption aligncenter\"><a href=\"https:\/\/www.kdrei-2009.de\/WPKdrei\/wp-content\/uploads\/2010\/07\/K3-liga100703_06web.jpg\" rel=\"lightbox[1140]\"><img loading=\"lazy\" decoding=\"async\" aria-describedby=\"caption-attachment-1144\" class=\"size-full wp-image-1144\" title=\"K3-liga100703_06web\" src=\"https:\/\/www.kdrei-2009.de\/WPKdrei\/wp-content\/uploads\/2010\/07\/K3-liga100703_06web.jpg\" alt=\"\" width=\"738\" height=\"377\" srcset=\"https:\/\/www.kdrei-2009.de\/WPKdrei\/wp-content\/uploads\/2010\/07\/K3-liga100703_06web.jpg 738w, https:\/\/www.kdrei-2009.de\/WPKdrei\/wp-content\/uploads\/2010\/07\/K3-liga100703_06web-300x153.jpg 300w\" sizes=\"(max-width: 738px) 100vw, 738px\" \/><\/a><p id=\"caption-attachment-1144\" class=\"wp-caption-text\">Da gl\u00fcht das Auge. Design pur. Minimalistisch-zeitlos-wertbest\u00e4ndig.<\/p><\/div>\n<div id=\"attachment_1146\" style=\"width: 295px\" class=\"wp-caption aligncenter\"><a href=\"https:\/\/www.kdrei-2009.de\/WPKdrei\/wp-content\/uploads\/2010\/07\/K3-liga100703_12web.jpg\" rel=\"lightbox[1140]\"><img loading=\"lazy\" decoding=\"async\" aria-describedby=\"caption-attachment-1146\" class=\"size-full wp-image-1146\" title=\"K3-liga100703_12web\" src=\"https:\/\/www.kdrei-2009.de\/WPKdrei\/wp-content\/uploads\/2010\/07\/K3-liga100703_12web.jpg\" alt=\"\" width=\"285\" height=\"738\" \/><\/a><p id=\"caption-attachment-1146\" class=\"wp-caption-text\">Jeder kennt ihn-alle sch\u00e4tzen ihn. W.F. aus Neuffen. Pr\u00e4sident.<\/p><\/div>\n<div id=\"attachment_1148\" style=\"width: 748px\" class=\"wp-caption aligncenter\"><a href=\"https:\/\/www.kdrei-2009.de\/WPKdrei\/wp-content\/uploads\/2010\/07\/K3-liga100703_15web.jpg\" rel=\"lightbox[1140]\"><img loading=\"lazy\" decoding=\"async\" aria-describedby=\"caption-attachment-1148\" class=\"size-full wp-image-1148\" title=\"K3-liga100703_15web\" src=\"https:\/\/www.kdrei-2009.de\/WPKdrei\/wp-content\/uploads\/2010\/07\/K3-liga100703_15web.jpg\" alt=\"\" width=\"738\" height=\"355\" srcset=\"https:\/\/www.kdrei-2009.de\/WPKdrei\/wp-content\/uploads\/2010\/07\/K3-liga100703_15web.jpg 738w, https:\/\/www.kdrei-2009.de\/WPKdrei\/wp-content\/uploads\/2010\/07\/K3-liga100703_15web-300x144.jpg 300w\" sizes=\"(max-width: 738px) 100vw, 738px\" \/><\/a><p id=\"caption-attachment-1148\" class=\"wp-caption-text\">Yes we can. Steigt Horb schon wieder auf? Naja, bei 5 Horber Mannschaften in einer Liga, kein Wunder. Gl\u00fcckwunsch. <\/p><\/div>\n<div id=\"attachment_1149\" style=\"width: 748px\" class=\"wp-caption aligncenter\"><a href=\"https:\/\/www.kdrei-2009.de\/WPKdrei\/wp-content\/uploads\/2010\/07\/K3-liga100703_17web.jpg\" rel=\"lightbox[1140]\"><img loading=\"lazy\" decoding=\"async\" aria-describedby=\"caption-attachment-1149\" class=\"size-full wp-image-1149\" title=\"K3-liga100703_17web\" src=\"https:\/\/www.kdrei-2009.de\/WPKdrei\/wp-content\/uploads\/2010\/07\/K3-liga100703_17web.jpg\" alt=\"\" width=\"738\" height=\"325\" srcset=\"https:\/\/www.kdrei-2009.de\/WPKdrei\/wp-content\/uploads\/2010\/07\/K3-liga100703_17web.jpg 738w, https:\/\/www.kdrei-2009.de\/WPKdrei\/wp-content\/uploads\/2010\/07\/K3-liga100703_17web-300x132.jpg 300w\" sizes=\"(max-width: 738px) 100vw, 738px\" \/><\/a><p id=\"caption-attachment-1149\" class=\"wp-caption-text\">Es war heiss, sehr heiss. <\/p><\/div>\n<div id=\"attachment_1150\" style=\"width: 748px\" class=\"wp-caption aligncenter\"><a href=\"https:\/\/www.kdrei-2009.de\/WPKdrei\/wp-content\/uploads\/2010\/07\/K3-liga100703_18web.jpg\" rel=\"lightbox[1140]\"><img loading=\"lazy\" decoding=\"async\" aria-describedby=\"caption-attachment-1150\" class=\"size-full wp-image-1150\" title=\"K3-liga100703_18web\" src=\"https:\/\/www.kdrei-2009.de\/WPKdrei\/wp-content\/uploads\/2010\/07\/K3-liga100703_18web.jpg\" alt=\"\" width=\"738\" height=\"365\" srcset=\"https:\/\/www.kdrei-2009.de\/WPKdrei\/wp-content\/uploads\/2010\/07\/K3-liga100703_18web.jpg 738w, https:\/\/www.kdrei-2009.de\/WPKdrei\/wp-content\/uploads\/2010\/07\/K3-liga100703_18web-300x148.jpg 300w\" sizes=\"(max-width: 738px) 100vw, 738px\" \/><\/a><p id=\"caption-attachment-1150\" class=\"wp-caption-text\">Das war der Luxus. Ein Taschenventilator.<\/p><\/div>\n<div id=\"attachment_1151\" style=\"width: 748px\" class=\"wp-caption aligncenter\"><a href=\"https:\/\/www.kdrei-2009.de\/WPKdrei\/wp-content\/uploads\/2010\/07\/K3-liga100703_20web.jpg\" rel=\"lightbox[1140]\"><img loading=\"lazy\" decoding=\"async\" aria-describedby=\"caption-attachment-1151\" class=\"size-full wp-image-1151\" title=\"K3-liga100703_20web\" src=\"https:\/\/www.kdrei-2009.de\/WPKdrei\/wp-content\/uploads\/2010\/07\/K3-liga100703_20web.jpg\" alt=\"\" width=\"738\" height=\"368\" srcset=\"https:\/\/www.kdrei-2009.de\/WPKdrei\/wp-content\/uploads\/2010\/07\/K3-liga100703_20web.jpg 738w, https:\/\/www.kdrei-2009.de\/WPKdrei\/wp-content\/uploads\/2010\/07\/K3-liga100703_20web-300x149.jpg 300w\" sizes=\"(max-width: 738px) 100vw, 738px\" \/><\/a><p id=\"caption-attachment-1151\" class=\"wp-caption-text\">Unser Pr\u00e4sident, kurz vor seiner Ligaabschlussrede im Pressekonferenzraum.<\/p><\/div>\n<div id=\"attachment_1153\" style=\"width: 748px\" class=\"wp-caption aligncenter\"><a href=\"https:\/\/www.kdrei-2009.de\/WPKdrei\/wp-content\/uploads\/2010\/07\/K3-liga100703_23web.jpg\" rel=\"lightbox[1140]\"><img loading=\"lazy\" decoding=\"async\" aria-describedby=\"caption-attachment-1153\" class=\"size-full wp-image-1153\" title=\"K3-liga100703_23web\" src=\"https:\/\/www.kdrei-2009.de\/WPKdrei\/wp-content\/uploads\/2010\/07\/K3-liga100703_23web.jpg\" alt=\"\" width=\"738\" height=\"276\" srcset=\"https:\/\/www.kdrei-2009.de\/WPKdrei\/wp-content\/uploads\/2010\/07\/K3-liga100703_23web.jpg 738w, https:\/\/www.kdrei-2009.de\/WPKdrei\/wp-content\/uploads\/2010\/07\/K3-liga100703_23web-300x112.jpg 300w\" sizes=\"(max-width: 738px) 100vw, 738px\" \/><\/a><p id=\"caption-attachment-1153\" class=\"wp-caption-text\">War das schon das 1:0 ? Ob unser Bundestrainer schonmal geboult hat?<\/p><\/div>\n<div id=\"attachment_1154\" style=\"width: 748px\" class=\"wp-caption aligncenter\"><a href=\"https:\/\/www.kdrei-2009.de\/WPKdrei\/wp-content\/uploads\/2010\/07\/K3-liga100703_25web.jpg\" rel=\"lightbox[1140]\"><img loading=\"lazy\" decoding=\"async\" aria-describedby=\"caption-attachment-1154\" class=\"size-full wp-image-1154\" title=\"K3-liga100703_25web\" src=\"https:\/\/www.kdrei-2009.de\/WPKdrei\/wp-content\/uploads\/2010\/07\/K3-liga100703_25web.jpg\" alt=\"\" width=\"738\" height=\"305\" srcset=\"https:\/\/www.kdrei-2009.de\/WPKdrei\/wp-content\/uploads\/2010\/07\/K3-liga100703_25web.jpg 738w, https:\/\/www.kdrei-2009.de\/WPKdrei\/wp-content\/uploads\/2010\/07\/K3-liga100703_25web-300x123.jpg 300w\" sizes=\"(max-width: 738px) 100vw, 738px\" \/><\/a><p id=\"caption-attachment-1154\" class=\"wp-caption-text\">Public bouling meets public viewing.<\/p><\/div>\n<div id=\"attachment_1152\" style=\"width: 748px\" class=\"wp-caption aligncenter\"><a href=\"https:\/\/www.kdrei-2009.de\/WPKdrei\/wp-content\/uploads\/2010\/07\/K3-liga100703_21web.jpg\" rel=\"lightbox[1140]\"><img loading=\"lazy\" decoding=\"async\" aria-describedby=\"caption-attachment-1152\" class=\"size-full wp-image-1152\" title=\"K3-liga100703_21web\" src=\"https:\/\/www.kdrei-2009.de\/WPKdrei\/wp-content\/uploads\/2010\/07\/K3-liga100703_21web.jpg\" alt=\"\" width=\"738\" height=\"291\" srcset=\"https:\/\/www.kdrei-2009.de\/WPKdrei\/wp-content\/uploads\/2010\/07\/K3-liga100703_21web.jpg 738w, https:\/\/www.kdrei-2009.de\/WPKdrei\/wp-content\/uploads\/2010\/07\/K3-liga100703_21web-300x118.jpg 300w\" sizes=\"(max-width: 738px) 100vw, 738px\" \/><\/a><p id=\"caption-attachment-1152\" class=\"wp-caption-text\">Das war das 2:0.<\/p><\/div>\n","protected":false},"excerpt":{"rendered":"<p>Tja, liebe Freunde der Metallkugeln und Holzschweinchen, wer h\u00e4tte dies am Saisonbeginn gedacht? Wir, Kdrei? Naja, ganz ehrlich, nach der verkorksten letzten Saison (mir f\u00e4llt momentan der Namen des Vereines [&hellip;]<\/p>\n","protected":false},"author":1,"featured_media":0,"parent":365,"menu_order":7,"comment_status":"open","ping_status":"open","template":"","meta":{"footnotes":""},"_links":{"self":[{"href":"https:\/\/www.kdrei-2009.de\/WPKdrei\/wp-json\/wp\/v2\/pages\/1140"}],"collection":[{"href":"https:\/\/www.kdrei-2009.de\/WPKdrei\/wp-json\/wp\/v2\/pages"}],"about":[{"href":"https:\/\/www.kdrei-2009.de\/WPKdrei\/wp-json\/wp\/v2\/types\/page"}],"author":[{"embeddable":true,"href":"https:\/\/www.kdrei-2009.de\/WPKdrei\/wp-json\/wp\/v2\/users\/1"}],"replies":[{"embeddable":true,"href":"https:\/\/www.kdrei-2009.de\/WPKdrei\/wp-json\/wp\/v2\/comments?post=1140"}],"version-history":[{"count":5,"href":"https:\/\/www.kdrei-2009.de\/WPKdrei\/wp-json\/wp\/v2\/pages\/1140\/revisions"}],"predecessor-version":[{"id":1158,"href":"https:\/\/www.kdrei-2009.de\/WPKdrei\/wp-json\/wp\/v2\/pages\/1140\/revisions\/1158"}],"up":[{"embeddable":true,"href":"https:\/\/www.kdrei-2009.de\/WPKdrei\/wp-json\/wp\/v2\/pages\/365"}],"wp:attachment":[{"href":"https:\/\/www.kdrei-2009.de\/WPKdrei\/wp-json\/wp\/v2\/media?parent=1140"}],"curies":[{"name":"wp","href":"https:\/\/api.w.org\/{rel}","templated":true}]}}