{"id":1192,"date":"2010-07-14T10:19:28","date_gmt":"2010-07-14T10:19:28","guid":{"rendered":"https:\/\/www.kdrei-2009.de\/WPKdrei\/?page_id=1192"},"modified":"2016-03-16T12:26:51","modified_gmt":"2016-03-16T12:26:51","slug":"neues-vom-chris-geisler-trio","status":"publish","type":"page","link":"https:\/\/www.kdrei-2009.de\/WPKdrei\/kunst\/akustisches\/akustisches-2010\/neues-vom-chris-geisler-trio\/","title":{"rendered":"Neues vom Chris Geisler Trio"},"content":{"rendered":"<h4><span style=\"color: #808080;\">Liebe Jazzfreunde, liebe Mitbouler und alle Musikliebhaber,<\/span><\/h4>\n<h4><span style=\"color: #808080;\">am kommenden Freitag, 16. Juli habt ihr die Gelegenheit, Chris Geislers Trio in T\u00fcbingen im Bechstein Centrum zu geniesen. Wer sich in der Jazz-Szene auskennt wei\u00df, da\u00df ihn ein fantastischer Abend erwarten wird. Die Formation mit Chris Geisler, Kurt Holzk\u00e4mpfer und Bernd Settelmeyer geh\u00f6rt nun schon seit Jahren zu den vielseitigsten und kreativsten Formationen der Jazzszene.<\/span><\/h4>\n<h4><span style=\"color: #808080;\">Beginn 20.00Uhr, Bechstein Centrum T\u00fcbingen, \u00a0Konrad-Adenauer-Str. 9 gegen\u00fcber dem Regierungspr\u00e4sidium.<\/span><\/h4>\n<h4><a href=\"http:\/\/www.bechstein-centren.de\/bechstein-tuebingen\/content\/konzerte\/konzerte.php\"><span style=\"color: #808080;\"><span style=\"color: #232323;\"><span style=\"color: #808080;\">Weiter Infos hier.<\/span><\/span><\/span><\/a><\/h4>\n<p><span style=\"color: #808080;\"><span style=\"color: #232323;\"><span style=\"color: #808080;\"><a href=\"https:\/\/www.kdrei-2009.de\/WPKdrei\/wp-content\/uploads\/2010\/07\/CGT-FS-b-dupl-web.jpg\" rel=\"lightbox[1192]\"><img loading=\"lazy\" decoding=\"async\" class=\"aligncenter size-full wp-image-1193\" title=\"CGT-FS-b-dupl-web\" src=\"https:\/\/www.kdrei-2009.de\/WPKdrei\/wp-content\/uploads\/2010\/07\/CGT-FS-b-dupl-web.jpg\" alt=\"\" width=\"709\" height=\"472\" srcset=\"https:\/\/www.kdrei-2009.de\/WPKdrei\/wp-content\/uploads\/2010\/07\/CGT-FS-b-dupl-web.jpg 709w, https:\/\/www.kdrei-2009.de\/WPKdrei\/wp-content\/uploads\/2010\/07\/CGT-FS-b-dupl-web-300x199.jpg 300w\" sizes=\"(max-width: 709px) 100vw, 709px\" \/><\/a><br \/>\n<\/span><\/span><\/span><\/p>\n","protected":false},"excerpt":{"rendered":"<p>Liebe Jazzfreunde, liebe Mitbouler und alle Musikliebhaber, am kommenden Freitag, 16. Juli habt ihr die Gelegenheit, Chris Geislers Trio in T\u00fcbingen im Bechstein Centrum zu geniesen. Wer sich in der [&hellip;]<\/p>\n","protected":false},"author":1,"featured_media":0,"parent":5480,"menu_order":4,"comment_status":"open","ping_status":"open","template":"","meta":{"footnotes":""},"_links":{"self":[{"href":"https:\/\/www.kdrei-2009.de\/WPKdrei\/wp-json\/wp\/v2\/pages\/1192"}],"collection":[{"href":"https:\/\/www.kdrei-2009.de\/WPKdrei\/wp-json\/wp\/v2\/pages"}],"about":[{"href":"https:\/\/www.kdrei-2009.de\/WPKdrei\/wp-json\/wp\/v2\/types\/page"}],"author":[{"embeddable":true,"href":"https:\/\/www.kdrei-2009.de\/WPKdrei\/wp-json\/wp\/v2\/users\/1"}],"replies":[{"embeddable":true,"href":"https:\/\/www.kdrei-2009.de\/WPKdrei\/wp-json\/wp\/v2\/comments?post=1192"}],"version-history":[{"count":3,"href":"https:\/\/www.kdrei-2009.de\/WPKdrei\/wp-json\/wp\/v2\/pages\/1192\/revisions"}],"predecessor-version":[{"id":5529,"href":"https:\/\/www.kdrei-2009.de\/WPKdrei\/wp-json\/wp\/v2\/pages\/1192\/revisions\/5529"}],"up":[{"embeddable":true,"href":"https:\/\/www.kdrei-2009.de\/WPKdrei\/wp-json\/wp\/v2\/pages\/5480"}],"wp:attachment":[{"href":"https:\/\/www.kdrei-2009.de\/WPKdrei\/wp-json\/wp\/v2\/media?parent=1192"}],"curies":[{"name":"wp","href":"https:\/\/api.w.org\/{rel}","templated":true}]}}