{"id":1215,"date":"2010-07-26T12:05:54","date_gmt":"2010-07-26T12:05:54","guid":{"rendered":"https:\/\/www.kdrei-2009.de\/WPKdrei\/?page_id=1215"},"modified":"2016-03-15T11:00:41","modified_gmt":"2016-03-15T11:00:41","slug":"dorffest-2010-kdrei-war-dabei","status":"publish","type":"page","link":"https:\/\/www.kdrei-2009.de\/WPKdrei\/kultur\/kultur-2010-2\/dorffest-2010-kdrei-war-dabei\/","title":{"rendered":"Dorffest 2010, Kdrei war dabei."},"content":{"rendered":"<h4><span style=\"color: #808080;\">Das war unser erstes Dorffest in Grafenberg. Wir hatten mit unserem Bouleterrain einen &#8222;eigenen Stand&#8220;. Bewirtet haben wir nicht, gehungert werden musste aber auch nicht. Es gab eine gro\u00dfe Auswahl an gutem Essen an den St\u00e4nden der Grafenberger Vereine. \u00a0Wir haben allen interessierten Besuchern unseren Sport erkl\u00e4rt und gezeigt. Das Angebot fand regen Zuspruch und der Spassfaktor bei allen &#8222;Neu-Boulisten&#8220; war riesengro\u00df. Das Spiel mit Schweinchen und Eisenkugeln begeisterte Jung und Alt. Wir sind gespannt, wer sich Dienstags zu uns gesellt, um seine Technik weiter zu verfeinern. Auch G\u00e4ste der Partnergemeinde Puiseux-en-France, n\u00f6rdlich von Paris, waren anwesend und spielten ein franz\u00f6sich-englisches Triplette gegen eine Kdrei Auswahl. Wir wollen aus Gr\u00fcnden der H\u00f6flichkeit und \u00a0Gastfreundschaft kein Ergebnis nennen. Beim anschliessenden Pastis wurde noch gefachsimpelt, gescherzt und gelacht. Ein echtes Highlight auf unserem Stand war die Ank\u00fcndigung eines echten Veranstaltungshighlights. <a href=\"https:\/\/www.kdrei-2009.de\/WPKdrei\/?page_id=1238\">Unser Kochkurs mit Starkoch Ralf Jakumeit von den ROCKING CHEFS.<\/a><\/span><\/h4>\n<p><span style=\"color: #808080;\"><a href=\"https:\/\/www.kdrei-2009.de\/WPKdrei\/wp-content\/uploads\/2010\/07\/K3-Dorffest10072we_05.jpg\" rel=\"lightbox[1215]\"><img loading=\"lazy\" decoding=\"async\" class=\"aligncenter size-full wp-image-1217\" title=\"K3-Dorffest10072we_05\" src=\"https:\/\/www.kdrei-2009.de\/WPKdrei\/wp-content\/uploads\/2010\/07\/K3-Dorffest10072we_05.jpg\" alt=\"\" width=\"709\" height=\"318\" srcset=\"https:\/\/www.kdrei-2009.de\/WPKdrei\/wp-content\/uploads\/2010\/07\/K3-Dorffest10072we_05.jpg 709w, https:\/\/www.kdrei-2009.de\/WPKdrei\/wp-content\/uploads\/2010\/07\/K3-Dorffest10072we_05-300x134.jpg 300w\" sizes=\"(max-width: 709px) 100vw, 709px\" \/><\/a><a href=\"https:\/\/www.kdrei-2009.de\/WPKdrei\/wp-content\/uploads\/2010\/07\/K3-Dorffest10072web_02.jpg\" rel=\"lightbox[1215]\"><img loading=\"lazy\" decoding=\"async\" class=\"aligncenter size-full wp-image-1218\" title=\"K3-Dorffest10072web_02\" src=\"https:\/\/www.kdrei-2009.de\/WPKdrei\/wp-content\/uploads\/2010\/07\/K3-Dorffest10072web_02.jpg\" alt=\"\" width=\"709\" height=\"521\" srcset=\"https:\/\/www.kdrei-2009.de\/WPKdrei\/wp-content\/uploads\/2010\/07\/K3-Dorffest10072web_02.jpg 709w, https:\/\/www.kdrei-2009.de\/WPKdrei\/wp-content\/uploads\/2010\/07\/K3-Dorffest10072web_02-300x220.jpg 300w\" sizes=\"(max-width: 709px) 100vw, 709px\" \/><\/a><a href=\"https:\/\/www.kdrei-2009.de\/WPKdrei\/wp-content\/uploads\/2010\/07\/K3-Dorffest10072web_03.jpg\" rel=\"lightbox[1215]\"><img loading=\"lazy\" decoding=\"async\" class=\"aligncenter size-full wp-image-1219\" title=\"K3-Dorffest10072web_03\" src=\"https:\/\/www.kdrei-2009.de\/WPKdrei\/wp-content\/uploads\/2010\/07\/K3-Dorffest10072web_03.jpg\" alt=\"\" width=\"709\" height=\"573\" srcset=\"https:\/\/www.kdrei-2009.de\/WPKdrei\/wp-content\/uploads\/2010\/07\/K3-Dorffest10072web_03.jpg 709w, https:\/\/www.kdrei-2009.de\/WPKdrei\/wp-content\/uploads\/2010\/07\/K3-Dorffest10072web_03-300x242.jpg 300w\" sizes=\"(max-width: 709px) 100vw, 709px\" \/><\/a><a href=\"https:\/\/www.kdrei-2009.de\/WPKdrei\/wp-content\/uploads\/2010\/07\/K3-Dorffest10072web_06.jpg\" rel=\"lightbox[1215]\"><img loading=\"lazy\" decoding=\"async\" class=\"aligncenter size-full wp-image-1221\" title=\"K3-Dorffest10072web_06\" src=\"https:\/\/www.kdrei-2009.de\/WPKdrei\/wp-content\/uploads\/2010\/07\/K3-Dorffest10072web_06.jpg\" alt=\"\" width=\"709\" height=\"674\" srcset=\"https:\/\/www.kdrei-2009.de\/WPKdrei\/wp-content\/uploads\/2010\/07\/K3-Dorffest10072web_06.jpg 709w, https:\/\/www.kdrei-2009.de\/WPKdrei\/wp-content\/uploads\/2010\/07\/K3-Dorffest10072web_06-300x285.jpg 300w\" sizes=\"(max-width: 709px) 100vw, 709px\" \/><\/a><a href=\"https:\/\/www.kdrei-2009.de\/WPKdrei\/wp-content\/uploads\/2010\/07\/K3-Dorffest10072web_08.jpg\" rel=\"lightbox[1215]\"><img loading=\"lazy\" decoding=\"async\" class=\"aligncenter size-full wp-image-1222\" title=\"K3-Dorffest10072web_08\" src=\"https:\/\/www.kdrei-2009.de\/WPKdrei\/wp-content\/uploads\/2010\/07\/K3-Dorffest10072web_08.jpg\" alt=\"\" width=\"709\" height=\"362\" srcset=\"https:\/\/www.kdrei-2009.de\/WPKdrei\/wp-content\/uploads\/2010\/07\/K3-Dorffest10072web_08.jpg 709w, https:\/\/www.kdrei-2009.de\/WPKdrei\/wp-content\/uploads\/2010\/07\/K3-Dorffest10072web_08-300x153.jpg 300w\" sizes=\"(max-width: 709px) 100vw, 709px\" \/><\/a><a href=\"https:\/\/www.kdrei-2009.de\/WPKdrei\/wp-content\/uploads\/2010\/07\/K3-Dorffest10072web_10.jpg\" rel=\"lightbox[1215]\"><img loading=\"lazy\" decoding=\"async\" class=\"aligncenter size-full wp-image-1223\" title=\"K3-Dorffest10072web_10\" src=\"https:\/\/www.kdrei-2009.de\/WPKdrei\/wp-content\/uploads\/2010\/07\/K3-Dorffest10072web_10.jpg\" alt=\"\" width=\"709\" height=\"444\" srcset=\"https:\/\/www.kdrei-2009.de\/WPKdrei\/wp-content\/uploads\/2010\/07\/K3-Dorffest10072web_10.jpg 709w, https:\/\/www.kdrei-2009.de\/WPKdrei\/wp-content\/uploads\/2010\/07\/K3-Dorffest10072web_10-300x187.jpg 300w\" sizes=\"(max-width: 709px) 100vw, 709px\" \/><\/a><a href=\"https:\/\/www.kdrei-2009.de\/WPKdrei\/wp-content\/uploads\/2010\/07\/K3-Dorffest10072web_11.jpg\" rel=\"lightbox[1215]\"><img loading=\"lazy\" decoding=\"async\" class=\"aligncenter size-full wp-image-1224\" title=\"K3-Dorffest10072web_11\" src=\"https:\/\/www.kdrei-2009.de\/WPKdrei\/wp-content\/uploads\/2010\/07\/K3-Dorffest10072web_11.jpg\" alt=\"\" width=\"709\" height=\"491\" srcset=\"https:\/\/www.kdrei-2009.de\/WPKdrei\/wp-content\/uploads\/2010\/07\/K3-Dorffest10072web_11.jpg 709w, https:\/\/www.kdrei-2009.de\/WPKdrei\/wp-content\/uploads\/2010\/07\/K3-Dorffest10072web_11-300x207.jpg 300w\" sizes=\"(max-width: 709px) 100vw, 709px\" \/><\/a><a href=\"https:\/\/www.kdrei-2009.de\/WPKdrei\/wp-content\/uploads\/2010\/07\/K3-Dorffest10072web_13.jpg\" rel=\"lightbox[1215]\"><img loading=\"lazy\" decoding=\"async\" class=\"aligncenter size-full wp-image-1225\" title=\"K3-Dorffest10072web_13\" src=\"https:\/\/www.kdrei-2009.de\/WPKdrei\/wp-content\/uploads\/2010\/07\/K3-Dorffest10072web_13.jpg\" alt=\"\" width=\"709\" height=\"379\" srcset=\"https:\/\/www.kdrei-2009.de\/WPKdrei\/wp-content\/uploads\/2010\/07\/K3-Dorffest10072web_13.jpg 709w, https:\/\/www.kdrei-2009.de\/WPKdrei\/wp-content\/uploads\/2010\/07\/K3-Dorffest10072web_13-300x160.jpg 300w\" sizes=\"(max-width: 709px) 100vw, 709px\" \/><\/a><a href=\"https:\/\/www.kdrei-2009.de\/WPKdrei\/wp-content\/uploads\/2010\/07\/K3-Dorffest10072web_14.jpg\" rel=\"lightbox[1215]\"><img loading=\"lazy\" decoding=\"async\" class=\"aligncenter size-full wp-image-1226\" title=\"K3-Dorffest10072web_14\" src=\"https:\/\/www.kdrei-2009.de\/WPKdrei\/wp-content\/uploads\/2010\/07\/K3-Dorffest10072web_14.jpg\" alt=\"\" width=\"709\" height=\"333\" srcset=\"https:\/\/www.kdrei-2009.de\/WPKdrei\/wp-content\/uploads\/2010\/07\/K3-Dorffest10072web_14.jpg 709w, https:\/\/www.kdrei-2009.de\/WPKdrei\/wp-content\/uploads\/2010\/07\/K3-Dorffest10072web_14-300x140.jpg 300w\" sizes=\"(max-width: 709px) 100vw, 709px\" \/><\/a><a href=\"https:\/\/www.kdrei-2009.de\/WPKdrei\/wp-content\/uploads\/2010\/07\/K3-Dorffest10072web_15.jpg\" rel=\"lightbox[1215]\"><img loading=\"lazy\" decoding=\"async\" class=\"aligncenter size-full wp-image-1227\" title=\"K3-Dorffest10072web_15\" src=\"https:\/\/www.kdrei-2009.de\/WPKdrei\/wp-content\/uploads\/2010\/07\/K3-Dorffest10072web_15.jpg\" alt=\"\" width=\"709\" height=\"393\" srcset=\"https:\/\/www.kdrei-2009.de\/WPKdrei\/wp-content\/uploads\/2010\/07\/K3-Dorffest10072web_15.jpg 709w, https:\/\/www.kdrei-2009.de\/WPKdrei\/wp-content\/uploads\/2010\/07\/K3-Dorffest10072web_15-300x166.jpg 300w\" sizes=\"(max-width: 709px) 100vw, 709px\" \/><\/a><a href=\"https:\/\/www.kdrei-2009.de\/WPKdrei\/wp-content\/uploads\/2010\/07\/K3-Dorffest10072web_16.jpg\" rel=\"lightbox[1215]\"><img loading=\"lazy\" decoding=\"async\" class=\"aligncenter size-full wp-image-1228\" title=\"K3-Dorffest10072web_16\" src=\"https:\/\/www.kdrei-2009.de\/WPKdrei\/wp-content\/uploads\/2010\/07\/K3-Dorffest10072web_16.jpg\" alt=\"\" width=\"709\" height=\"556\" srcset=\"https:\/\/www.kdrei-2009.de\/WPKdrei\/wp-content\/uploads\/2010\/07\/K3-Dorffest10072web_16.jpg 709w, https:\/\/www.kdrei-2009.de\/WPKdrei\/wp-content\/uploads\/2010\/07\/K3-Dorffest10072web_16-300x235.jpg 300w\" sizes=\"(max-width: 709px) 100vw, 709px\" \/><\/a><a href=\"https:\/\/www.kdrei-2009.de\/WPKdrei\/wp-content\/uploads\/2010\/07\/K3-Dorffest10072web_17.jpg\" rel=\"lightbox[1215]\"><img loading=\"lazy\" decoding=\"async\" class=\"aligncenter size-full wp-image-1229\" title=\"K3-Dorffest10072web_17\" src=\"https:\/\/www.kdrei-2009.de\/WPKdrei\/wp-content\/uploads\/2010\/07\/K3-Dorffest10072web_17.jpg\" alt=\"\" width=\"709\" height=\"470\" srcset=\"https:\/\/www.kdrei-2009.de\/WPKdrei\/wp-content\/uploads\/2010\/07\/K3-Dorffest10072web_17.jpg 709w, https:\/\/www.kdrei-2009.de\/WPKdrei\/wp-content\/uploads\/2010\/07\/K3-Dorffest10072web_17-300x198.jpg 300w\" sizes=\"(max-width: 709px) 100vw, 709px\" \/><\/a><a href=\"https:\/\/www.kdrei-2009.de\/WPKdrei\/wp-content\/uploads\/2010\/07\/K3-Dorffest10072web_18.jpg\" rel=\"lightbox[1215]\"><img loading=\"lazy\" decoding=\"async\" class=\"aligncenter size-full wp-image-1230\" title=\"K3-Dorffest10072web_18\" src=\"https:\/\/www.kdrei-2009.de\/WPKdrei\/wp-content\/uploads\/2010\/07\/K3-Dorffest10072web_18.jpg\" alt=\"\" width=\"709\" height=\"396\" srcset=\"https:\/\/www.kdrei-2009.de\/WPKdrei\/wp-content\/uploads\/2010\/07\/K3-Dorffest10072web_18.jpg 709w, https:\/\/www.kdrei-2009.de\/WPKdrei\/wp-content\/uploads\/2010\/07\/K3-Dorffest10072web_18-300x167.jpg 300w\" sizes=\"(max-width: 709px) 100vw, 709px\" \/><\/a><a href=\"https:\/\/www.kdrei-2009.de\/WPKdrei\/wp-content\/uploads\/2010\/07\/K3-Dorffest10072web_19.jpg\" rel=\"lightbox[1215]\"><img loading=\"lazy\" decoding=\"async\" class=\"aligncenter size-full wp-image-1231\" title=\"K3-Dorffest10072web_19\" src=\"https:\/\/www.kdrei-2009.de\/WPKdrei\/wp-content\/uploads\/2010\/07\/K3-Dorffest10072web_19.jpg\" alt=\"\" width=\"709\" height=\"507\" srcset=\"https:\/\/www.kdrei-2009.de\/WPKdrei\/wp-content\/uploads\/2010\/07\/K3-Dorffest10072web_19.jpg 709w, https:\/\/www.kdrei-2009.de\/WPKdrei\/wp-content\/uploads\/2010\/07\/K3-Dorffest10072web_19-300x214.jpg 300w\" sizes=\"(max-width: 709px) 100vw, 709px\" \/><\/a><a href=\"https:\/\/www.kdrei-2009.de\/WPKdrei\/wp-content\/uploads\/2010\/07\/K3-Dorffest10072web_22.jpg\" rel=\"lightbox[1215]\"><img loading=\"lazy\" decoding=\"async\" class=\"aligncenter size-full wp-image-1232\" title=\"K3-Dorffest10072web_22\" src=\"https:\/\/www.kdrei-2009.de\/WPKdrei\/wp-content\/uploads\/2010\/07\/K3-Dorffest10072web_22.jpg\" alt=\"\" width=\"709\" height=\"591\" srcset=\"https:\/\/www.kdrei-2009.de\/WPKdrei\/wp-content\/uploads\/2010\/07\/K3-Dorffest10072web_22.jpg 709w, https:\/\/www.kdrei-2009.de\/WPKdrei\/wp-content\/uploads\/2010\/07\/K3-Dorffest10072web_22-300x250.jpg 300w\" sizes=\"(max-width: 709px) 100vw, 709px\" \/><\/a><a href=\"https:\/\/www.kdrei-2009.de\/WPKdrei\/wp-content\/uploads\/2010\/07\/K3-Dorffest10072web_26.jpg\" rel=\"lightbox[1215]\"><img loading=\"lazy\" decoding=\"async\" class=\"aligncenter size-full wp-image-1233\" title=\"K3-Dorffest10072web_26\" src=\"https:\/\/www.kdrei-2009.de\/WPKdrei\/wp-content\/uploads\/2010\/07\/K3-Dorffest10072web_26.jpg\" alt=\"\" width=\"709\" height=\"695\" srcset=\"https:\/\/www.kdrei-2009.de\/WPKdrei\/wp-content\/uploads\/2010\/07\/K3-Dorffest10072web_26.jpg 709w, https:\/\/www.kdrei-2009.de\/WPKdrei\/wp-content\/uploads\/2010\/07\/K3-Dorffest10072web_26-300x294.jpg 300w\" sizes=\"(max-width: 709px) 100vw, 709px\" \/><\/a><a href=\"https:\/\/www.kdrei-2009.de\/WPKdrei\/wp-content\/uploads\/2010\/07\/K3-Dorffest10072web-23.jpg\" rel=\"lightbox[1215]\"><img loading=\"lazy\" decoding=\"async\" class=\"aligncenter size-full wp-image-1234\" title=\"K3-Dorffest10072web-23\" src=\"https:\/\/www.kdrei-2009.de\/WPKdrei\/wp-content\/uploads\/2010\/07\/K3-Dorffest10072web-23.jpg\" alt=\"\" width=\"709\" height=\"461\" srcset=\"https:\/\/www.kdrei-2009.de\/WPKdrei\/wp-content\/uploads\/2010\/07\/K3-Dorffest10072web-23.jpg 709w, https:\/\/www.kdrei-2009.de\/WPKdrei\/wp-content\/uploads\/2010\/07\/K3-Dorffest10072web-23-300x195.jpg 300w\" sizes=\"(max-width: 709px) 100vw, 709px\" \/><\/a><a href=\"https:\/\/www.kdrei-2009.de\/WPKdrei\/?page_id=1238\"><img loading=\"lazy\" decoding=\"async\" class=\"aligncenter size-full wp-image-1235\" title=\"K3-KK-Plakat_1007web-01\" src=\"https:\/\/www.kdrei-2009.de\/WPKdrei\/wp-content\/uploads\/2010\/07\/K3-KK-Plakat_1007web-01.jpg\" alt=\"\" width=\"709\" height=\"501\" srcset=\"https:\/\/www.kdrei-2009.de\/WPKdrei\/wp-content\/uploads\/2010\/07\/K3-KK-Plakat_1007web-01.jpg 709w, https:\/\/www.kdrei-2009.de\/WPKdrei\/wp-content\/uploads\/2010\/07\/K3-KK-Plakat_1007web-01-300x211.jpg 300w\" sizes=\"(max-width: 709px) 100vw, 709px\" \/><\/a><br \/>\n<\/span><\/p>\n","protected":false},"excerpt":{"rendered":"<p>Das war unser erstes Dorffest in Grafenberg. Wir hatten mit unserem Bouleterrain einen &#8222;eigenen Stand&#8220;. Bewirtet haben wir nicht, gehungert werden musste aber auch nicht. Es gab eine gro\u00dfe Auswahl [&hellip;]<\/p>\n","protected":false},"author":1,"featured_media":0,"parent":5279,"menu_order":13,"comment_status":"open","ping_status":"open","template":"","meta":{"footnotes":""},"_links":{"self":[{"href":"https:\/\/www.kdrei-2009.de\/WPKdrei\/wp-json\/wp\/v2\/pages\/1215"}],"collection":[{"href":"https:\/\/www.kdrei-2009.de\/WPKdrei\/wp-json\/wp\/v2\/pages"}],"about":[{"href":"https:\/\/www.kdrei-2009.de\/WPKdrei\/wp-json\/wp\/v2\/types\/page"}],"author":[{"embeddable":true,"href":"https:\/\/www.kdrei-2009.de\/WPKdrei\/wp-json\/wp\/v2\/users\/1"}],"replies":[{"embeddable":true,"href":"https:\/\/www.kdrei-2009.de\/WPKdrei\/wp-json\/wp\/v2\/comments?post=1215"}],"version-history":[{"count":6,"href":"https:\/\/www.kdrei-2009.de\/WPKdrei\/wp-json\/wp\/v2\/pages\/1215\/revisions"}],"predecessor-version":[{"id":1259,"href":"https:\/\/www.kdrei-2009.de\/WPKdrei\/wp-json\/wp\/v2\/pages\/1215\/revisions\/1259"}],"up":[{"embeddable":true,"href":"https:\/\/www.kdrei-2009.de\/WPKdrei\/wp-json\/wp\/v2\/pages\/5279"}],"wp:attachment":[{"href":"https:\/\/www.kdrei-2009.de\/WPKdrei\/wp-json\/wp\/v2\/media?parent=1215"}],"curies":[{"name":"wp","href":"https:\/\/api.w.org\/{rel}","templated":true}]}}