{"id":1887,"date":"2011-07-05T08:11:08","date_gmt":"2011-07-05T08:11:08","guid":{"rendered":"https:\/\/www.kdrei-2009.de\/WPKdrei\/?page_id=1887"},"modified":"2011-07-05T08:29:47","modified_gmt":"2011-07-05T08:29:47","slug":"letzter-zahnezeigetag-in-ruit","status":"publish","type":"page","link":"https:\/\/www.kdrei-2009.de\/WPKdrei\/kugelsport-2\/kugelsport-2011\/liga-2011\/letzter-zahnezeigetag-in-ruit\/","title":{"rendered":"Letzter Z\u00e4hnezeigetag in Ruit"},"content":{"rendered":"<h4><span style=\"color: #808080;\">Anfang Juli 2011 und schon alles vorbei??? Ja das ist wahr. Nach 4 Spieltagen ist die Ligasaison bereits wieder Vergangenheit. Kdrei hat sich nochmals motiviert und freut sich mit 2 gewonnenen Begegnungen gegen Aichelberg und Ruit \u00fcber \u00a0eine sch\u00f6nen Spieltag, viel Spass und den 2. Tabellenplatz. Gl\u00fcckwunsch an den Aufsteiger, unser Mitgef\u00fchl ist beim Absteiger, unseren Boulefreunden aus Aichelberg. Alle anderen Tabellenpl\u00e4tze wollen wir nicht kommentieren. Wir freuen uns schon auf die n\u00e4chste Saison mit allen. Herzlichen Dank an unseren Staffelleiter Thomas Brinkmann und nat\u00fcrlich J\u00f6rg Rissmann, unseren Ligaleiter, der ab der n\u00e4chsten Saison in andere Gefilde wechseln wird. Viel Spass dort und immer eine Kugel an der Sau, lieber J\u00f6rg.<\/span><\/h4>\n<h4><span style=\"color: #808080;\">Kommen wir zu den Bildbeitr\u00e4gen. <\/span><strong>(2 Bilder von Frank Naumann. Herzlichen Dank. )<\/strong><\/h4>\n<p><span style=\"color: #808080;\"><a href=\"https:\/\/www.kdrei-2009.de\/WPKdrei\/wp-content\/uploads\/2011\/07\/Tabelle-LLNA-ST4web.jpg\" rel=\"lightbox[1887]\"><img loading=\"lazy\" decoding=\"async\" class=\"alignleft size-medium wp-image-1882\" title=\"Formatierte Tabellen\" src=\"https:\/\/www.kdrei-2009.de\/WPKdrei\/wp-content\/uploads\/2011\/07\/Tabelle-LLNA-ST4web-270x300.jpg\" alt=\"\" width=\"270\" height=\"300\" srcset=\"https:\/\/www.kdrei-2009.de\/WPKdrei\/wp-content\/uploads\/2011\/07\/Tabelle-LLNA-ST4web-270x300.jpg 270w, https:\/\/www.kdrei-2009.de\/WPKdrei\/wp-content\/uploads\/2011\/07\/Tabelle-LLNA-ST4web.jpg 502w\" sizes=\"(max-width: 270px) 100vw, 270px\" \/><\/a><\/span><\/p>\n<p><span style=\"color: #808080;\"><span style=\"color: #232323;\"><br \/>\n<\/span><\/span><\/p>\n<div id=\"attachment_1884\" style=\"width: 310px\" class=\"wp-caption alignleft\"><a href=\"https:\/\/www.kdrei-2009.de\/WPKdrei\/wp-content\/uploads\/2011\/07\/K3-liga_110702ru_03a.jpg\" rel=\"lightbox[1887]\"><img loading=\"lazy\" decoding=\"async\" aria-describedby=\"caption-attachment-1884\" class=\"size-medium wp-image-1884\" title=\"K3-liga_110702ru_03a\" src=\"https:\/\/www.kdrei-2009.de\/WPKdrei\/wp-content\/uploads\/2011\/07\/K3-liga_110702ru_03a-300x300.jpg\" alt=\"\" width=\"300\" height=\"300\" srcset=\"https:\/\/www.kdrei-2009.de\/WPKdrei\/wp-content\/uploads\/2011\/07\/K3-liga_110702ru_03a-300x300.jpg 300w, https:\/\/www.kdrei-2009.de\/WPKdrei\/wp-content\/uploads\/2011\/07\/K3-liga_110702ru_03a-150x150.jpg 150w, https:\/\/www.kdrei-2009.de\/WPKdrei\/wp-content\/uploads\/2011\/07\/K3-liga_110702ru_03a.jpg 567w\" sizes=\"(max-width: 300px) 100vw, 300px\" \/><\/a><p id=\"caption-attachment-1884\" class=\"wp-caption-text\">Kdrei zeigt Z\u00e4hne. Auch hier hat die Mannschaft nichts zu verbergen. Alles in Schuss.<\/p><\/div>\n<p><span style=\"color: #808080;\"><br \/>\n<\/span><\/p>\n<div id=\"attachment_1881\" style=\"width: 310px\" class=\"wp-caption alignleft\"><a href=\"https:\/\/www.kdrei-2009.de\/WPKdrei\/wp-content\/uploads\/2011\/07\/IMG_5592f.naumannweb.jpg\" rel=\"lightbox[1887]\"><img loading=\"lazy\" decoding=\"async\" aria-describedby=\"caption-attachment-1881\" class=\"size-medium wp-image-1881\" title=\"IMG_5592f.naumannweb\" src=\"https:\/\/www.kdrei-2009.de\/WPKdrei\/wp-content\/uploads\/2011\/07\/IMG_5592f.naumannweb-300x221.jpg\" alt=\"\" width=\"300\" height=\"221\" srcset=\"https:\/\/www.kdrei-2009.de\/WPKdrei\/wp-content\/uploads\/2011\/07\/IMG_5592f.naumannweb-300x221.jpg 300w, https:\/\/www.kdrei-2009.de\/WPKdrei\/wp-content\/uploads\/2011\/07\/IMG_5592f.naumannweb.jpg 567w\" sizes=\"(max-width: 300px) 100vw, 300px\" \/><\/a><p id=\"caption-attachment-1881\" class=\"wp-caption-text\">Unsere Ligachefs nehmen Gl\u00fcckw\u00fcnsche und andere Sachen entgegen.<\/p><\/div>\n<div id=\"attachment_1889\" style=\"width: 310px\" class=\"wp-caption alignleft\"><a href=\"https:\/\/www.kdrei-2009.de\/WPKdrei\/wp-content\/uploads\/2011\/07\/IMG_5590f.naumannweb.jpg\" rel=\"lightbox[1887]\"><img loading=\"lazy\" decoding=\"async\" aria-describedby=\"caption-attachment-1889\" class=\"size-medium wp-image-1889\" title=\"IMG_5590f.naumannweb\" src=\"https:\/\/www.kdrei-2009.de\/WPKdrei\/wp-content\/uploads\/2011\/07\/IMG_5590f.naumannweb-300x285.jpg\" alt=\"\" width=\"300\" height=\"285\" srcset=\"https:\/\/www.kdrei-2009.de\/WPKdrei\/wp-content\/uploads\/2011\/07\/IMG_5590f.naumannweb-300x285.jpg 300w, https:\/\/www.kdrei-2009.de\/WPKdrei\/wp-content\/uploads\/2011\/07\/IMG_5590f.naumannweb.jpg 567w\" sizes=\"(max-width: 300px) 100vw, 300px\" \/><\/a><p id=\"caption-attachment-1889\" class=\"wp-caption-text\">Es waren einfach zu viele Pokale....<\/p><\/div>\n","protected":false},"excerpt":{"rendered":"<p>Anfang Juli 2011 und schon alles vorbei??? Ja das ist wahr. Nach 4 Spieltagen ist die Ligasaison bereits wieder Vergangenheit. Kdrei hat sich nochmals motiviert und freut sich mit 2 [&hellip;]<\/p>\n","protected":false},"author":1,"featured_media":0,"parent":1784,"menu_order":0,"comment_status":"open","ping_status":"open","template":"","meta":{"footnotes":""},"_links":{"self":[{"href":"https:\/\/www.kdrei-2009.de\/WPKdrei\/wp-json\/wp\/v2\/pages\/1887"}],"collection":[{"href":"https:\/\/www.kdrei-2009.de\/WPKdrei\/wp-json\/wp\/v2\/pages"}],"about":[{"href":"https:\/\/www.kdrei-2009.de\/WPKdrei\/wp-json\/wp\/v2\/types\/page"}],"author":[{"embeddable":true,"href":"https:\/\/www.kdrei-2009.de\/WPKdrei\/wp-json\/wp\/v2\/users\/1"}],"replies":[{"embeddable":true,"href":"https:\/\/www.kdrei-2009.de\/WPKdrei\/wp-json\/wp\/v2\/comments?post=1887"}],"version-history":[{"count":7,"href":"https:\/\/www.kdrei-2009.de\/WPKdrei\/wp-json\/wp\/v2\/pages\/1887\/revisions"}],"predecessor-version":[{"id":1904,"href":"https:\/\/www.kdrei-2009.de\/WPKdrei\/wp-json\/wp\/v2\/pages\/1887\/revisions\/1904"}],"up":[{"embeddable":true,"href":"https:\/\/www.kdrei-2009.de\/WPKdrei\/wp-json\/wp\/v2\/pages\/1784"}],"wp:attachment":[{"href":"https:\/\/www.kdrei-2009.de\/WPKdrei\/wp-json\/wp\/v2\/media?parent=1887"}],"curies":[{"name":"wp","href":"https:\/\/api.w.org\/{rel}","templated":true}]}}