{"id":1954,"date":"2011-07-25T12:46:02","date_gmt":"2011-07-25T12:46:02","guid":{"rendered":"https:\/\/www.kdrei-2009.de\/WPKdrei\/?page_id=1954"},"modified":"2016-03-15T11:05:35","modified_gmt":"2016-03-15T11:05:35","slug":"dorffest-2011","status":"publish","type":"page","link":"https:\/\/www.kdrei-2009.de\/WPKdrei\/kultur\/kultur-2011\/dorffest-2011\/","title":{"rendered":"Dorffest 2011"},"content":{"rendered":"<h4><span style=\"color: #808080;\">Wie im vergangenen Jahr hat sich Kdrei wieder am Dorffest beteiligt. Regen beim Zeltaufbau ist schon Kult. Sobald der LKW-Zug donnerstags auf dem Gel\u00e4nde steht, regnet es eigentlich auch schon. Trotzdem immer wieder eine am\u00fcsante Angelegenheit. Sonntags dann gewohntes Programm mit Boule-Spass f\u00fcr alle Interessierten. Anschliessend netter Ausklang an der Pilsbar. Wir freuen uns schon auf das n\u00e4chste Jahr.<\/span><\/h4>\n<p><span style=\"color: #808080;\"><a href=\"https:\/\/www.kdrei-2009.de\/WPKdrei\/wp-content\/uploads\/2011\/07\/K3-Dorffest2011_01web.jpg\" rel=\"lightbox[1954]\"><img loading=\"lazy\" decoding=\"async\" class=\"alignleft size-full wp-image-1956\" title=\"K3-Dorffest2011_01web\" src=\"https:\/\/www.kdrei-2009.de\/WPKdrei\/wp-content\/uploads\/2011\/07\/K3-Dorffest2011_01web.jpg\" alt=\"\" width=\"567\" height=\"425\" srcset=\"https:\/\/www.kdrei-2009.de\/WPKdrei\/wp-content\/uploads\/2011\/07\/K3-Dorffest2011_01web.jpg 567w, https:\/\/www.kdrei-2009.de\/WPKdrei\/wp-content\/uploads\/2011\/07\/K3-Dorffest2011_01web-300x224.jpg 300w\" sizes=\"(max-width: 567px) 100vw, 567px\" \/><\/a><\/span><\/p>\n<p><a href=\"https:\/\/www.kdrei-2009.de\/WPKdrei\/wp-content\/uploads\/2011\/07\/K3-Dorffest2011_02web.jpg\" rel=\"lightbox[1954]\"><img loading=\"lazy\" decoding=\"async\" class=\"aligncenter size-full wp-image-1957\" title=\"K3-Dorffest2011_02web\" src=\"https:\/\/www.kdrei-2009.de\/WPKdrei\/wp-content\/uploads\/2011\/07\/K3-Dorffest2011_02web.jpg\" alt=\"\" width=\"567\" height=\"425\" srcset=\"https:\/\/www.kdrei-2009.de\/WPKdrei\/wp-content\/uploads\/2011\/07\/K3-Dorffest2011_02web.jpg 567w, https:\/\/www.kdrei-2009.de\/WPKdrei\/wp-content\/uploads\/2011\/07\/K3-Dorffest2011_02web-300x224.jpg 300w\" sizes=\"(max-width: 567px) 100vw, 567px\" \/><\/a><\/p>\n<p><span style=\"color: #808080;\"><br \/>\n<\/span><\/p>\n","protected":false},"excerpt":{"rendered":"<p>Wie im vergangenen Jahr hat sich Kdrei wieder am Dorffest beteiligt. Regen beim Zeltaufbau ist schon Kult. Sobald der LKW-Zug donnerstags auf dem Gel\u00e4nde steht, regnet es eigentlich auch schon. [&hellip;]<\/p>\n","protected":false},"author":1,"featured_media":0,"parent":5283,"menu_order":0,"comment_status":"open","ping_status":"open","template":"","meta":{"footnotes":""},"_links":{"self":[{"href":"https:\/\/www.kdrei-2009.de\/WPKdrei\/wp-json\/wp\/v2\/pages\/1954"}],"collection":[{"href":"https:\/\/www.kdrei-2009.de\/WPKdrei\/wp-json\/wp\/v2\/pages"}],"about":[{"href":"https:\/\/www.kdrei-2009.de\/WPKdrei\/wp-json\/wp\/v2\/types\/page"}],"author":[{"embeddable":true,"href":"https:\/\/www.kdrei-2009.de\/WPKdrei\/wp-json\/wp\/v2\/users\/1"}],"replies":[{"embeddable":true,"href":"https:\/\/www.kdrei-2009.de\/WPKdrei\/wp-json\/wp\/v2\/comments?post=1954"}],"version-history":[{"count":4,"href":"https:\/\/www.kdrei-2009.de\/WPKdrei\/wp-json\/wp\/v2\/pages\/1954\/revisions"}],"predecessor-version":[{"id":5365,"href":"https:\/\/www.kdrei-2009.de\/WPKdrei\/wp-json\/wp\/v2\/pages\/1954\/revisions\/5365"}],"up":[{"embeddable":true,"href":"https:\/\/www.kdrei-2009.de\/WPKdrei\/wp-json\/wp\/v2\/pages\/5283"}],"wp:attachment":[{"href":"https:\/\/www.kdrei-2009.de\/WPKdrei\/wp-json\/wp\/v2\/media?parent=1954"}],"curies":[{"name":"wp","href":"https:\/\/api.w.org\/{rel}","templated":true}]}}

<h4><span style="color: #808080;">Wie im vergangenen Jahr hat sich Kdrei wieder am Dorffest beteiligt. Regen beim Zeltaufbau ist schon Kult. Sobald der LKW-Zug donnerstags auf dem Gelände steht, regnet es eigentlich auch schon. Trotzdem immer wieder eine amüsante Angelegenheit. Sonntags dann gewohntes Programm mit Boule-Spass für alle Interessierten. Anschliessend netter Ausklang an der Pilsbar. Wir freuen uns schon auf das nächste Jahr.</span></h4>
<p><span style="color: #808080;"><a href="https://www.kdrei-2009.de/WPKdrei/wp-content/uploads/2011/07/K3-Dorffest2011_01web.jpg" rel="lightbox[1954]"><img loading="lazy" decoding="async" class="alignleft size-full wp-image-1956" title="K3-Dorffest2011_01web" src="https://www.kdrei-2009.de/WPKdrei/wp-content/uploads/2011/07/K3-Dorffest2011_01web.jpg" alt="" width="567" height="425" srcset="https://www.kdrei-2009.de/WPKdrei/wp-content/uploads/2011/07/K3-Dorffest2011_01web.jpg 567w, https://www.kdrei-2009.de/WPKdrei/wp-content/uploads/2011/07/K3-Dorffest2011_01web-300x224.jpg 300w" sizes="(max-width: 567px) 100vw, 567px" /></a></span></p>
<p><a href="https://www.kdrei-2009.de/WPKdrei/wp-content/uploads/2011/07/K3-Dorffest2011_02web.jpg" rel="lightbox[1954]"><img loading="lazy" decoding="async" class="aligncenter size-full wp-image-1957" title="K3-Dorffest2011_02web" src="https://www.kdrei-2009.de/WPKdrei/wp-content/uploads/2011/07/K3-Dorffest2011_02web.jpg" alt="" width="567" height="425" srcset="https://www.kdrei-2009.de/WPKdrei/wp-content/uploads/2011/07/K3-Dorffest2011_02web.jpg 567w, https://www.kdrei-2009.de/WPKdrei/wp-content/uploads/2011/07/K3-Dorffest2011_02web-300x224.jpg 300w" sizes="(max-width: 567px) 100vw, 567px" /></a></p>
<p><span style="color: #808080;"><br />
</span></p>

<p>Wie im vergangenen Jahr hat sich Kdrei wieder am Dorffest beteiligt. Regen beim Zeltaufbau ist schon Kult. Sobald der LKW-Zug donnerstags auf dem Gelände steht, regnet es eigentlich auch schon. [&hellip;]</p>
