{"id":2445,"date":"2012-02-15T15:28:16","date_gmt":"2012-02-15T15:28:16","guid":{"rendered":"https:\/\/www.kdrei-2009.de\/WPKdrei\/?page_id=2445"},"modified":"2016-03-15T11:30:40","modified_gmt":"2016-03-15T11:30:40","slug":"liga-2012-2","status":"publish","type":"page","link":"https:\/\/www.kdrei-2009.de\/WPKdrei\/kugelsport-2\/kugelsport-2012-2\/liga-2012-2\/","title":{"rendered":"LIGA 2012"},"content":{"rendered":"<div>\n<h4><span style=\"color: #333333;\">Hier findet ihr alle Informationen zur Liga. Wir spielen an folgenden Tagen.<\/span><\/h4>\n<h4><span style=\"color: #333333;\">Samstag, 31. M\u00e4rz, 2012 in Horb auf der Sch\u00fctte beim Campingplatz. \u00a0Beginn 9.00 Uhr. 3 Runden<\/span><\/h4>\n<h4><span style=\"color: #333333;\">Samstag, 21. April, 2012 in Aichelberg auch beim Campingplatz . Beginn 9.00 Uhr. 3 Runden<\/span><\/h4>\n<h4><span style=\"color: #333333;\">Samstag, 12. Mai, 2012 in Neuffen am Spadelsberg, kein Campingplatz. Beginn 9.00 Uhr. 3 Runden<\/span><\/h4>\n<h4><span style=\"color: #333333;\">Samstag, 23.Juli, 2012 in Ruit am Scharnh.Park \/ Stadthaus. Hier darf man auch nicht campen. Beginn 10.00 Uhr. 2 Runden<\/span><\/h4>\n<h4><span style=\"color: #333333;\">Die Ligamannschaften: PCB Horb 4, BC Esslingen 1, LuSG Pfullingen, VfB Neuffen 3, SV Aichelberg 1, PSG Steinenbronn 2, BC Plochingen 1, LFJ T\u00fcbingen 3, PCB Horb 5 , BF Denkendorf 1, LFJ T\u00fcbingen 2 und Kdrei Grafenberg.<\/span><\/h4>\n<p>Zuschauer sind immer herzlich willkommen. Normalerweiser bewirtet der gastgebende Verein. Also eine ideale Gelegenheit f\u00fcr einen Familienausflug, eine M\u00e4nnerrunde oder eine sch\u00f6ne Damenausfahrt mit Kaffee und Kuchen.<\/p>\n<\/div>\n","protected":false},"excerpt":{"rendered":"<p>Hier findet ihr alle Informationen zur Liga. Wir spielen an folgenden Tagen. Samstag, 31. M\u00e4rz, 2012 in Horb auf der Sch\u00fctte beim Campingplatz. \u00a0Beginn 9.00 Uhr. 3 Runden Samstag, 21. [&hellip;]<\/p>\n","protected":false},"author":1,"featured_media":0,"parent":5385,"menu_order":0,"comment_status":"open","ping_status":"open","template":"","meta":{"footnotes":""},"_links":{"self":[{"href":"https:\/\/www.kdrei-2009.de\/WPKdrei\/wp-json\/wp\/v2\/pages\/2445"}],"collection":[{"href":"https:\/\/www.kdrei-2009.de\/WPKdrei\/wp-json\/wp\/v2\/pages"}],"about":[{"href":"https:\/\/www.kdrei-2009.de\/WPKdrei\/wp-json\/wp\/v2\/types\/page"}],"author":[{"embeddable":true,"href":"https:\/\/www.kdrei-2009.de\/WPKdrei\/wp-json\/wp\/v2\/users\/1"}],"replies":[{"embeddable":true,"href":"https:\/\/www.kdrei-2009.de\/WPKdrei\/wp-json\/wp\/v2\/comments?post=2445"}],"version-history":[{"count":5,"href":"https:\/\/www.kdrei-2009.de\/WPKdrei\/wp-json\/wp\/v2\/pages\/2445\/revisions"}],"predecessor-version":[{"id":5405,"href":"https:\/\/www.kdrei-2009.de\/WPKdrei\/wp-json\/wp\/v2\/pages\/2445\/revisions\/5405"}],"up":[{"embeddable":true,"href":"https:\/\/www.kdrei-2009.de\/WPKdrei\/wp-json\/wp\/v2\/pages\/5385"}],"wp:attachment":[{"href":"https:\/\/www.kdrei-2009.de\/WPKdrei\/wp-json\/wp\/v2\/media?parent=2445"}],"curies":[{"name":"wp","href":"https:\/\/api.w.org\/{rel}","templated":true}]}}