{"id":2496,"date":"2012-03-19T08:34:33","date_gmt":"2012-03-19T08:34:33","guid":{"rendered":"https:\/\/www.kdrei-2009.de\/WPKdrei\/?page_id=2496"},"modified":"2016-03-16T12:25:13","modified_gmt":"2016-03-16T12:25:13","slug":"chris-geisler-trio-im-bix","status":"publish","type":"page","link":"https:\/\/www.kdrei-2009.de\/WPKdrei\/kunst\/akustisches\/akustisches-2012\/chris-geisler-trio-im-bix\/","title":{"rendered":"Chris Geisler Trio im BIX"},"content":{"rendered":"<h4><a href=\"https:\/\/www.kdrei-2009.de\/WPKdrei\/wp-content\/uploads\/2012\/03\/cgt-bix-web.jpg\" rel=\"lightbox[2496]\"><img loading=\"lazy\" decoding=\"async\" class=\"alignleft size-full wp-image-2522\" title=\"cgt bix web\" src=\"https:\/\/www.kdrei-2009.de\/WPKdrei\/wp-content\/uploads\/2012\/03\/cgt-bix-web.jpg\" alt=\"\" width=\"850\" height=\"169\" srcset=\"https:\/\/www.kdrei-2009.de\/WPKdrei\/wp-content\/uploads\/2012\/03\/cgt-bix-web.jpg 850w, https:\/\/www.kdrei-2009.de\/WPKdrei\/wp-content\/uploads\/2012\/03\/cgt-bix-web-300x59.jpg 300w\" sizes=\"(max-width: 850px) 100vw, 850px\" \/><\/a><\/h4>\n<h4><\/h4>\n<h4><\/h4>\n<h4><\/h4>\n<h4><\/h4>\n<h4>Am 28.3.2012 wieder ein echtes Highlight. Chris Geisler \u00a0spielt mit seinem Trio im BIX in Stuttgart. Wer Chris noch nie live im Trio geh\u00f6rt und erlebt hat, bekommt hier eine Chance und wer zudem den Jazz-Club BIX noch nicht kennt, hat an diesem Abend ein doppeltes Vergn\u00fcgen. Gem\u00fctliche Atmosph\u00e4re und feinster Jazz&#8230;.ein Abend zum Entspannen, Zuh\u00f6ren, Geniesen. G\u00f6nnt euren Ohren noch einmal ein Vergn\u00fcgen, bevor der Ligastress beginnt.<\/h4>\n<h5><a href=\"http:\/\/www.bix-stuttgart.de\/veranstaltungsdetails\/2042\/\"><span style=\"color: #000080;\">Hier geht es direkt zur BIX Seite f\u00fcr weitere Infos und Karten.<\/span><\/a><\/h5>\n<h5><span style=\"color: #000080;\"><a href=\"http:\/\/www.chrisgeisler.de\/\">Hier geht es zur Seite von Chris Geisler.<\/a><\/span><\/h5>\n<p><span style=\"color: #000080;\"><a href=\"https:\/\/www.kdrei-2009.de\/WPKdrei\/wp-content\/uploads\/2012\/03\/bix8web.jpg\" rel=\"lightbox[2496]\"><img loading=\"lazy\" decoding=\"async\" class=\"alignleft size-full wp-image-2521\" title=\"bix8web\" src=\"https:\/\/www.kdrei-2009.de\/WPKdrei\/wp-content\/uploads\/2012\/03\/bix8web.jpg\" alt=\"\" width=\"850\" height=\"202\" srcset=\"https:\/\/www.kdrei-2009.de\/WPKdrei\/wp-content\/uploads\/2012\/03\/bix8web.jpg 850w, https:\/\/www.kdrei-2009.de\/WPKdrei\/wp-content\/uploads\/2012\/03\/bix8web-300x71.jpg 300w\" sizes=\"(max-width: 850px) 100vw, 850px\" \/><\/a><br \/>\n<\/span><\/p>\n<p><span style=\"color: #000080;\"><br \/>\n<\/span><\/p>\n","protected":false},"excerpt":{"rendered":"<p>Am 28.3.2012 wieder ein echtes Highlight. Chris Geisler \u00a0spielt mit seinem Trio im BIX in Stuttgart. Wer Chris noch nie live im Trio geh\u00f6rt und erlebt hat, bekommt hier eine [&hellip;]<\/p>\n","protected":false},"author":1,"featured_media":0,"parent":5476,"menu_order":0,"comment_status":"open","ping_status":"open","template":"","meta":{"footnotes":""},"_links":{"self":[{"href":"https:\/\/www.kdrei-2009.de\/WPKdrei\/wp-json\/wp\/v2\/pages\/2496"}],"collection":[{"href":"https:\/\/www.kdrei-2009.de\/WPKdrei\/wp-json\/wp\/v2\/pages"}],"about":[{"href":"https:\/\/www.kdrei-2009.de\/WPKdrei\/wp-json\/wp\/v2\/types\/page"}],"author":[{"embeddable":true,"href":"https:\/\/www.kdrei-2009.de\/WPKdrei\/wp-json\/wp\/v2\/users\/1"}],"replies":[{"embeddable":true,"href":"https:\/\/www.kdrei-2009.de\/WPKdrei\/wp-json\/wp\/v2\/comments?post=2496"}],"version-history":[{"count":16,"href":"https:\/\/www.kdrei-2009.de\/WPKdrei\/wp-json\/wp\/v2\/pages\/2496\/revisions"}],"predecessor-version":[{"id":2501,"href":"https:\/\/www.kdrei-2009.de\/WPKdrei\/wp-json\/wp\/v2\/pages\/2496\/revisions\/2501"}],"up":[{"embeddable":true,"href":"https:\/\/www.kdrei-2009.de\/WPKdrei\/wp-json\/wp\/v2\/pages\/5476"}],"wp:attachment":[{"href":"https:\/\/www.kdrei-2009.de\/WPKdrei\/wp-json\/wp\/v2\/media?parent=2496"}],"curies":[{"name":"wp","href":"https:\/\/api.w.org\/{rel}","templated":true}]}}