{"id":2539,"date":"2012-03-26T13:14:56","date_gmt":"2012-03-26T13:14:56","guid":{"rendered":"https:\/\/www.kdrei-2009.de\/WPKdrei\/?page_id=2539"},"modified":"2012-03-26T13:18:44","modified_gmt":"2012-03-26T13:18:44","slug":"neulich-beim-ligapokal","status":"publish","type":"page","link":"https:\/\/www.kdrei-2009.de\/WPKdrei\/kugelsport-2\/kugelsport-2012-2\/liga-2012-2\/neulich-beim-ligapokal\/","title":{"rendered":"Neulich, beim Ligapokal."},"content":{"rendered":"<h4><span style=\"color: #808080;\">Zum Saisonbeginn trafen wir uns auf einem sch\u00f6nen Boulegel\u00e4nde bei unseren Boulefreunden in Unterensingen. Kdrei war guter Laune, das Wetter war herrlich, blauer Himmel, Fr\u00fchlingstemperatur und Sonne. Was will man mehr. Nach einem guten Auftakt gegen Reutlingen und Steinenbronn, mussten wir uns gegen Neuffen 1, unseren Boulefreunden aus dem Tal, leider geschlagen geben. Gegen den Gastgeber aus Unterensingen konnten wir aber nochmals einen Sieg erspielen. Die letzte Begegnung gegen T\u00fcbingen konnte leider nicht gewonnen werden. Kdrei verabschiedete sich mit einem nicht ganz zufriedenstellenden 12 Platz und 3:2 Siegen. Gl\u00fcckw\u00fcnsche an den Pokalsieger aus Neuffen. \u00a0F\u00fcr Kdrei spielten: Gundi, Hanne, Max, Wolfgang, Andi, Chris und Walter.<\/span><\/h4>\n<h4><a href=\"https:\/\/www.kdrei-2009.de\/WPKdrei\/wp-content\/uploads\/2012\/03\/Ergebnisse+LiPo+NA.pdf\"><span style=\"color: #232323;\"><span style=\"color: #808080;\">Ergebnisse+LiPo+NA<\/span><\/span><\/a><\/h4>\n<dt class=\"wp-caption-dt\"><a href=\"https:\/\/www.kdrei-2009.de\/WPKdrei\/wp-content\/uploads\/2012\/03\/K3-Ligapokal2012-01web.jpg\" rel=\"lightbox[2539]\"><img loading=\"lazy\" decoding=\"async\" class=\"size-medium wp-image-2542\" title=\"K3-Ligapokal2012-01web\" src=\"https:\/\/www.kdrei-2009.de\/WPKdrei\/wp-content\/uploads\/2012\/03\/K3-Ligapokal2012-01web-300x108.jpg\" alt=\"\" width=\"300\" height=\"108\" srcset=\"https:\/\/www.kdrei-2009.de\/WPKdrei\/wp-content\/uploads\/2012\/03\/K3-Ligapokal2012-01web-300x108.jpg 300w, https:\/\/www.kdrei-2009.de\/WPKdrei\/wp-content\/uploads\/2012\/03\/K3-Ligapokal2012-01web.jpg 794w\" sizes=\"(max-width: 300px) 100vw, 300px\" \/><\/a><\/dt>\n<div class=\"mceTemp\">\n<dl id=\"attachment_2542\" class=\"wp-caption alignleft\" style=\"width: 310px;\">\n<dd class=\"wp-caption-dd\">F\u00fcr Kdrei kein neues Gel\u00e4nde. Immer wieder ein Erlebnis.<\/dd>\n<\/dl>\n<\/div>\n<div id=\"attachment_2543\" style=\"width: 310px\" class=\"wp-caption alignleft\"><a href=\"https:\/\/www.kdrei-2009.de\/WPKdrei\/wp-content\/uploads\/2012\/03\/K3-Ligapokal2012-02WEB.jpg\" rel=\"lightbox[2539]\"><img loading=\"lazy\" decoding=\"async\" aria-describedby=\"caption-attachment-2543\" class=\"size-medium wp-image-2543\" title=\"K3-Ligapokal2012-02WEB\" src=\"https:\/\/www.kdrei-2009.de\/WPKdrei\/wp-content\/uploads\/2012\/03\/K3-Ligapokal2012-02WEB-300x300.jpg\" alt=\"\" width=\"300\" height=\"300\" srcset=\"https:\/\/www.kdrei-2009.de\/WPKdrei\/wp-content\/uploads\/2012\/03\/K3-Ligapokal2012-02WEB-300x300.jpg 300w, https:\/\/www.kdrei-2009.de\/WPKdrei\/wp-content\/uploads\/2012\/03\/K3-Ligapokal2012-02WEB-150x150.jpg 150w, https:\/\/www.kdrei-2009.de\/WPKdrei\/wp-content\/uploads\/2012\/03\/K3-Ligapokal2012-02WEB.jpg 425w\" sizes=\"(max-width: 300px) 100vw, 300px\" \/><\/a><p id=\"caption-attachment-2543\" class=\"wp-caption-text\">Darauf steht Kdrei.<\/p><\/div>\n<div id=\"attachment_2544\" style=\"width: 310px\" class=\"wp-caption alignleft\"><a href=\"https:\/\/www.kdrei-2009.de\/WPKdrei\/wp-content\/uploads\/2012\/03\/K3-Ligapokal2012-03web.jpg\" rel=\"lightbox[2539]\"><img loading=\"lazy\" decoding=\"async\" aria-describedby=\"caption-attachment-2544\" class=\"size-medium wp-image-2544\" title=\"K3-Ligapokal2012-03web\" src=\"https:\/\/www.kdrei-2009.de\/WPKdrei\/wp-content\/uploads\/2012\/03\/K3-Ligapokal2012-03web-300x300.jpg\" alt=\"\" width=\"300\" height=\"300\" srcset=\"https:\/\/www.kdrei-2009.de\/WPKdrei\/wp-content\/uploads\/2012\/03\/K3-Ligapokal2012-03web-300x300.jpg 300w, https:\/\/www.kdrei-2009.de\/WPKdrei\/wp-content\/uploads\/2012\/03\/K3-Ligapokal2012-03web-150x150.jpg 150w, https:\/\/www.kdrei-2009.de\/WPKdrei\/wp-content\/uploads\/2012\/03\/K3-Ligapokal2012-03web.jpg 425w\" sizes=\"(max-width: 300px) 100vw, 300px\" \/><\/a><p id=\"caption-attachment-2544\" class=\"wp-caption-text\">Darauf steht Kdrei.<\/p><\/div>\n<div id=\"attachment_2545\" style=\"width: 310px\" class=\"wp-caption alignleft\"><a href=\"https:\/\/www.kdrei-2009.de\/WPKdrei\/wp-content\/uploads\/2012\/03\/K3-Ligapokal2012-04web.jpg\" rel=\"lightbox[2539]\"><img loading=\"lazy\" decoding=\"async\" aria-describedby=\"caption-attachment-2545\" class=\"size-medium wp-image-2545\" title=\"K3-Ligapokal2012-04web\" src=\"https:\/\/www.kdrei-2009.de\/WPKdrei\/wp-content\/uploads\/2012\/03\/K3-Ligapokal2012-04web-300x300.jpg\" alt=\"\" width=\"300\" height=\"300\" srcset=\"https:\/\/www.kdrei-2009.de\/WPKdrei\/wp-content\/uploads\/2012\/03\/K3-Ligapokal2012-04web-300x300.jpg 300w, https:\/\/www.kdrei-2009.de\/WPKdrei\/wp-content\/uploads\/2012\/03\/K3-Ligapokal2012-04web-150x150.jpg 150w, https:\/\/www.kdrei-2009.de\/WPKdrei\/wp-content\/uploads\/2012\/03\/K3-Ligapokal2012-04web.jpg 425w\" sizes=\"(max-width: 300px) 100vw, 300px\" \/><\/a><p id=\"caption-attachment-2545\" class=\"wp-caption-text\">Darauf steht Kdrei.<\/p><\/div>\n<div id=\"attachment_2548\" style=\"width: 310px\" class=\"wp-caption alignleft\"><a href=\"https:\/\/www.kdrei-2009.de\/WPKdrei\/wp-content\/uploads\/2012\/03\/K3-Ligapokal2012-07web.jpg\" rel=\"lightbox[2539]\"><img loading=\"lazy\" decoding=\"async\" aria-describedby=\"caption-attachment-2548\" class=\"size-medium wp-image-2548\" title=\"K3-Ligapokal2012-07web\" src=\"https:\/\/www.kdrei-2009.de\/WPKdrei\/wp-content\/uploads\/2012\/03\/K3-Ligapokal2012-07web-300x300.jpg\" alt=\"\" width=\"300\" height=\"300\" srcset=\"https:\/\/www.kdrei-2009.de\/WPKdrei\/wp-content\/uploads\/2012\/03\/K3-Ligapokal2012-07web-300x300.jpg 300w, https:\/\/www.kdrei-2009.de\/WPKdrei\/wp-content\/uploads\/2012\/03\/K3-Ligapokal2012-07web-150x150.jpg 150w, https:\/\/www.kdrei-2009.de\/WPKdrei\/wp-content\/uploads\/2012\/03\/K3-Ligapokal2012-07web.jpg 425w\" sizes=\"(max-width: 300px) 100vw, 300px\" \/><\/a><p id=\"caption-attachment-2548\" class=\"wp-caption-text\">Darauf steht Kdrei.<\/p><\/div>\n<div id=\"attachment_2549\" style=\"width: 310px\" class=\"wp-caption alignleft\"><a href=\"https:\/\/www.kdrei-2009.de\/WPKdrei\/wp-content\/uploads\/2012\/03\/K3-Ligapokal2012-09web.jpg\" rel=\"lightbox[2539]\"><img loading=\"lazy\" decoding=\"async\" aria-describedby=\"caption-attachment-2549\" class=\"size-medium wp-image-2549\" title=\"K3-Ligapokal2012-09web\" src=\"https:\/\/www.kdrei-2009.de\/WPKdrei\/wp-content\/uploads\/2012\/03\/K3-Ligapokal2012-09web-300x300.jpg\" alt=\"\" width=\"300\" height=\"300\" srcset=\"https:\/\/www.kdrei-2009.de\/WPKdrei\/wp-content\/uploads\/2012\/03\/K3-Ligapokal2012-09web-300x300.jpg 300w, https:\/\/www.kdrei-2009.de\/WPKdrei\/wp-content\/uploads\/2012\/03\/K3-Ligapokal2012-09web-150x150.jpg 150w, https:\/\/www.kdrei-2009.de\/WPKdrei\/wp-content\/uploads\/2012\/03\/K3-Ligapokal2012-09web.jpg 425w\" sizes=\"(max-width: 300px) 100vw, 300px\" \/><\/a><p id=\"caption-attachment-2549\" class=\"wp-caption-text\">Darauf steht Kdrei.<\/p><\/div>\n<div id=\"attachment_2546\" style=\"width: 310px\" class=\"wp-caption alignleft\"><a href=\"https:\/\/www.kdrei-2009.de\/WPKdrei\/wp-content\/uploads\/2012\/03\/K3-Ligapokal2012-05web.jpg\" rel=\"lightbox[2539]\"><img loading=\"lazy\" decoding=\"async\" aria-describedby=\"caption-attachment-2546\" class=\"size-medium wp-image-2546\" title=\"K3-Ligapokal2012-05web\" src=\"https:\/\/www.kdrei-2009.de\/WPKdrei\/wp-content\/uploads\/2012\/03\/K3-Ligapokal2012-05web-300x300.jpg\" alt=\"\" width=\"300\" height=\"300\" srcset=\"https:\/\/www.kdrei-2009.de\/WPKdrei\/wp-content\/uploads\/2012\/03\/K3-Ligapokal2012-05web-300x300.jpg 300w, https:\/\/www.kdrei-2009.de\/WPKdrei\/wp-content\/uploads\/2012\/03\/K3-Ligapokal2012-05web-150x150.jpg 150w, https:\/\/www.kdrei-2009.de\/WPKdrei\/wp-content\/uploads\/2012\/03\/K3-Ligapokal2012-05web.jpg 425w\" sizes=\"(max-width: 300px) 100vw, 300px\" \/><\/a><p id=\"caption-attachment-2546\" class=\"wp-caption-text\">Darauf steht Kdrei.<\/p><\/div>\n<div id=\"attachment_2547\" style=\"width: 310px\" class=\"wp-caption alignleft\"><a href=\"https:\/\/www.kdrei-2009.de\/WPKdrei\/wp-content\/uploads\/2012\/03\/K3-Ligapokal2012-06web.jpg\" rel=\"lightbox[2539]\"><img loading=\"lazy\" decoding=\"async\" aria-describedby=\"caption-attachment-2547\" class=\"size-medium wp-image-2547\" title=\"K3-Ligapokal2012-06web\" src=\"https:\/\/www.kdrei-2009.de\/WPKdrei\/wp-content\/uploads\/2012\/03\/K3-Ligapokal2012-06web-300x300.jpg\" alt=\"\" width=\"300\" height=\"300\" srcset=\"https:\/\/www.kdrei-2009.de\/WPKdrei\/wp-content\/uploads\/2012\/03\/K3-Ligapokal2012-06web-300x300.jpg 300w, https:\/\/www.kdrei-2009.de\/WPKdrei\/wp-content\/uploads\/2012\/03\/K3-Ligapokal2012-06web-150x150.jpg 150w, https:\/\/www.kdrei-2009.de\/WPKdrei\/wp-content\/uploads\/2012\/03\/K3-Ligapokal2012-06web.jpg 425w\" sizes=\"(max-width: 300px) 100vw, 300px\" \/><\/a><p id=\"caption-attachment-2547\" class=\"wp-caption-text\">Darauf steht Kdrei.<\/p><\/div>\n<div id=\"attachment_2552\" style=\"width: 310px\" class=\"wp-caption alignleft\"><a href=\"https:\/\/www.kdrei-2009.de\/WPKdrei\/wp-content\/uploads\/2012\/03\/K3-Ligapokal2012-13WEB.jpg\" rel=\"lightbox[2539]\"><img loading=\"lazy\" decoding=\"async\" aria-describedby=\"caption-attachment-2552\" class=\"size-medium wp-image-2552\" title=\"K3-Ligapokal2012-13WEB\" src=\"https:\/\/www.kdrei-2009.de\/WPKdrei\/wp-content\/uploads\/2012\/03\/K3-Ligapokal2012-13WEB-300x247.jpg\" alt=\"\" width=\"300\" height=\"247\" srcset=\"https:\/\/www.kdrei-2009.de\/WPKdrei\/wp-content\/uploads\/2012\/03\/K3-Ligapokal2012-13WEB-300x247.jpg 300w, https:\/\/www.kdrei-2009.de\/WPKdrei\/wp-content\/uploads\/2012\/03\/K3-Ligapokal2012-13WEB.jpg 688w\" sizes=\"(max-width: 300px) 100vw, 300px\" \/><\/a><p id=\"caption-attachment-2552\" class=\"wp-caption-text\">Am Rande...<\/p><\/div>\n<div id=\"attachment_2550\" style=\"width: 310px\" class=\"wp-caption alignleft\"><a href=\"https:\/\/www.kdrei-2009.de\/WPKdrei\/wp-content\/uploads\/2012\/03\/K3-Ligapokal2012-11WEB.jpg\" rel=\"lightbox[2539]\"><img loading=\"lazy\" decoding=\"async\" aria-describedby=\"caption-attachment-2550\" class=\"size-medium wp-image-2550\" title=\"K3-Ligapokal2012-11WEB\" src=\"https:\/\/www.kdrei-2009.de\/WPKdrei\/wp-content\/uploads\/2012\/03\/K3-Ligapokal2012-11WEB-300x264.jpg\" alt=\"\" width=\"300\" height=\"264\" srcset=\"https:\/\/www.kdrei-2009.de\/WPKdrei\/wp-content\/uploads\/2012\/03\/K3-Ligapokal2012-11WEB-300x264.jpg 300w, https:\/\/www.kdrei-2009.de\/WPKdrei\/wp-content\/uploads\/2012\/03\/K3-Ligapokal2012-11WEB.jpg 643w\" sizes=\"(max-width: 300px) 100vw, 300px\" \/><\/a><p id=\"caption-attachment-2550\" class=\"wp-caption-text\">...gab es...<\/p><\/div>\n<div id=\"attachment_2551\" style=\"width: 310px\" class=\"wp-caption alignleft\"><a href=\"https:\/\/www.kdrei-2009.de\/WPKdrei\/wp-content\/uploads\/2012\/03\/K3-Ligapokal2012-12WEB.jpg\" rel=\"lightbox[2539]\"><img loading=\"lazy\" decoding=\"async\" aria-describedby=\"caption-attachment-2551\" class=\"size-medium wp-image-2551\" title=\"K3-Ligapokal2012-12WEB\" src=\"https:\/\/www.kdrei-2009.de\/WPKdrei\/wp-content\/uploads\/2012\/03\/K3-Ligapokal2012-12WEB-300x241.jpg\" alt=\"\" width=\"300\" height=\"241\" srcset=\"https:\/\/www.kdrei-2009.de\/WPKdrei\/wp-content\/uploads\/2012\/03\/K3-Ligapokal2012-12WEB-300x241.jpg 300w, https:\/\/www.kdrei-2009.de\/WPKdrei\/wp-content\/uploads\/2012\/03\/K3-Ligapokal2012-12WEB.jpg 701w\" sizes=\"(max-width: 300px) 100vw, 300px\" \/><\/a><p id=\"caption-attachment-2551\" class=\"wp-caption-text\">...immer wieder...<\/p><\/div>\n<div id=\"attachment_2554\" style=\"width: 310px\" class=\"wp-caption alignleft\"><a href=\"https:\/\/www.kdrei-2009.de\/WPKdrei\/wp-content\/uploads\/2012\/03\/K3-Ligapokal2012-14WEB.jpg\" rel=\"lightbox[2539]\"><img loading=\"lazy\" decoding=\"async\" aria-describedby=\"caption-attachment-2554\" class=\"size-medium wp-image-2554\" title=\"K3-Ligapokal2012-14WEB\" src=\"https:\/\/www.kdrei-2009.de\/WPKdrei\/wp-content\/uploads\/2012\/03\/K3-Ligapokal2012-14WEB-300x252.jpg\" alt=\"\" width=\"300\" height=\"252\" srcset=\"https:\/\/www.kdrei-2009.de\/WPKdrei\/wp-content\/uploads\/2012\/03\/K3-Ligapokal2012-14WEB-300x252.jpg 300w, https:\/\/www.kdrei-2009.de\/WPKdrei\/wp-content\/uploads\/2012\/03\/K3-Ligapokal2012-14WEB.jpg 673w\" sizes=\"(max-width: 300px) 100vw, 300px\" \/><\/a><p id=\"caption-attachment-2554\" class=\"wp-caption-text\">...nette Kuriosit\u00e4ten...<\/p><\/div>\n<div id=\"attachment_2556\" style=\"width: 310px\" class=\"wp-caption alignleft\"><a href=\"https:\/\/www.kdrei-2009.de\/WPKdrei\/wp-content\/uploads\/2012\/03\/K3-Ligapokal2012-14aWEB.jpg\" rel=\"lightbox[2539]\"><img loading=\"lazy\" decoding=\"async\" aria-describedby=\"caption-attachment-2556\" class=\"size-medium wp-image-2556\" title=\"K3-Ligapokal2012-14aWEB\" src=\"https:\/\/www.kdrei-2009.de\/WPKdrei\/wp-content\/uploads\/2012\/03\/K3-Ligapokal2012-14aWEB-300x252.jpg\" alt=\"\" width=\"300\" height=\"252\" srcset=\"https:\/\/www.kdrei-2009.de\/WPKdrei\/wp-content\/uploads\/2012\/03\/K3-Ligapokal2012-14aWEB-300x252.jpg 300w, https:\/\/www.kdrei-2009.de\/WPKdrei\/wp-content\/uploads\/2012\/03\/K3-Ligapokal2012-14aWEB.jpg 673w\" sizes=\"(max-width: 300px) 100vw, 300px\" \/><\/a><p id=\"caption-attachment-2556\" class=\"wp-caption-text\">..zu beobachten.<\/p><\/div>\n","protected":false},"excerpt":{"rendered":"<p>Zum Saisonbeginn trafen wir uns auf einem sch\u00f6nen Boulegel\u00e4nde bei unseren Boulefreunden in Unterensingen. Kdrei war guter Laune, das Wetter war herrlich, blauer Himmel, Fr\u00fchlingstemperatur und Sonne. Was will man [&hellip;]<\/p>\n","protected":false},"author":1,"featured_media":0,"parent":2445,"menu_order":2,"comment_status":"open","ping_status":"open","template":"","meta":{"footnotes":""},"_links":{"self":[{"href":"https:\/\/www.kdrei-2009.de\/WPKdrei\/wp-json\/wp\/v2\/pages\/2539"}],"collection":[{"href":"https:\/\/www.kdrei-2009.de\/WPKdrei\/wp-json\/wp\/v2\/pages"}],"about":[{"href":"https:\/\/www.kdrei-2009.de\/WPKdrei\/wp-json\/wp\/v2\/types\/page"}],"author":[{"embeddable":true,"href":"https:\/\/www.kdrei-2009.de\/WPKdrei\/wp-json\/wp\/v2\/users\/1"}],"replies":[{"embeddable":true,"href":"https:\/\/www.kdrei-2009.de\/WPKdrei\/wp-json\/wp\/v2\/comments?post=2539"}],"version-history":[{"count":5,"href":"https:\/\/www.kdrei-2009.de\/WPKdrei\/wp-json\/wp\/v2\/pages\/2539\/revisions"}],"predecessor-version":[{"id":2558,"href":"https:\/\/www.kdrei-2009.de\/WPKdrei\/wp-json\/wp\/v2\/pages\/2539\/revisions\/2558"}],"up":[{"embeddable":true,"href":"https:\/\/www.kdrei-2009.de\/WPKdrei\/wp-json\/wp\/v2\/pages\/2445"}],"wp:attachment":[{"href":"https:\/\/www.kdrei-2009.de\/WPKdrei\/wp-json\/wp\/v2\/media?parent=2539"}],"curies":[{"name":"wp","href":"https:\/\/api.w.org\/{rel}","templated":true}]}}