{"id":2658,"date":"2012-04-27T08:43:51","date_gmt":"2012-04-27T08:43:51","guid":{"rendered":"https:\/\/www.kdrei-2009.de\/WPKdrei\/?page_id=2658"},"modified":"2012-04-27T08:43:51","modified_gmt":"2012-04-27T08:43:51","slug":"aichelberg-der-2-spieltag","status":"publish","type":"page","link":"https:\/\/www.kdrei-2009.de\/WPKdrei\/kugelsport-2\/kugelsport-2012-2\/liga-2012-2\/aichelberg-der-2-spieltag\/","title":{"rendered":"Aichelberg, der 2. Spieltag"},"content":{"rendered":"<h3><span style=\"color: #808080;\">Neben unseren <a href=\"https:\/\/www.kdrei-2009.de\/WPKdrei\/?page_id=2620\">Sponsorenbesuchen<\/a> spielen wir nat\u00fcrlich auch noch Liga. Der erste Ligaspieltag war etwas entt\u00e4uchend f\u00fcr uns. In Aichelberg wollten wir etwas mehr Boule spielen und es gelang auch ganz gut. Gegen Steinenbronn 2 gelang uns ein guter 4:1 Sieg mit 3 gewonnenen Doublettes und einem Triplettsieg.\u00a0 Das war ein guter Start in den Ligatag. Gegen die Leg- und Schiessgesellschaft aus Pfullingen w\u00e4re ein 4:1 m\u00f6glich gewesen, aber wie so oft beim Boulespiel, enden manche Spiele mit 12:13 f\u00fcr den Gegner. Mit einem guten 3:2 Sieg mit kurzer, aber heftiger Regenunterbrechung war unser spieltag auch schon beendet. <\/span><\/h3>\n<p><a href=\"https:\/\/www.kdrei-2009.de\/WPKdrei\/wp-content\/uploads\/2012\/04\/Oberliga-NA-Tab-ST2.jpg\" rel=\"lightbox[2658]\"><img loading=\"lazy\" decoding=\"async\" class=\"alignleft size-medium wp-image-2650\" title=\"1. Spieltag 2001 Ergebnisse\" src=\"https:\/\/www.kdrei-2009.de\/WPKdrei\/wp-content\/uploads\/2012\/04\/Oberliga-NA-Tab-ST2-300x148.jpg\" alt=\"\" width=\"300\" height=\"148\" srcset=\"https:\/\/www.kdrei-2009.de\/WPKdrei\/wp-content\/uploads\/2012\/04\/Oberliga-NA-Tab-ST2-300x148.jpg 300w, https:\/\/www.kdrei-2009.de\/WPKdrei\/wp-content\/uploads\/2012\/04\/Oberliga-NA-Tab-ST2-1023x507.jpg 1023w, https:\/\/www.kdrei-2009.de\/WPKdrei\/wp-content\/uploads\/2012\/04\/Oberliga-NA-Tab-ST2.jpg 1772w\" sizes=\"(max-width: 300px) 100vw, 300px\" \/><\/a><\/p>\n<p><a href=\"https:\/\/www.kdrei-2009.de\/WPKdrei\/wp-content\/uploads\/2012\/04\/K3-LigaAichelb-2012-01web.jpg\" rel=\"lightbox[2658]\"><img loading=\"lazy\" decoding=\"async\" class=\"alignleft size-full wp-image-2643\" title=\"K3-LigaAichelb 2012-01web\" src=\"https:\/\/www.kdrei-2009.de\/WPKdrei\/wp-content\/uploads\/2012\/04\/K3-LigaAichelb-2012-01web.jpg\" alt=\"\" width=\"567\" height=\"283\" srcset=\"https:\/\/www.kdrei-2009.de\/WPKdrei\/wp-content\/uploads\/2012\/04\/K3-LigaAichelb-2012-01web.jpg 567w, https:\/\/www.kdrei-2009.de\/WPKdrei\/wp-content\/uploads\/2012\/04\/K3-LigaAichelb-2012-01web-300x149.jpg 300w\" sizes=\"(max-width: 567px) 100vw, 567px\" \/><\/a><\/p>\n<p><a href=\"https:\/\/www.kdrei-2009.de\/WPKdrei\/wp-content\/uploads\/2012\/04\/K3-LigaAichelb-2012-03web.jpg\" rel=\"lightbox[2658]\"><img loading=\"lazy\" decoding=\"async\" class=\"alignleft size-full wp-image-2644\" title=\"K3-LigaAichelb 2012-03web\" src=\"https:\/\/www.kdrei-2009.de\/WPKdrei\/wp-content\/uploads\/2012\/04\/K3-LigaAichelb-2012-03web.jpg\" alt=\"\" width=\"567\" height=\"425\" srcset=\"https:\/\/www.kdrei-2009.de\/WPKdrei\/wp-content\/uploads\/2012\/04\/K3-LigaAichelb-2012-03web.jpg 567w, https:\/\/www.kdrei-2009.de\/WPKdrei\/wp-content\/uploads\/2012\/04\/K3-LigaAichelb-2012-03web-300x224.jpg 300w\" sizes=\"(max-width: 567px) 100vw, 567px\" \/><\/a><\/p>\n<p><a href=\"https:\/\/www.kdrei-2009.de\/WPKdrei\/wp-content\/uploads\/2012\/04\/K3-LigaAichelb-2012-04web.jpg\" rel=\"lightbox[2658]\"><img loading=\"lazy\" decoding=\"async\" class=\"alignleft size-full wp-image-2646\" title=\"K3-LigaAichelb 2012-04web\" src=\"https:\/\/www.kdrei-2009.de\/WPKdrei\/wp-content\/uploads\/2012\/04\/K3-LigaAichelb-2012-04web.jpg\" alt=\"\" width=\"567\" height=\"425\" srcset=\"https:\/\/www.kdrei-2009.de\/WPKdrei\/wp-content\/uploads\/2012\/04\/K3-LigaAichelb-2012-04web.jpg 567w, https:\/\/www.kdrei-2009.de\/WPKdrei\/wp-content\/uploads\/2012\/04\/K3-LigaAichelb-2012-04web-300x224.jpg 300w\" sizes=\"(max-width: 567px) 100vw, 567px\" \/><\/a><\/p>\n<p><a href=\"https:\/\/www.kdrei-2009.de\/WPKdrei\/wp-content\/uploads\/2012\/04\/K3-LigaAichelb-2012-07web.jpg\" rel=\"lightbox[2658]\"><img loading=\"lazy\" decoding=\"async\" class=\"alignleft size-full wp-image-2647\" title=\"K3-LigaAichelb 2012-07web\" src=\"https:\/\/www.kdrei-2009.de\/WPKdrei\/wp-content\/uploads\/2012\/04\/K3-LigaAichelb-2012-07web.jpg\" alt=\"\" width=\"567\" height=\"425\" srcset=\"https:\/\/www.kdrei-2009.de\/WPKdrei\/wp-content\/uploads\/2012\/04\/K3-LigaAichelb-2012-07web.jpg 567w, https:\/\/www.kdrei-2009.de\/WPKdrei\/wp-content\/uploads\/2012\/04\/K3-LigaAichelb-2012-07web-300x224.jpg 300w\" sizes=\"(max-width: 567px) 100vw, 567px\" \/><\/a><\/p>\n<p><a href=\"https:\/\/www.kdrei-2009.de\/WPKdrei\/wp-content\/uploads\/2012\/04\/K3-LigaAichelb-2012-08web.jpg\" rel=\"lightbox[2658]\"><img loading=\"lazy\" decoding=\"async\" class=\"alignleft size-full wp-image-2648\" title=\"K3-LigaAichelb 2012-08web\" src=\"https:\/\/www.kdrei-2009.de\/WPKdrei\/wp-content\/uploads\/2012\/04\/K3-LigaAichelb-2012-08web.jpg\" alt=\"\" width=\"567\" height=\"283\" srcset=\"https:\/\/www.kdrei-2009.de\/WPKdrei\/wp-content\/uploads\/2012\/04\/K3-LigaAichelb-2012-08web.jpg 567w, https:\/\/www.kdrei-2009.de\/WPKdrei\/wp-content\/uploads\/2012\/04\/K3-LigaAichelb-2012-08web-300x149.jpg 300w\" sizes=\"(max-width: 567px) 100vw, 567px\" \/><\/a><\/p>\n<div id=\"attachment_2649\" style=\"width: 577px\" class=\"wp-caption alignleft\"><a href=\"https:\/\/www.kdrei-2009.de\/WPKdrei\/wp-content\/uploads\/2012\/04\/K3-LigaAichelb-2012-10web.jpg\" rel=\"lightbox[2658]\"><img loading=\"lazy\" decoding=\"async\" aria-describedby=\"caption-attachment-2649\" class=\"size-full wp-image-2649\" title=\"K3-LigaAichelb 2012-10web\" src=\"https:\/\/www.kdrei-2009.de\/WPKdrei\/wp-content\/uploads\/2012\/04\/K3-LigaAichelb-2012-10web.jpg\" alt=\"\" width=\"567\" height=\"567\" srcset=\"https:\/\/www.kdrei-2009.de\/WPKdrei\/wp-content\/uploads\/2012\/04\/K3-LigaAichelb-2012-10web.jpg 567w, https:\/\/www.kdrei-2009.de\/WPKdrei\/wp-content\/uploads\/2012\/04\/K3-LigaAichelb-2012-10web-150x150.jpg 150w, https:\/\/www.kdrei-2009.de\/WPKdrei\/wp-content\/uploads\/2012\/04\/K3-LigaAichelb-2012-10web-300x300.jpg 300w\" sizes=\"(max-width: 567px) 100vw, 567px\" \/><\/a><p id=\"caption-attachment-2649\" class=\"wp-caption-text\">Bei Regen ein Segen. Unser Wurfzelt. Bleibt immer liegen!!!!<\/p><\/div>\n","protected":false},"excerpt":{"rendered":"<p>Neben unseren Sponsorenbesuchen spielen wir nat\u00fcrlich auch noch Liga. Der erste Ligaspieltag war etwas entt\u00e4uchend f\u00fcr uns. In Aichelberg wollten wir etwas mehr Boule spielen und es gelang auch ganz [&hellip;]<\/p>\n","protected":false},"author":1,"featured_media":0,"parent":2445,"menu_order":0,"comment_status":"open","ping_status":"open","template":"","meta":{"footnotes":""},"_links":{"self":[{"href":"https:\/\/www.kdrei-2009.de\/WPKdrei\/wp-json\/wp\/v2\/pages\/2658"}],"collection":[{"href":"https:\/\/www.kdrei-2009.de\/WPKdrei\/wp-json\/wp\/v2\/pages"}],"about":[{"href":"https:\/\/www.kdrei-2009.de\/WPKdrei\/wp-json\/wp\/v2\/types\/page"}],"author":[{"embeddable":true,"href":"https:\/\/www.kdrei-2009.de\/WPKdrei\/wp-json\/wp\/v2\/users\/1"}],"replies":[{"embeddable":true,"href":"https:\/\/www.kdrei-2009.de\/WPKdrei\/wp-json\/wp\/v2\/comments?post=2658"}],"version-history":[{"count":2,"href":"https:\/\/www.kdrei-2009.de\/WPKdrei\/wp-json\/wp\/v2\/pages\/2658\/revisions"}],"predecessor-version":[{"id":7406,"href":"https:\/\/www.kdrei-2009.de\/WPKdrei\/wp-json\/wp\/v2\/pages\/2658\/revisions\/7406"}],"up":[{"embeddable":true,"href":"https:\/\/www.kdrei-2009.de\/WPKdrei\/wp-json\/wp\/v2\/pages\/2445"}],"wp:attachment":[{"href":"https:\/\/www.kdrei-2009.de\/WPKdrei\/wp-json\/wp\/v2\/media?parent=2658"}],"curies":[{"name":"wp","href":"https:\/\/api.w.org\/{rel}","templated":true}]}}