{"id":275,"date":"2010-04-01T09:42:06","date_gmt":"2010-04-01T09:42:06","guid":{"rendered":"https:\/\/www.kdrei-2009.de\/WPKdrei\/?page_id=275"},"modified":"2012-08-17T14:37:52","modified_gmt":"2012-08-17T14:37:52","slug":"wann-wo-2","status":"publish","type":"page","link":"https:\/\/www.kdrei-2009.de\/WPKdrei\/wann-wo-2\/","title":{"rendered":"WANN &#038; WO"},"content":{"rendered":"<h3><span style=\"color: #808080;\">Wir treffen uns:<\/span><\/h3>\n<h3><span style=\"color: #808080;\">Jeden Dienstag ab 18.00Uhr<\/span><\/h3>\n<h3><span style=\"color: #808080;\">Manchmal auch am Sonntag. <\/span><span style=\"color: #808080;\">Beginn gegen 15.00Uhr.<\/span><\/h3>\n<h3><span style=\"color: #808080;\">72636 Frickenhausen <\/span><\/h3>\n<h3><span style=\"color: #808080;\">Gartenstra\u00dfe 12<\/span><\/h3>\n<h3><span style=\"color: #808080;\"> <\/span>\ufeff<span style=\"color: #808080;\">In den Krautg\u00e4rten. Das ist der Park h<\/span><span style=\"color: #808080;\"><span style=\"color: #808080;\">inter dem Kindergarten.<\/span><br \/>\n<\/span><\/h3>\n<h3><a href=\"https:\/\/www.kdrei-2009.de\/WPKdrei\/?page_id=1614\"><span style=\"color: #232323;\"><span style=\"color: #808080;\">Winterspielzeiten.<\/span><\/span><\/a><\/h3>\n<h3><span style=\"color: #808080;\">Boulespielen kann jede\/r sehr schnell lernen. Wir haben es auch geschafft und es macht bereits ab dem ersten Spiel richtig Spa\u00df. Eine Ausr\u00fcstung, w.z.B. Schuhe, Trikots usw. ist nicht erforderlich. Kugeln, unsere Sportger\u00e4te, werden anfangs von uns gestellt. Wer bereits Kugeln hat, egal ob vom Supermarkt oder aus Frankreich, einfach mitbringen.<\/span><\/h3>\n<h3><span style=\"color: #808080;\">Kdrei freut sich auf alle Neugierigen.<\/span><\/h3>\n<h2><span style=\"color: #808080;\"><br \/>\n<\/span><\/h2>\n","protected":false},"excerpt":{"rendered":"<p>Wir treffen uns: Jeden Dienstag ab 18.00Uhr Manchmal auch am Sonntag. Beginn gegen 15.00Uhr. 72636 Frickenhausen Gartenstra\u00dfe 12 \ufeffIn den Krautg\u00e4rten. Das ist der Park hinter dem Kindergarten. Winterspielzeiten. Boulespielen [&hellip;]<\/p>\n","protected":false},"author":1,"featured_media":0,"parent":0,"menu_order":0,"comment_status":"closed","ping_status":"closed","template":"","meta":{"footnotes":""},"_links":{"self":[{"href":"https:\/\/www.kdrei-2009.de\/WPKdrei\/wp-json\/wp\/v2\/pages\/275"}],"collection":[{"href":"https:\/\/www.kdrei-2009.de\/WPKdrei\/wp-json\/wp\/v2\/pages"}],"about":[{"href":"https:\/\/www.kdrei-2009.de\/WPKdrei\/wp-json\/wp\/v2\/types\/page"}],"author":[{"embeddable":true,"href":"https:\/\/www.kdrei-2009.de\/WPKdrei\/wp-json\/wp\/v2\/users\/1"}],"replies":[{"embeddable":true,"href":"https:\/\/www.kdrei-2009.de\/WPKdrei\/wp-json\/wp\/v2\/comments?post=275"}],"version-history":[{"count":14,"href":"https:\/\/www.kdrei-2009.de\/WPKdrei\/wp-json\/wp\/v2\/pages\/275\/revisions"}],"predecessor-version":[{"id":279,"href":"https:\/\/www.kdrei-2009.de\/WPKdrei\/wp-json\/wp\/v2\/pages\/275\/revisions\/279"}],"wp:attachment":[{"href":"https:\/\/www.kdrei-2009.de\/WPKdrei\/wp-json\/wp\/v2\/media?parent=275"}],"curies":[{"name":"wp","href":"https:\/\/api.w.org\/{rel}","templated":true}]}}