{"id":2832,"date":"2012-06-26T06:32:27","date_gmt":"2012-06-26T06:32:27","guid":{"rendered":"https:\/\/www.kdrei-2009.de\/WPKdrei\/?page_id=2832"},"modified":"2016-03-16T12:28:18","modified_gmt":"2016-03-16T12:28:18","slug":"klavier-geige-bass","status":"publish","type":"page","link":"https:\/\/www.kdrei-2009.de\/WPKdrei\/kunst\/akustisches\/akustisches-2012\/klavier-geige-bass\/","title":{"rendered":"Klavier, Geige, Bass"},"content":{"rendered":"<h1><span style=\"color: #000080;\">KONZERT 22<\/span><\/h1>\n<h2><span style=\"color: #666699;\">JAZZ in der Scheune mit Chris Geisler, Klaus Marquardt, Kurt Holzk\u00e4mper<\/span><\/h2>\n<h2><span style=\"color: #666699;\">Sonntag, 01.Juli 2012 um 17.00Uhr <\/span><\/h2>\n<h2><span style=\"color: #666699;\">Hoffgasse 5<\/span><\/h2>\n<h2><span style=\"color: #666699;\">72669 Unterensingen<\/span><\/h2>\n<p><span style=\"color: #666699;\"> <\/span><\/p>\n<div id=\"attachment_2834\" style=\"width: 690px\" class=\"wp-caption aligncenter\"><a href=\"https:\/\/www.kdrei-2009.de\/WPKdrei\/wp-content\/uploads\/2012\/06\/geislermarquardtweb.jpg\" rel=\"lightbox[2832]\"><img loading=\"lazy\" decoding=\"async\" aria-describedby=\"caption-attachment-2834\" class=\"size-full wp-image-2834 \" title=\"geislermarquardtweb\" src=\"https:\/\/www.kdrei-2009.de\/WPKdrei\/wp-content\/uploads\/2012\/06\/geislermarquardtweb.jpg\" alt=\"\" width=\"680\" height=\"216\" srcset=\"https:\/\/www.kdrei-2009.de\/WPKdrei\/wp-content\/uploads\/2012\/06\/geislermarquardtweb.jpg 680w, https:\/\/www.kdrei-2009.de\/WPKdrei\/wp-content\/uploads\/2012\/06\/geislermarquardtweb-300x95.jpg 300w\" sizes=\"(max-width: 680px) 100vw, 680px\" \/><\/a><p id=\"caption-attachment-2834\" class=\"wp-caption-text\">Holzk\u00e4mper-Geisler-Marquardt<\/p><\/div>\n<h4><span style=\"color: #808080;\">Das 22. Konzert in der Scheune schlie\u00dft an den gro\u00dfen Erfolg des Jahres 2011 an. Erneut wird der Unterensinger<br \/>\nJazzpianist Chris Geisler mit seinem bew\u00e4hrten Trio zu h\u00f6ren sein, diesmal im fetzigen Dialog mit dem bekannten<br \/>\nJazzgeiger Klaus Marquardt aus Stuttgart. Zu der Besetzung Piano und Bass, gesellt sich also ein Geiger, der<\/span><span style=\"color: #808080;\">seine Vielseitigkeit unter Beweis stellen wird und sicher wird die Scheune wieder beben. In den unterschiedlichsten Projekten konnte Klaus Marquardt seine musikalische Ausdrucksf\u00e4higkeit erweitern. Sie alle sind herzlich eingeladen, dieses Ereignis wahrzunehmen, bringen Sie Ihre Freunde und Bekannten mit und sagen sie es weiter. Die Weiterf\u00fchrung der Konzerte in der Scheune h\u00e4ngt von Ihrer Anteilnahme ab, es geht nicht um einen kommerziellen Gewinn sondern um eine Bereicherung des kulturellen Lebens in der Gemeinde.<br \/>\nEintritt in das Konzert: 15.-\u20ac (12.-\u20ac)<\/span><span style=\"color: #808080;\">In der Pause stehen Erfrischungen f\u00fcr Sie bereit. Im Kunstraum im Stall werden Bilder von Max G. Bailly zu sehen sein.<br \/>\n<\/span><\/h4>\n<h4><span style=\"color: #808080;\">Das Chris Geisler Trio geh\u00f6rt seit Jahren zu den vielseitigsten und kreativsten Formationen der s\u00fcddeutschen Jazzszene. In zahlreichen Konzerten sowie durch die Kombination von europ\u00e4ischem Harmonieverst\u00e4ndnis mit afroamerikanischen Einfl\u00fcssen konnte sich ein eigener, unverwechselbarerer Stil herausbilden. Seit Jahren besteht eine enge Zusammenarbeit mit dem vielseitigen und sympathischen Jazzgeiger Klaus Marquardt. Das Trio wird an diesem Abend \u00fcberwiegend Kompositionen von Chris Geisler sowie Klaus Marquardt vortragen.<br \/>\nDie Erfahrung sowie die Spielfreude aller drei Musiker wird dieses Konzert zu einem unverwechselbaren Erlebnis machen.<\/span><\/h4>\n<h3>Klaus Marquardt e-violin<\/h3>\n<h4><span style=\"color: #808080;\">Klaus Marquardt ist einer der meist besch\u00e4ftigen Jazzgeiger in S\u00fcddeutschland. In den unterschiedlichsten musikalischen Zusammenh\u00e4ngen konnte er seinen eigenen Sound herausarbeiten. Ankl\u00e4nge an Jimi Hendrix, Robben Ford oder Jerry Goodman sind h\u00f6rbar. Klaus Marquardt der Triband XL-, Jon Lordund<br \/>\nFanta 4 Unplugged Tour 2003 \u2013 Geiger, der mit Jon Lord, Ian Paice, Roger Glover und Miller Andersen in Zermatt spielte, behandelt seine zur E-violin umgebaute Geige auf eine eigene unverwechselbare Art mir Soundeffekten wie Wah-Wah, Verzerrer u.m.<br \/>\nCD \u2013 Produktionen: Studioproduktionen unter anderem f\u00fcr Ray Wilson, S\u00f6hne Mannheims, Silje Nergaard,<br \/>\nPaul Harriman, Werner Dannemann u.v.m. <a href=\"http:\/\/www.bluesviolin.de\/Violin_Experience\/Klaus_Marquardt_-_e-violin,_violin,_Violin_Experience.html\"><span style=\"color: #666699;\">www.BluesViolin.de<\/span><\/a><\/span><\/h4>\n<h3><span style=\"color: #333333;\">Chris Geisler p.\/ comp.<\/span><\/h3>\n<h4><span style=\"color: #808080;\">Chris Geisler studierte Jazzpiano, Arrangement und Komposition in Graz. Finalist beim Jazzthemecontest in Monaco mit dem Titel<br \/>\n\u201eLong distance call\u201c. Projekte in den verschiedensten musikalischen Zusammenh\u00e4ngen (Theater-, Fernseh- und<br \/>\nRundfunkproduktionen) CD \u2013 Produktionen: Oliver Gr\u00f6newald Nine Piece Band; \u201eNude\u201c Suzie Byrd, \u201eA better place \u201etracks for singers\u201c Bernd Hufnagel, \u201eAlone together\u201c Solo, \u201eAmerican Songs\u201c Chris Geisler Trio; \u201eClassic Swing Trio\u201d<\/span><span style=\"color: #808080;\"> Chris Geisler Trio featuring Johannes Enders \u201cKatharsis\u201d<\/span> <a href=\"http:\/\/www.chrisgeisler.de\/\"> www.ChrisGeisler.de<\/a><\/h4>\n<h3><span style=\"color: #333333;\">Kurt Holzk\u00e4mper bass<\/span><\/h3>\n<h3><span style=\"color: #808080;\"> <\/span><\/h3>\n<h4><span style=\"color: #808080;\">Kurt Holzk\u00e4mper studierte am Hermann-Zilcher- Konservatorium in W\u00fcrzburg Jazz- und Popularmusik, Musikproduktion;<br \/>\nAufzeichnung mir verschiedenen deutschen Preisen (young bavarian lions, Jazzpreis Hessen)<br \/>\nZusammenarbeit unter anderem mit Gunter Hampel, Leszek Zadlo, Ernie Watts sowie Lafayette Harris.<br \/>\nCD \u2013 Produktionen: Chris Geisler Quartett \u201eKatharsis\u201c Ragman connection Patrick Bebelaar \u201eSwing2\u201c<br \/>\nPhon B Trio \u201eKurz darauf\u201c Canto del Agua<br \/>\n<a href=\"http:\/\/www.bassmusik.de\/kh\/_aktuell\/_aktuell.html\"><span style=\"color: #666699;\">www.Bassmusik.de<\/span><\/a><\/span><\/h4>\n","protected":false},"excerpt":{"rendered":"<p>KONZERT 22 JAZZ in der Scheune mit Chris Geisler, Klaus Marquardt, Kurt Holzk\u00e4mper Sonntag, 01.Juli 2012 um 17.00Uhr Hoffgasse 5 72669 Unterensingen Das 22. Konzert in der Scheune schlie\u00dft an [&hellip;]<\/p>\n","protected":false},"author":1,"featured_media":0,"parent":5476,"menu_order":0,"comment_status":"open","ping_status":"open","template":"","meta":{"footnotes":""},"_links":{"self":[{"href":"https:\/\/www.kdrei-2009.de\/WPKdrei\/wp-json\/wp\/v2\/pages\/2832"}],"collection":[{"href":"https:\/\/www.kdrei-2009.de\/WPKdrei\/wp-json\/wp\/v2\/pages"}],"about":[{"href":"https:\/\/www.kdrei-2009.de\/WPKdrei\/wp-json\/wp\/v2\/types\/page"}],"author":[{"embeddable":true,"href":"https:\/\/www.kdrei-2009.de\/WPKdrei\/wp-json\/wp\/v2\/users\/1"}],"replies":[{"embeddable":true,"href":"https:\/\/www.kdrei-2009.de\/WPKdrei\/wp-json\/wp\/v2\/comments?post=2832"}],"version-history":[{"count":8,"href":"https:\/\/www.kdrei-2009.de\/WPKdrei\/wp-json\/wp\/v2\/pages\/2832\/revisions"}],"predecessor-version":[{"id":5531,"href":"https:\/\/www.kdrei-2009.de\/WPKdrei\/wp-json\/wp\/v2\/pages\/2832\/revisions\/5531"}],"up":[{"embeddable":true,"href":"https:\/\/www.kdrei-2009.de\/WPKdrei\/wp-json\/wp\/v2\/pages\/5476"}],"wp:attachment":[{"href":"https:\/\/www.kdrei-2009.de\/WPKdrei\/wp-json\/wp\/v2\/media?parent=2832"}],"curies":[{"name":"wp","href":"https:\/\/api.w.org\/{rel}","templated":true}]}}