{"id":3152,"date":"2012-11-06T16:01:47","date_gmt":"2012-11-06T16:01:47","guid":{"rendered":"https:\/\/www.kdrei-2009.de\/WPKdrei\/?page_id=3152"},"modified":"2016-03-15T10:55:13","modified_gmt":"2016-03-15T10:55:13","slug":"erste-buchseiten-zum-kochkurs-2012","status":"publish","type":"page","link":"https:\/\/www.kdrei-2009.de\/WPKdrei\/kdrei-events\/events-2012\/erste-buchseiten-zum-kochkurs-2012\/","title":{"rendered":"Alle Buchseiten zum Kochkurs 2012"},"content":{"rendered":"<h4>So jetzt gibt es alle Seiten. Weihnachten steht vor der T\u00fcr. Es gibt wie immer viele Bilder. Diesmal etwas weniger, daf\u00fcr aber etwas gr\u00f6\u00dfere. Alle Rezepte zum Nachkochen f\u00fcr die Liebsten oder einfch f\u00fcr sich selbst mit netten G\u00e4sten(das k\u00f6nnen nat\u00fcrlich auch &#8222;die Liebsten&#8220; sein) weil es so viel Spass gemacht hat und so lecker war.<\/h4>\n<h4>Wer es haben will. Bestellung bitte bis16.11.2012 bei\u00a0\u00a0 info(at)kdrei-2009.de<\/h4>\n<h4><span style=\"color: #808080;\">Seit dem Kochkurs haben wir Seitenbesuchszahlen die deutlich \u00fcber dem Durchschnitt liegen. Liegt es an der Ungeduld oder ist der Bilderhunger noch ungestillt? Ich wei\u00df es nicht. Ich kann nur sagen..das dauert halt und es ist keine taktische Ma\u00dfnahme, um die Klicks in die H\u00f6he zu treiben. Hier f\u00fcr alle Ungeduldigen noch 2 Seiten vom Buch. So wirds dann mal aussehen. Wer es haben will&#8230;Email an info(at)kdrei-2009.de. Preis wie immer 35,00 Euro zzgl. Porto f\u00fcr 36 Seiten, 18,5cm x 18,5 cm, Hardcover. Wie immer mit allen Rezepten und wenig Worten.<br \/>\n<\/span><\/h4>\n<h4><span style=\"color: #808080;\">Also ein echtes Schn\u00e4ppchen<\/span><\/h4>\n<p style=\"text-align: center;\">\n<div id=\"attachment_3167\" style=\"width: 310px\" class=\"wp-caption aligncenter\"><a href=\"https:\/\/www.kdrei-2009.de\/WPKdrei\/wp-content\/uploads\/2012\/11\/K3-KK2012-Seite-Titelweb.jpg\" rel=\"lightbox[3152]\"><img loading=\"lazy\" decoding=\"async\" aria-describedby=\"caption-attachment-3167\" class=\"size-medium wp-image-3167 \" title=\"K3-KK2012 Seite Titelweb\" src=\"https:\/\/www.kdrei-2009.de\/WPKdrei\/wp-content\/uploads\/2012\/11\/K3-KK2012-Seite-Titelweb-300x300.jpg\" alt=\"\" width=\"300\" height=\"300\" srcset=\"https:\/\/www.kdrei-2009.de\/WPKdrei\/wp-content\/uploads\/2012\/11\/K3-KK2012-Seite-Titelweb-300x300.jpg 300w, https:\/\/www.kdrei-2009.de\/WPKdrei\/wp-content\/uploads\/2012\/11\/K3-KK2012-Seite-Titelweb-150x150.jpg 150w, https:\/\/www.kdrei-2009.de\/WPKdrei\/wp-content\/uploads\/2012\/11\/K3-KK2012-Seite-Titelweb.jpg 964w\" sizes=\"(max-width: 300px) 100vw, 300px\" \/><\/a><p id=\"caption-attachment-3167\" class=\"wp-caption-text\">Titel<\/p><\/div>\n<div id=\"attachment_3168\" style=\"width: 310px\" class=\"wp-caption aligncenter\"><a href=\"https:\/\/www.kdrei-2009.de\/WPKdrei\/wp-content\/uploads\/2012\/11\/K3-KK2012-Seite1web.jpg\" rel=\"lightbox[3152]\"><img loading=\"lazy\" decoding=\"async\" aria-describedby=\"caption-attachment-3168\" class=\"size-medium wp-image-3168 \" title=\"K3-KK2012 Seite1web\" src=\"https:\/\/www.kdrei-2009.de\/WPKdrei\/wp-content\/uploads\/2012\/11\/K3-KK2012-Seite1web-300x299.jpg\" alt=\"\" width=\"300\" height=\"299\" srcset=\"https:\/\/www.kdrei-2009.de\/WPKdrei\/wp-content\/uploads\/2012\/11\/K3-KK2012-Seite1web-300x299.jpg 300w, https:\/\/www.kdrei-2009.de\/WPKdrei\/wp-content\/uploads\/2012\/11\/K3-KK2012-Seite1web-150x150.jpg 150w, https:\/\/www.kdrei-2009.de\/WPKdrei\/wp-content\/uploads\/2012\/11\/K3-KK2012-Seite1web.jpg 964w\" sizes=\"(max-width: 300px) 100vw, 300px\" \/><\/a><p id=\"caption-attachment-3168\" class=\"wp-caption-text\">Seite 1<\/p><\/div>\n<p style=\"text-align: center;\"><span style=\"color: #808080;\"> <\/span><\/p>\n<div id=\"attachment_3169\" style=\"width: 310px\" class=\"wp-caption aligncenter\"><a href=\"https:\/\/www.kdrei-2009.de\/WPKdrei\/wp-content\/uploads\/2012\/11\/K3-KK2012-Seite02+3web.jpg\" rel=\"lightbox[3152]\"><img loading=\"lazy\" decoding=\"async\" aria-describedby=\"caption-attachment-3169\" class=\"size-medium wp-image-3169\" title=\"K3-KK2012 Seite02+3web\" src=\"https:\/\/www.kdrei-2009.de\/WPKdrei\/wp-content\/uploads\/2012\/11\/K3-KK2012-Seite02+3web-300x150.jpg\" alt=\"\" width=\"300\" height=\"150\" srcset=\"https:\/\/www.kdrei-2009.de\/WPKdrei\/wp-content\/uploads\/2012\/11\/K3-KK2012-Seite02+3web-300x150.jpg 300w, https:\/\/www.kdrei-2009.de\/WPKdrei\/wp-content\/uploads\/2012\/11\/K3-KK2012-Seite02+3web.jpg 964w\" sizes=\"(max-width: 300px) 100vw, 300px\" \/><\/a><p id=\"caption-attachment-3169\" class=\"wp-caption-text\">Seite 2+3<\/p><\/div>\n<div id=\"attachment_3170\" style=\"width: 310px\" class=\"wp-caption aligncenter\"><a href=\"https:\/\/www.kdrei-2009.de\/WPKdrei\/wp-content\/uploads\/2012\/11\/K3-KK2012-Seite04+5web.jpg\" rel=\"lightbox[3152]\"><img loading=\"lazy\" decoding=\"async\" aria-describedby=\"caption-attachment-3170\" class=\"size-medium wp-image-3170 \" title=\"K3-KK2012 Seite04+5web\" src=\"https:\/\/www.kdrei-2009.de\/WPKdrei\/wp-content\/uploads\/2012\/11\/K3-KK2012-Seite04+5web-300x150.jpg\" alt=\"\" width=\"300\" height=\"150\" srcset=\"https:\/\/www.kdrei-2009.de\/WPKdrei\/wp-content\/uploads\/2012\/11\/K3-KK2012-Seite04+5web-300x150.jpg 300w, https:\/\/www.kdrei-2009.de\/WPKdrei\/wp-content\/uploads\/2012\/11\/K3-KK2012-Seite04+5web.jpg 964w\" sizes=\"(max-width: 300px) 100vw, 300px\" \/><\/a><p id=\"caption-attachment-3170\" class=\"wp-caption-text\">Seite 4+5<\/p><\/div>\n<div id=\"attachment_3171\" style=\"width: 310px\" class=\"wp-caption aligncenter\"><a href=\"https:\/\/www.kdrei-2009.de\/WPKdrei\/wp-content\/uploads\/2012\/11\/K3-KK2012-Seite06+7web.jpg\" rel=\"lightbox[3152]\"><img loading=\"lazy\" decoding=\"async\" aria-describedby=\"caption-attachment-3171\" class=\"size-medium wp-image-3171\" title=\"K3-KK2012 Seite06+7web\" src=\"https:\/\/www.kdrei-2009.de\/WPKdrei\/wp-content\/uploads\/2012\/11\/K3-KK2012-Seite06+7web-300x149.jpg\" alt=\"\" width=\"300\" height=\"149\" srcset=\"https:\/\/www.kdrei-2009.de\/WPKdrei\/wp-content\/uploads\/2012\/11\/K3-KK2012-Seite06+7web-300x149.jpg 300w, https:\/\/www.kdrei-2009.de\/WPKdrei\/wp-content\/uploads\/2012\/11\/K3-KK2012-Seite06+7web.jpg 964w\" sizes=\"(max-width: 300px) 100vw, 300px\" \/><\/a><p id=\"caption-attachment-3171\" class=\"wp-caption-text\">Seite 6+7<\/p><\/div>\n<div id=\"attachment_3172\" style=\"width: 310px\" class=\"wp-caption aligncenter\"><a href=\"https:\/\/www.kdrei-2009.de\/WPKdrei\/wp-content\/uploads\/2012\/11\/K3-KK2012-Seite08+9web.jpg\" rel=\"lightbox[3152]\"><img loading=\"lazy\" decoding=\"async\" aria-describedby=\"caption-attachment-3172\" class=\"size-medium wp-image-3172\" title=\"K3-KK2012 Seite08+9web\" src=\"https:\/\/www.kdrei-2009.de\/WPKdrei\/wp-content\/uploads\/2012\/11\/K3-KK2012-Seite08+9web-300x150.jpg\" alt=\"\" width=\"300\" height=\"150\" srcset=\"https:\/\/www.kdrei-2009.de\/WPKdrei\/wp-content\/uploads\/2012\/11\/K3-KK2012-Seite08+9web-300x150.jpg 300w, https:\/\/www.kdrei-2009.de\/WPKdrei\/wp-content\/uploads\/2012\/11\/K3-KK2012-Seite08+9web.jpg 964w\" sizes=\"(max-width: 300px) 100vw, 300px\" \/><\/a><p id=\"caption-attachment-3172\" class=\"wp-caption-text\">Seite 8+9<\/p><\/div>\n<div id=\"attachment_3173\" style=\"width: 310px\" class=\"wp-caption aligncenter\"><a href=\"https:\/\/www.kdrei-2009.de\/WPKdrei\/wp-content\/uploads\/2012\/11\/K3-KK2012-Seite10+11web.jpg\" rel=\"lightbox[3152]\"><img loading=\"lazy\" decoding=\"async\" aria-describedby=\"caption-attachment-3173\" class=\"size-medium wp-image-3173\" title=\"K3-KK2012 Seite10+11web\" src=\"https:\/\/www.kdrei-2009.de\/WPKdrei\/wp-content\/uploads\/2012\/11\/K3-KK2012-Seite10+11web-300x149.jpg\" alt=\"\" width=\"300\" height=\"149\" srcset=\"https:\/\/www.kdrei-2009.de\/WPKdrei\/wp-content\/uploads\/2012\/11\/K3-KK2012-Seite10+11web-300x149.jpg 300w, https:\/\/www.kdrei-2009.de\/WPKdrei\/wp-content\/uploads\/2012\/11\/K3-KK2012-Seite10+11web.jpg 964w\" sizes=\"(max-width: 300px) 100vw, 300px\" \/><\/a><p id=\"caption-attachment-3173\" class=\"wp-caption-text\">Seite 10+11<\/p><\/div>\n<div id=\"attachment_3174\" style=\"width: 310px\" class=\"wp-caption aligncenter\"><a href=\"https:\/\/www.kdrei-2009.de\/WPKdrei\/wp-content\/uploads\/2012\/11\/K3-KK2012-Seite12+13web1.jpg\" rel=\"lightbox[3152]\"><img loading=\"lazy\" decoding=\"async\" aria-describedby=\"caption-attachment-3174\" class=\"size-medium wp-image-3174\" title=\"K3-KK2012 Seite12+13web\" src=\"https:\/\/www.kdrei-2009.de\/WPKdrei\/wp-content\/uploads\/2012\/11\/K3-KK2012-Seite12+13web1-300x150.jpg\" alt=\"\" width=\"300\" height=\"150\" srcset=\"https:\/\/www.kdrei-2009.de\/WPKdrei\/wp-content\/uploads\/2012\/11\/K3-KK2012-Seite12+13web1-300x150.jpg 300w, https:\/\/www.kdrei-2009.de\/WPKdrei\/wp-content\/uploads\/2012\/11\/K3-KK2012-Seite12+13web1.jpg 964w\" sizes=\"(max-width: 300px) 100vw, 300px\" \/><\/a><p id=\"caption-attachment-3174\" class=\"wp-caption-text\">Seite 12+13<\/p><\/div>\n<div id=\"attachment_3175\" style=\"width: 310px\" class=\"wp-caption aligncenter\"><a href=\"https:\/\/www.kdrei-2009.de\/WPKdrei\/wp-content\/uploads\/2012\/11\/K3-KK2012-Seite14+15web.jpg\" rel=\"lightbox[3152]\"><img loading=\"lazy\" decoding=\"async\" aria-describedby=\"caption-attachment-3175\" class=\"size-medium wp-image-3175\" title=\"K3-KK2012 Seite14+15web\" src=\"https:\/\/www.kdrei-2009.de\/WPKdrei\/wp-content\/uploads\/2012\/11\/K3-KK2012-Seite14+15web-300x149.jpg\" alt=\"\" width=\"300\" height=\"149\" srcset=\"https:\/\/www.kdrei-2009.de\/WPKdrei\/wp-content\/uploads\/2012\/11\/K3-KK2012-Seite14+15web-300x149.jpg 300w, https:\/\/www.kdrei-2009.de\/WPKdrei\/wp-content\/uploads\/2012\/11\/K3-KK2012-Seite14+15web.jpg 964w\" sizes=\"(max-width: 300px) 100vw, 300px\" \/><\/a><p id=\"caption-attachment-3175\" class=\"wp-caption-text\">Seite 14+15<\/p><\/div>\n<div id=\"attachment_3176\" style=\"width: 310px\" class=\"wp-caption aligncenter\"><a href=\"https:\/\/www.kdrei-2009.de\/WPKdrei\/wp-content\/uploads\/2012\/11\/K3-KK2012-Seite16+17web.jpg\" rel=\"lightbox[3152]\"><img loading=\"lazy\" decoding=\"async\" aria-describedby=\"caption-attachment-3176\" class=\"size-medium wp-image-3176\" title=\"K3-KK2012 Seite16+17web\" src=\"https:\/\/www.kdrei-2009.de\/WPKdrei\/wp-content\/uploads\/2012\/11\/K3-KK2012-Seite16+17web-300x149.jpg\" alt=\"\" width=\"300\" height=\"149\" srcset=\"https:\/\/www.kdrei-2009.de\/WPKdrei\/wp-content\/uploads\/2012\/11\/K3-KK2012-Seite16+17web-300x149.jpg 300w, https:\/\/www.kdrei-2009.de\/WPKdrei\/wp-content\/uploads\/2012\/11\/K3-KK2012-Seite16+17web.jpg 964w\" sizes=\"(max-width: 300px) 100vw, 300px\" \/><\/a><p id=\"caption-attachment-3176\" class=\"wp-caption-text\">Seite 16+17<\/p><\/div>\n<div id=\"attachment_3177\" style=\"width: 310px\" class=\"wp-caption aligncenter\"><a href=\"https:\/\/www.kdrei-2009.de\/WPKdrei\/wp-content\/uploads\/2012\/11\/K3-KK2012-Seite18+19web.jpg\" rel=\"lightbox[3152]\"><img loading=\"lazy\" decoding=\"async\" aria-describedby=\"caption-attachment-3177\" class=\"size-medium wp-image-3177\" title=\"K3-KK2012 Seite18+19web\" src=\"https:\/\/www.kdrei-2009.de\/WPKdrei\/wp-content\/uploads\/2012\/11\/K3-KK2012-Seite18+19web-300x150.jpg\" alt=\"\" width=\"300\" height=\"150\" srcset=\"https:\/\/www.kdrei-2009.de\/WPKdrei\/wp-content\/uploads\/2012\/11\/K3-KK2012-Seite18+19web-300x150.jpg 300w, https:\/\/www.kdrei-2009.de\/WPKdrei\/wp-content\/uploads\/2012\/11\/K3-KK2012-Seite18+19web.jpg 964w\" sizes=\"(max-width: 300px) 100vw, 300px\" \/><\/a><p id=\"caption-attachment-3177\" class=\"wp-caption-text\">Seite 18+19<\/p><\/div>\n<div id=\"attachment_3179\" style=\"width: 310px\" class=\"wp-caption aligncenter\"><a href=\"https:\/\/www.kdrei-2009.de\/WPKdrei\/wp-content\/uploads\/2012\/11\/K3-KK2012-Seite22+23web.jpg\" rel=\"lightbox[3152]\"><img loading=\"lazy\" decoding=\"async\" aria-describedby=\"caption-attachment-3179\" class=\"size-medium wp-image-3179\" title=\"K3-KK2012 Seite22+23web\" src=\"https:\/\/www.kdrei-2009.de\/WPKdrei\/wp-content\/uploads\/2012\/11\/K3-KK2012-Seite22+23web-300x150.jpg\" alt=\"\" width=\"300\" height=\"150\" srcset=\"https:\/\/www.kdrei-2009.de\/WPKdrei\/wp-content\/uploads\/2012\/11\/K3-KK2012-Seite22+23web-300x150.jpg 300w, https:\/\/www.kdrei-2009.de\/WPKdrei\/wp-content\/uploads\/2012\/11\/K3-KK2012-Seite22+23web.jpg 964w\" sizes=\"(max-width: 300px) 100vw, 300px\" \/><\/a><p id=\"caption-attachment-3179\" class=\"wp-caption-text\">Seite 20+21<\/p><\/div>\n<div id=\"attachment_3178\" style=\"width: 310px\" class=\"wp-caption aligncenter\"><a href=\"https:\/\/www.kdrei-2009.de\/WPKdrei\/wp-content\/uploads\/2012\/11\/K3-KK2012-Seite20+21web.jpg\" rel=\"lightbox[3152]\"><img loading=\"lazy\" decoding=\"async\" aria-describedby=\"caption-attachment-3178\" class=\"size-medium wp-image-3178\" title=\"K3-KK2012 Seite20+21web\" src=\"https:\/\/www.kdrei-2009.de\/WPKdrei\/wp-content\/uploads\/2012\/11\/K3-KK2012-Seite20+21web-300x149.jpg\" alt=\"\" width=\"300\" height=\"149\" srcset=\"https:\/\/www.kdrei-2009.de\/WPKdrei\/wp-content\/uploads\/2012\/11\/K3-KK2012-Seite20+21web-300x149.jpg 300w, https:\/\/www.kdrei-2009.de\/WPKdrei\/wp-content\/uploads\/2012\/11\/K3-KK2012-Seite20+21web.jpg 964w\" sizes=\"(max-width: 300px) 100vw, 300px\" \/><\/a><p id=\"caption-attachment-3178\" class=\"wp-caption-text\">Seite 22+23<\/p><\/div>\n<div id=\"attachment_3180\" style=\"width: 310px\" class=\"wp-caption aligncenter\"><a href=\"https:\/\/www.kdrei-2009.de\/WPKdrei\/wp-content\/uploads\/2012\/11\/K3-KK2012-Seite24+25web.jpg\" rel=\"lightbox[3152]\"><img loading=\"lazy\" decoding=\"async\" aria-describedby=\"caption-attachment-3180\" class=\"size-medium wp-image-3180\" title=\"K3-KK2012 Seite24+25web\" src=\"https:\/\/www.kdrei-2009.de\/WPKdrei\/wp-content\/uploads\/2012\/11\/K3-KK2012-Seite24+25web-300x150.jpg\" alt=\"\" width=\"300\" height=\"150\" srcset=\"https:\/\/www.kdrei-2009.de\/WPKdrei\/wp-content\/uploads\/2012\/11\/K3-KK2012-Seite24+25web-300x150.jpg 300w, https:\/\/www.kdrei-2009.de\/WPKdrei\/wp-content\/uploads\/2012\/11\/K3-KK2012-Seite24+25web.jpg 964w\" sizes=\"(max-width: 300px) 100vw, 300px\" \/><\/a><p id=\"caption-attachment-3180\" class=\"wp-caption-text\">Seite 24+25<\/p><\/div>\n<div id=\"attachment_3165\" style=\"width: 310px\" class=\"wp-caption aligncenter\"><a href=\"https:\/\/www.kdrei-2009.de\/WPKdrei\/wp-content\/uploads\/2012\/11\/K3-KK2012-Seite-34a+35aweb.jpg\" rel=\"lightbox[3152]\"><img loading=\"lazy\" decoding=\"async\" aria-describedby=\"caption-attachment-3165\" class=\"size-medium wp-image-3165\" title=\"K3-KK2012 Seite 34a+35aweb\" src=\"https:\/\/www.kdrei-2009.de\/WPKdrei\/wp-content\/uploads\/2012\/11\/K3-KK2012-Seite-34a+35aweb-300x149.jpg\" alt=\"\" width=\"300\" height=\"149\" srcset=\"https:\/\/www.kdrei-2009.de\/WPKdrei\/wp-content\/uploads\/2012\/11\/K3-KK2012-Seite-34a+35aweb-300x149.jpg 300w, https:\/\/www.kdrei-2009.de\/WPKdrei\/wp-content\/uploads\/2012\/11\/K3-KK2012-Seite-34a+35aweb.jpg 964w\" sizes=\"(max-width: 300px) 100vw, 300px\" \/><\/a><p id=\"caption-attachment-3165\" class=\"wp-caption-text\">Seite 26+27<\/p><\/div>\n<div id=\"attachment_3161\" style=\"width: 310px\" class=\"wp-caption aligncenter\"><a href=\"https:\/\/www.kdrei-2009.de\/WPKdrei\/wp-content\/uploads\/2012\/11\/K3-KK2012-Seite-28+29web.jpg\" rel=\"lightbox[3152]\"><img loading=\"lazy\" decoding=\"async\" aria-describedby=\"caption-attachment-3161\" class=\"size-medium wp-image-3161\" title=\"K3-KK2012 Seite 28+29web\" src=\"https:\/\/www.kdrei-2009.de\/WPKdrei\/wp-content\/uploads\/2012\/11\/K3-KK2012-Seite-28+29web-300x150.jpg\" alt=\"\" width=\"300\" height=\"150\" srcset=\"https:\/\/www.kdrei-2009.de\/WPKdrei\/wp-content\/uploads\/2012\/11\/K3-KK2012-Seite-28+29web-300x150.jpg 300w, https:\/\/www.kdrei-2009.de\/WPKdrei\/wp-content\/uploads\/2012\/11\/K3-KK2012-Seite-28+29web.jpg 964w\" sizes=\"(max-width: 300px) 100vw, 300px\" \/><\/a><p id=\"caption-attachment-3161\" class=\"wp-caption-text\">Seite 28+29<\/p><\/div>\n<div id=\"attachment_3162\" style=\"width: 310px\" class=\"wp-caption aligncenter\"><a href=\"https:\/\/www.kdrei-2009.de\/WPKdrei\/wp-content\/uploads\/2012\/11\/K3-KK2012-Seite-30+31web.jpg\" rel=\"lightbox[3152]\"><img loading=\"lazy\" decoding=\"async\" aria-describedby=\"caption-attachment-3162\" class=\"size-medium wp-image-3162\" title=\"K3-KK2012 Seite 30+31web\" src=\"https:\/\/www.kdrei-2009.de\/WPKdrei\/wp-content\/uploads\/2012\/11\/K3-KK2012-Seite-30+31web-300x150.jpg\" alt=\"\" width=\"300\" height=\"150\" srcset=\"https:\/\/www.kdrei-2009.de\/WPKdrei\/wp-content\/uploads\/2012\/11\/K3-KK2012-Seite-30+31web-300x150.jpg 300w, https:\/\/www.kdrei-2009.de\/WPKdrei\/wp-content\/uploads\/2012\/11\/K3-KK2012-Seite-30+31web.jpg 964w\" sizes=\"(max-width: 300px) 100vw, 300px\" \/><\/a><p id=\"caption-attachment-3162\" class=\"wp-caption-text\">Seite 30+31<\/p><\/div>\n<div id=\"attachment_3163\" style=\"width: 310px\" class=\"wp-caption aligncenter\"><a href=\"https:\/\/www.kdrei-2009.de\/WPKdrei\/wp-content\/uploads\/2012\/11\/K3-KK2012-Seite-32+33web.jpg\" rel=\"lightbox[3152]\"><img loading=\"lazy\" decoding=\"async\" aria-describedby=\"caption-attachment-3163\" class=\"size-medium wp-image-3163\" title=\"K3-KK2012 Seite 32+33web\" src=\"https:\/\/www.kdrei-2009.de\/WPKdrei\/wp-content\/uploads\/2012\/11\/K3-KK2012-Seite-32+33web-300x150.jpg\" alt=\"\" width=\"300\" height=\"150\" srcset=\"https:\/\/www.kdrei-2009.de\/WPKdrei\/wp-content\/uploads\/2012\/11\/K3-KK2012-Seite-32+33web-300x150.jpg 300w, https:\/\/www.kdrei-2009.de\/WPKdrei\/wp-content\/uploads\/2012\/11\/K3-KK2012-Seite-32+33web.jpg 964w\" sizes=\"(max-width: 300px) 100vw, 300px\" \/><\/a><p id=\"caption-attachment-3163\" class=\"wp-caption-text\">Seite 32+33<\/p><\/div>\n<div id=\"attachment_3164\" style=\"width: 310px\" class=\"wp-caption aligncenter\"><a href=\"https:\/\/www.kdrei-2009.de\/WPKdrei\/wp-content\/uploads\/2012\/11\/K3-KK2012-Seite-34+35.jpg\" rel=\"lightbox[3152]\"><img loading=\"lazy\" decoding=\"async\" aria-describedby=\"caption-attachment-3164\" class=\"size-medium wp-image-3164\" title=\"K3-KK2012 Seite 34+35\" src=\"https:\/\/www.kdrei-2009.de\/WPKdrei\/wp-content\/uploads\/2012\/11\/K3-KK2012-Seite-34+35-300x149.jpg\" alt=\"\" width=\"300\" height=\"149\" srcset=\"https:\/\/www.kdrei-2009.de\/WPKdrei\/wp-content\/uploads\/2012\/11\/K3-KK2012-Seite-34+35-300x149.jpg 300w, https:\/\/www.kdrei-2009.de\/WPKdrei\/wp-content\/uploads\/2012\/11\/K3-KK2012-Seite-34+35.jpg 964w\" sizes=\"(max-width: 300px) 100vw, 300px\" \/><\/a><p id=\"caption-attachment-3164\" class=\"wp-caption-text\">Seite 34+35<\/p><\/div>\n<div id=\"attachment_3166\" style=\"width: 310px\" class=\"wp-caption aligncenter\"><a href=\"https:\/\/www.kdrei-2009.de\/WPKdrei\/wp-content\/uploads\/2012\/11\/K3-KK2012-Seite-35web.jpg\" rel=\"lightbox[3152]\"><img loading=\"lazy\" decoding=\"async\" aria-describedby=\"caption-attachment-3166\" class=\"size-medium wp-image-3166\" title=\"K3-KK2012 Seite 35web\" src=\"https:\/\/www.kdrei-2009.de\/WPKdrei\/wp-content\/uploads\/2012\/11\/K3-KK2012-Seite-35web-300x299.jpg\" alt=\"\" width=\"300\" height=\"299\" srcset=\"https:\/\/www.kdrei-2009.de\/WPKdrei\/wp-content\/uploads\/2012\/11\/K3-KK2012-Seite-35web-300x299.jpg 300w, https:\/\/www.kdrei-2009.de\/WPKdrei\/wp-content\/uploads\/2012\/11\/K3-KK2012-Seite-35web-150x150.jpg 150w, https:\/\/www.kdrei-2009.de\/WPKdrei\/wp-content\/uploads\/2012\/11\/K3-KK2012-Seite-35web.jpg 964w\" sizes=\"(max-width: 300px) 100vw, 300px\" \/><\/a><p id=\"caption-attachment-3166\" class=\"wp-caption-text\">Seite 36<\/p><\/div>\n","protected":false},"excerpt":{"rendered":"<p>So jetzt gibt es alle Seiten. Weihnachten steht vor der T\u00fcr. Es gibt wie immer viele Bilder. Diesmal etwas weniger, daf\u00fcr aber etwas gr\u00f6\u00dfere. Alle Rezepte zum Nachkochen f\u00fcr die [&hellip;]<\/p>\n","protected":false},"author":1,"featured_media":0,"parent":5254,"menu_order":0,"comment_status":"open","ping_status":"open","template":"","meta":{"footnotes":""},"_links":{"self":[{"href":"https:\/\/www.kdrei-2009.de\/WPKdrei\/wp-json\/wp\/v2\/pages\/3152"}],"collection":[{"href":"https:\/\/www.kdrei-2009.de\/WPKdrei\/wp-json\/wp\/v2\/pages"}],"about":[{"href":"https:\/\/www.kdrei-2009.de\/WPKdrei\/wp-json\/wp\/v2\/types\/page"}],"author":[{"embeddable":true,"href":"https:\/\/www.kdrei-2009.de\/WPKdrei\/wp-json\/wp\/v2\/users\/1"}],"replies":[{"embeddable":true,"href":"https:\/\/www.kdrei-2009.de\/WPKdrei\/wp-json\/wp\/v2\/comments?post=3152"}],"version-history":[{"count":7,"href":"https:\/\/www.kdrei-2009.de\/WPKdrei\/wp-json\/wp\/v2\/pages\/3152\/revisions"}],"predecessor-version":[{"id":5325,"href":"https:\/\/www.kdrei-2009.de\/WPKdrei\/wp-json\/wp\/v2\/pages\/3152\/revisions\/5325"}],"up":[{"embeddable":true,"href":"https:\/\/www.kdrei-2009.de\/WPKdrei\/wp-json\/wp\/v2\/pages\/5254"}],"wp:attachment":[{"href":"https:\/\/www.kdrei-2009.de\/WPKdrei\/wp-json\/wp\/v2\/media?parent=3152"}],"curies":[{"name":"wp","href":"https:\/\/api.w.org\/{rel}","templated":true}]}}