{"id":3384,"date":"2013-02-21T12:43:47","date_gmt":"2013-02-21T12:43:47","guid":{"rendered":"https:\/\/www.kdrei-2009.de\/WPKdrei\/?page_id=3384"},"modified":"2016-03-16T12:29:46","modified_gmt":"2016-03-16T12:29:46","slug":"nko-hier-spielt-mgb-die-zweite-geige","status":"publish","type":"page","link":"https:\/\/www.kdrei-2009.de\/WPKdrei\/kunst\/akustisches\/akustisches-2013\/nko-hier-spielt-mgb-die-zweite-geige\/","title":{"rendered":"NKO&#8230;hier spielt MGB die zweite Geige"},"content":{"rendered":"<h3 style=\"text-align: center;\"><span style=\"color: #808080;\">F\u00fcr alle Freunde klassischer Musik. Ein echtes Sahnest\u00fcck.<\/span><\/h3>\n<h3 style=\"text-align: center;\"><span style=\"color: #808080;\">Max mit 4 Saiten anstatt 3 Kugeln. Nat\u00fcrlich auch ein ganz anderes Klangbild als auf einem Bouelplatz. Wir kommen nat\u00fcrlich auch nicht in Vereinstrikots. Aber wir freuen uns auf dieses H\u00f6rerlebnis&#8230;<\/span><\/h3>\n<p style=\"text-align: center;\">Auf Bilder klicken und Bilder werden gr\u00f6\u00dfer.<\/p>\n<p style=\"text-align: center;\"><a href=\"https:\/\/www.kdrei-2009.de\/WPKdrei\/wp-content\/uploads\/2013\/02\/NKO-2013-01b.jpg\" rel=\"lightbox[3384]\"><img loading=\"lazy\" decoding=\"async\" class=\"aligncenter size-full wp-image-3376\" title=\"Microsoft Word - Programm_gesamt.doc\" src=\"https:\/\/www.kdrei-2009.de\/WPKdrei\/wp-content\/uploads\/2013\/02\/NKO-2013-01b.jpg\" alt=\"\" width=\"408\" height=\"496\" srcset=\"https:\/\/www.kdrei-2009.de\/WPKdrei\/wp-content\/uploads\/2013\/02\/NKO-2013-01b.jpg 680w, https:\/\/www.kdrei-2009.de\/WPKdrei\/wp-content\/uploads\/2013\/02\/NKO-2013-01b-246x300.jpg 246w\" sizes=\"(max-width: 408px) 100vw, 408px\" \/><\/a><\/p>\n<p style=\"text-align: center;\"><a href=\"https:\/\/www.kdrei-2009.de\/WPKdrei\/wp-content\/uploads\/2013\/02\/NKO-2013-01a.jpg\" rel=\"lightbox[3384]\"><img loading=\"lazy\" decoding=\"async\" class=\"aligncenter size-full wp-image-3375\" title=\"Microsoft Word - Programm_gesamt.doc\" src=\"https:\/\/www.kdrei-2009.de\/WPKdrei\/wp-content\/uploads\/2013\/02\/NKO-2013-01a.jpg\" alt=\"\" width=\"408\" height=\"568\" srcset=\"https:\/\/www.kdrei-2009.de\/WPKdrei\/wp-content\/uploads\/2013\/02\/NKO-2013-01a.jpg 680w, https:\/\/www.kdrei-2009.de\/WPKdrei\/wp-content\/uploads\/2013\/02\/NKO-2013-01a-215x300.jpg 215w\" sizes=\"(max-width: 408px) 100vw, 408px\" \/><\/a><\/p>\n<p style=\"text-align: center;\"><a href=\"https:\/\/www.kdrei-2009.de\/WPKdrei\/wp-content\/uploads\/2013\/02\/NKO-2013-01c.jpg\" rel=\"lightbox[3384]\"><img loading=\"lazy\" decoding=\"async\" class=\"aligncenter size-full wp-image-3378\" title=\"Microsoft Word - Programm_gesamt.doc\" src=\"https:\/\/www.kdrei-2009.de\/WPKdrei\/wp-content\/uploads\/2013\/02\/NKO-2013-01c.jpg\" alt=\"\" width=\"408\" height=\"305\" srcset=\"https:\/\/www.kdrei-2009.de\/WPKdrei\/wp-content\/uploads\/2013\/02\/NKO-2013-01c.jpg 680w, https:\/\/www.kdrei-2009.de\/WPKdrei\/wp-content\/uploads\/2013\/02\/NKO-2013-01c-300x224.jpg 300w\" sizes=\"(max-width: 408px) 100vw, 408px\" \/><\/a><\/p>\n<p style=\"text-align: center;\">\n","protected":false},"excerpt":{"rendered":"<p>F\u00fcr alle Freunde klassischer Musik. Ein echtes Sahnest\u00fcck. Max mit 4 Saiten anstatt 3 Kugeln. Nat\u00fcrlich auch ein ganz anderes Klangbild als auf einem Bouelplatz. Wir kommen nat\u00fcrlich auch nicht [&hellip;]<\/p>\n","protected":false},"author":1,"featured_media":0,"parent":5474,"menu_order":0,"comment_status":"open","ping_status":"open","template":"","meta":{"footnotes":""},"_links":{"self":[{"href":"https:\/\/www.kdrei-2009.de\/WPKdrei\/wp-json\/wp\/v2\/pages\/3384"}],"collection":[{"href":"https:\/\/www.kdrei-2009.de\/WPKdrei\/wp-json\/wp\/v2\/pages"}],"about":[{"href":"https:\/\/www.kdrei-2009.de\/WPKdrei\/wp-json\/wp\/v2\/types\/page"}],"author":[{"embeddable":true,"href":"https:\/\/www.kdrei-2009.de\/WPKdrei\/wp-json\/wp\/v2\/users\/1"}],"replies":[{"embeddable":true,"href":"https:\/\/www.kdrei-2009.de\/WPKdrei\/wp-json\/wp\/v2\/comments?post=3384"}],"version-history":[{"count":5,"href":"https:\/\/www.kdrei-2009.de\/WPKdrei\/wp-json\/wp\/v2\/pages\/3384\/revisions"}],"predecessor-version":[{"id":5534,"href":"https:\/\/www.kdrei-2009.de\/WPKdrei\/wp-json\/wp\/v2\/pages\/3384\/revisions\/5534"}],"up":[{"embeddable":true,"href":"https:\/\/www.kdrei-2009.de\/WPKdrei\/wp-json\/wp\/v2\/pages\/5474"}],"wp:attachment":[{"href":"https:\/\/www.kdrei-2009.de\/WPKdrei\/wp-json\/wp\/v2\/media?parent=3384"}],"curies":[{"name":"wp","href":"https:\/\/api.w.org\/{rel}","templated":true}]}}