{"id":3392,"date":"2013-02-21T12:59:18","date_gmt":"2013-02-21T12:59:18","guid":{"rendered":"https:\/\/www.kdrei-2009.de\/WPKdrei\/?page_id=3392"},"modified":"2016-03-16T12:13:47","modified_gmt":"2016-03-16T12:13:47","slug":"es-wird-fruhling-alles-wird-wieder-farbig","status":"publish","type":"page","link":"https:\/\/www.kdrei-2009.de\/WPKdrei\/kunst\/visuelles\/visuelles-2013\/es-wird-fruhling-alles-wird-wieder-farbig\/","title":{"rendered":"Es wird Fr\u00fchling&#8230;alles wird wieder farbig&#8230;"},"content":{"rendered":"<h3 style=\"text-align: center;\"><span style=\"color: #808080;\">&#8222;Verborgene G\u00e4rten&#8220;&#8230;Malerei von Eva Hoppert. <\/span><\/h3>\n<p><span style=\"color: #808080;\">Ihr k\u00f6nnt eure Augen in dieser Ausstellung auf das heraneilende Fr\u00fchjahr vorbereiten. Passend zur Ausstellungsreihe &#8222;Bunt wie das Leben&#8220;, stellt Eva Hoppert ihre Malerei zu eurem Sehvergn\u00fcgen aus. Max Bailly wir in die Ausstellung und Arbeit von Eva Hoppert einf\u00fchren. Chris Geisler umrahmt die Vernissage musiklaisch am Piano.<\/span><\/p>\n<p style=\"text-align: center;\"><a href=\"https:\/\/www.kdrei-2009.de\/WPKdrei\/wp-content\/uploads\/2013\/02\/Vernissage-hoppert2013-01c.jpg\" rel=\"lightbox[3392]\"><img loading=\"lazy\" decoding=\"async\" class=\"size-full wp-image-3380 alignleft\" title=\"WF\/X-3 300dpi\" src=\"https:\/\/www.kdrei-2009.de\/WPKdrei\/wp-content\/uploads\/2013\/02\/Vernissage-hoppert2013-01b.jpg\" alt=\"\" width=\"283\" height=\"585\" srcset=\"https:\/\/www.kdrei-2009.de\/WPKdrei\/wp-content\/uploads\/2013\/02\/Vernissage-hoppert2013-01b.jpg 283w, https:\/\/www.kdrei-2009.de\/WPKdrei\/wp-content\/uploads\/2013\/02\/Vernissage-hoppert2013-01b-145x300.jpg 145w\" sizes=\"(max-width: 283px) 100vw, 283px\" \/><img loading=\"lazy\" decoding=\"async\" class=\"alignright size-full wp-image-3382\" title=\"WF\/X-3 300dpi\" src=\"https:\/\/www.kdrei-2009.de\/WPKdrei\/wp-content\/uploads\/2013\/02\/Vernissage-hoppert2013-01c.jpg\" alt=\"\" width=\"283\" height=\"617\" srcset=\"https:\/\/www.kdrei-2009.de\/WPKdrei\/wp-content\/uploads\/2013\/02\/Vernissage-hoppert2013-01c.jpg 283w, https:\/\/www.kdrei-2009.de\/WPKdrei\/wp-content\/uploads\/2013\/02\/Vernissage-hoppert2013-01c-137x300.jpg 137w\" sizes=\"(max-width: 283px) 100vw, 283px\" \/><\/a><a href=\"https:\/\/www.kdrei-2009.de\/WPKdrei\/wp-content\/uploads\/2013\/02\/Vernissage-hoppert2013-01d.jpg\" rel=\"lightbox[3392]\"><img loading=\"lazy\" decoding=\"async\" class=\"alignright size-full wp-image-3383\" title=\"WF\/X-3 300dpi\" src=\"https:\/\/www.kdrei-2009.de\/WPKdrei\/wp-content\/uploads\/2013\/02\/Vernissage-hoppert2013-01d.jpg\" alt=\"\" width=\"680\" height=\"716\" srcset=\"https:\/\/www.kdrei-2009.de\/WPKdrei\/wp-content\/uploads\/2013\/02\/Vernissage-hoppert2013-01d.jpg 680w, https:\/\/www.kdrei-2009.de\/WPKdrei\/wp-content\/uploads\/2013\/02\/Vernissage-hoppert2013-01d-284x300.jpg 284w\" sizes=\"(max-width: 680px) 100vw, 680px\" \/><\/a><a href=\"https:\/\/www.kdrei-2009.de\/WPKdrei\/wp-content\/uploads\/2013\/02\/Vernissage-hoppert2013-01a.jpg\" rel=\"lightbox[3392]\"><\/a><\/p>\n<p style=\"text-align: center;\">\n<p style=\"text-align: center;\">\n<p style=\"text-align: center;\">\n<p style=\"text-align: center;\">\n<p style=\"text-align: center;\">\n<p style=\"text-align: center;\">\n<p style=\"text-align: center;\">\n<p style=\"text-align: center;\">\n<p style=\"text-align: center;\">\n<p style=\"text-align: center;\">\n<p style=\"text-align: center;\">\n<p style=\"text-align: center;\">\n<p style=\"text-align: center;\">\n<p style=\"text-align: center;\">\n<p style=\"text-align: center;\">\n<p style=\"text-align: center;\">\n<p style=\"text-align: center;\">\n<p style=\"text-align: center;\">\n<p style=\"text-align: center;\">\n<p style=\"text-align: center;\">\n<p style=\"text-align: center;\">\n<p style=\"text-align: center;\">\n<p style=\"text-align: center;\">\n<p style=\"text-align: center;\">\n<p style=\"text-align: center;\">\n<p style=\"text-align: center;\">\n<p style=\"text-align: center;\">\n<p style=\"text-align: center;\">\n<p style=\"text-align: center;\">\n<p style=\"text-align: center;\">\n<p style=\"text-align: center;\">\n<p style=\"text-align: center;\">\n<p style=\"text-align: center;\">\n<p style=\"text-align: center;\">\n<p style=\"text-align: center;\">\n<p style=\"text-align: center;\">\n<p style=\"text-align: center;\">\n<p style=\"text-align: center;\"><a href=\"https:\/\/www.kdrei-2009.de\/WPKdrei\/wp-content\/uploads\/2013\/02\/Vernissage-hoppert2013-01a.jpg\" rel=\"lightbox[3392]\"><img loading=\"lazy\" decoding=\"async\" class=\"alignright size-full wp-image-3379\" title=\"WF\/X-3 300dpi\" src=\"https:\/\/www.kdrei-2009.de\/WPKdrei\/wp-content\/uploads\/2013\/02\/Vernissage-hoppert2013-01a.jpg\" alt=\"\" width=\"567\" height=\"608\" srcset=\"https:\/\/www.kdrei-2009.de\/WPKdrei\/wp-content\/uploads\/2013\/02\/Vernissage-hoppert2013-01a.jpg 567w, https:\/\/www.kdrei-2009.de\/WPKdrei\/wp-content\/uploads\/2013\/02\/Vernissage-hoppert2013-01a-279x300.jpg 279w\" sizes=\"(max-width: 567px) 100vw, 567px\" \/><\/a><\/p>\n","protected":false},"excerpt":{"rendered":"<p>&#8222;Verborgene G\u00e4rten&#8220;&#8230;Malerei von Eva Hoppert. Ihr k\u00f6nnt eure Augen in dieser Ausstellung auf das heraneilende Fr\u00fchjahr vorbereiten. Passend zur Ausstellungsreihe &#8222;Bunt wie das Leben&#8220;, stellt Eva Hoppert ihre Malerei zu [&hellip;]<\/p>\n","protected":false},"author":1,"featured_media":0,"parent":5461,"menu_order":0,"comment_status":"open","ping_status":"open","template":"","meta":{"footnotes":""},"_links":{"self":[{"href":"https:\/\/www.kdrei-2009.de\/WPKdrei\/wp-json\/wp\/v2\/pages\/3392"}],"collection":[{"href":"https:\/\/www.kdrei-2009.de\/WPKdrei\/wp-json\/wp\/v2\/pages"}],"about":[{"href":"https:\/\/www.kdrei-2009.de\/WPKdrei\/wp-json\/wp\/v2\/types\/page"}],"author":[{"embeddable":true,"href":"https:\/\/www.kdrei-2009.de\/WPKdrei\/wp-json\/wp\/v2\/users\/1"}],"replies":[{"embeddable":true,"href":"https:\/\/www.kdrei-2009.de\/WPKdrei\/wp-json\/wp\/v2\/comments?post=3392"}],"version-history":[{"count":7,"href":"https:\/\/www.kdrei-2009.de\/WPKdrei\/wp-json\/wp\/v2\/pages\/3392\/revisions"}],"predecessor-version":[{"id":5483,"href":"https:\/\/www.kdrei-2009.de\/WPKdrei\/wp-json\/wp\/v2\/pages\/3392\/revisions\/5483"}],"up":[{"embeddable":true,"href":"https:\/\/www.kdrei-2009.de\/WPKdrei\/wp-json\/wp\/v2\/pages\/5461"}],"wp:attachment":[{"href":"https:\/\/www.kdrei-2009.de\/WPKdrei\/wp-json\/wp\/v2\/media?parent=3392"}],"curies":[{"name":"wp","href":"https:\/\/api.w.org\/{rel}","templated":true}]}}

Es wird Frühling&#8230;alles wird wieder farbig&#8230;

<h3 style="text-align: center;"><span style="color: #808080;">&#8222;Verborgene Gärten&#8220;&#8230;Malerei von Eva Hoppert. </span></h3>
<p><span style="color: #808080;">Ihr könnt eure Augen in dieser Ausstellung auf das heraneilende Frühjahr vorbereiten. Passend zur Ausstellungsreihe &#8222;Bunt wie das Leben&#8220;, stellt Eva Hoppert ihre Malerei zu eurem Sehvergnügen aus. Max Bailly wir in die Ausstellung und Arbeit von Eva Hoppert einführen. Chris Geisler umrahmt die Vernissage musiklaisch am Piano.</span></p>
<p style="text-align: center;"><a href="https://www.kdrei-2009.de/WPKdrei/wp-content/uploads/2013/02/Vernissage-hoppert2013-01c.jpg" rel="lightbox[3392]"><img loading="lazy" decoding="async" class="size-full wp-image-3380 alignleft" title="WF/X-3 300dpi" src="https://www.kdrei-2009.de/WPKdrei/wp-content/uploads/2013/02/Vernissage-hoppert2013-01b.jpg" alt="" width="283" height="585" srcset="https://www.kdrei-2009.de/WPKdrei/wp-content/uploads/2013/02/Vernissage-hoppert2013-01b.jpg 283w, https://www.kdrei-2009.de/WPKdrei/wp-content/uploads/2013/02/Vernissage-hoppert2013-01b-145x300.jpg 145w" sizes="(max-width: 283px) 100vw, 283px" /><img loading="lazy" decoding="async" class="alignright size-full wp-image-3382" title="WF/X-3 300dpi" src="https://www.kdrei-2009.de/WPKdrei/wp-content/uploads/2013/02/Vernissage-hoppert2013-01c.jpg" alt="" width="283" height="617" srcset="https://www.kdrei-2009.de/WPKdrei/wp-content/uploads/2013/02/Vernissage-hoppert2013-01c.jpg 283w, https://www.kdrei-2009.de/WPKdrei/wp-content/uploads/2013/02/Vernissage-hoppert2013-01c-137x300.jpg 137w" sizes="(max-width: 283px) 100vw, 283px" /></a><a href="https://www.kdrei-2009.de/WPKdrei/wp-content/uploads/2013/02/Vernissage-hoppert2013-01d.jpg" rel="lightbox[3392]"><img loading="lazy" decoding="async" class="alignright size-full wp-image-3383" title="WF/X-3 300dpi" src="https://www.kdrei-2009.de/WPKdrei/wp-content/uploads/2013/02/Vernissage-hoppert2013-01d.jpg" alt="" width="680" height="716" srcset="https://www.kdrei-2009.de/WPKdrei/wp-content/uploads/2013/02/Vernissage-hoppert2013-01d.jpg 680w, https://www.kdrei-2009.de/WPKdrei/wp-content/uploads/2013/02/Vernissage-hoppert2013-01d-284x300.jpg 284w" sizes="(max-width: 680px) 100vw, 680px" /></a><a href="https://www.kdrei-2009.de/WPKdrei/wp-content/uploads/2013/02/Vernissage-hoppert2013-01a.jpg" rel="lightbox[3392]"></a></p>
<p style="text-align: center;">
<p style="text-align: center;">
<p style="text-align: center;">
<p style="text-align: center;">
<p style="text-align: center;">
<p style="text-align: center;">
<p style="text-align: center;">
<p style="text-align: center;">
<p style="text-align: center;">
<p style="text-align: center;">
<p style="text-align: center;">
<p style="text-align: center;">
<p style="text-align: center;">
<p style="text-align: center;">
<p style="text-align: center;">
<p style="text-align: center;">
<p style="text-align: center;">
<p style="text-align: center;">
<p style="text-align: center;">
<p style="text-align: center;">
<p style="text-align: center;">
<p style="text-align: center;">
<p style="text-align: center;">
<p style="text-align: center;">
<p style="text-align: center;">
<p style="text-align: center;">
<p style="text-align: center;">
<p style="text-align: center;">
<p style="text-align: center;">
<p style="text-align: center;">
<p style="text-align: center;">
<p style="text-align: center;">
<p style="text-align: center;">
<p style="text-align: center;">
<p style="text-align: center;">
<p style="text-align: center;">
<p style="text-align: center;">
<p style="text-align: center;"><a href="https://www.kdrei-2009.de/WPKdrei/wp-content/uploads/2013/02/Vernissage-hoppert2013-01a.jpg" rel="lightbox[3392]"><img loading="lazy" decoding="async" class="alignright size-full wp-image-3379" title="WF/X-3 300dpi" src="https://www.kdrei-2009.de/WPKdrei/wp-content/uploads/2013/02/Vernissage-hoppert2013-01a.jpg" alt="" width="567" height="608" srcset="https://www.kdrei-2009.de/WPKdrei/wp-content/uploads/2013/02/Vernissage-hoppert2013-01a.jpg 567w, https://www.kdrei-2009.de/WPKdrei/wp-content/uploads/2013/02/Vernissage-hoppert2013-01a-279x300.jpg 279w" sizes="(max-width: 567px) 100vw, 567px" /></a></p>

<p>&#8222;Verborgene Gärten&#8220;&#8230;Malerei von Eva Hoppert. Ihr könnt eure Augen in dieser Ausstellung auf das heraneilende Frühjahr vorbereiten. Passend zur Ausstellungsreihe &#8222;Bunt wie das Leben&#8220;, stellt Eva Hoppert ihre Malerei zu [&hellip;]</p>
