{"id":3564,"date":"2013-05-14T08:04:00","date_gmt":"2013-05-14T08:04:00","guid":{"rendered":"https:\/\/www.kdrei-2009.de\/WPKdrei\/?page_id=3564"},"modified":"2016-03-14T12:56:09","modified_gmt":"2016-03-14T12:56:09","slug":"bbpv-pokal-2013-in-den-krautgarten","status":"publish","type":"page","link":"https:\/\/www.kdrei-2009.de\/WPKdrei\/kugelsport-2\/kugelsport-2013\/turniere-2013\/bbpv-pokal-2013-in-den-krautgarten\/","title":{"rendered":"BBPV-Pokal 2013 in den Krautg\u00e4rten"},"content":{"rendered":"<h3><span style=\"color: #808080;\">Am 12.05.2013 trafen wir uns in den Krautg\u00e4rten mit den Aichelbergern Boulefreunden zum diesj\u00e4hrigen BBPV-Pokalspiel. Es waren teilweise wirkliche spannende Spiele mit sch\u00f6nen Aufnahmen und genialen Punkten. Unseren Heimvorteil konnten wir leider nicht ganz ausnutzen. Aber es hat uns allen viel Spass gemacht und Aichelberg zieht verdient in die n\u00e4chste Runde. Herzlichen Gl\u00fcckwunsch und weiterhin viel Erfolg. <\/span><span style=\"color: #808080;\">Beim anschliessenden Grillen mit isotonischen Erfrischungsgetr\u00e4nken konnte man nochmals alle Kugeln Revue passieren lassen oder sich \u00fcber unser geniales Vereinsheim und den sch\u00f6nen Park austauschen.<\/span><\/h3>\n<h3><span style=\"color: #808080;\">Das Gruppenbild t\u00e4uscht etwas \u00fcber die wirkliche Wetterlage hinweg, zeigt aber die eindeutig gute Laune bei allen Teilnehmern.<br \/>\n<\/span><\/h3>\n<div id=\"attachment_3562\" style=\"width: 690px\" class=\"wp-caption alignleft\"><a href=\"https:\/\/www.kdrei-2009.de\/WPKdrei\/wp-content\/uploads\/2013\/05\/K3-BBPVPokal2013_06a-web.jpg\" rel=\"lightbox[3564]\"><img loading=\"lazy\" decoding=\"async\" aria-describedby=\"caption-attachment-3562\" class=\"size-full wp-image-3562\" title=\"K3-BBPVPokal2013_06a-web\" src=\"https:\/\/www.kdrei-2009.de\/WPKdrei\/wp-content\/uploads\/2013\/05\/K3-BBPVPokal2013_06a-web.jpg\" alt=\"\" width=\"680\" height=\"394\" srcset=\"https:\/\/www.kdrei-2009.de\/WPKdrei\/wp-content\/uploads\/2013\/05\/K3-BBPVPokal2013_06a-web.jpg 680w, https:\/\/www.kdrei-2009.de\/WPKdrei\/wp-content\/uploads\/2013\/05\/K3-BBPVPokal2013_06a-web-300x173.jpg 300w\" sizes=\"(max-width: 680px) 100vw, 680px\" \/><\/a><p id=\"caption-attachment-3562\" class=\"wp-caption-text\">Gruppenbild mit Aichelberg<\/p><\/div>\n","protected":false},"excerpt":{"rendered":"<p>Am 12.05.2013 trafen wir uns in den Krautg\u00e4rten mit den Aichelbergern Boulefreunden zum diesj\u00e4hrigen BBPV-Pokalspiel. Es waren teilweise wirkliche spannende Spiele mit sch\u00f6nen Aufnahmen und genialen Punkten. Unseren Heimvorteil konnten [&hellip;]<\/p>\n","protected":false},"author":1,"featured_media":0,"parent":5218,"menu_order":0,"comment_status":"open","ping_status":"open","template":"","meta":{"footnotes":""},"_links":{"self":[{"href":"https:\/\/www.kdrei-2009.de\/WPKdrei\/wp-json\/wp\/v2\/pages\/3564"}],"collection":[{"href":"https:\/\/www.kdrei-2009.de\/WPKdrei\/wp-json\/wp\/v2\/pages"}],"about":[{"href":"https:\/\/www.kdrei-2009.de\/WPKdrei\/wp-json\/wp\/v2\/types\/page"}],"author":[{"embeddable":true,"href":"https:\/\/www.kdrei-2009.de\/WPKdrei\/wp-json\/wp\/v2\/users\/1"}],"replies":[{"embeddable":true,"href":"https:\/\/www.kdrei-2009.de\/WPKdrei\/wp-json\/wp\/v2\/comments?post=3564"}],"version-history":[{"count":2,"href":"https:\/\/www.kdrei-2009.de\/WPKdrei\/wp-json\/wp\/v2\/pages\/3564\/revisions"}],"predecessor-version":[{"id":5220,"href":"https:\/\/www.kdrei-2009.de\/WPKdrei\/wp-json\/wp\/v2\/pages\/3564\/revisions\/5220"}],"up":[{"embeddable":true,"href":"https:\/\/www.kdrei-2009.de\/WPKdrei\/wp-json\/wp\/v2\/pages\/5218"}],"wp:attachment":[{"href":"https:\/\/www.kdrei-2009.de\/WPKdrei\/wp-json\/wp\/v2\/media?parent=3564"}],"curies":[{"name":"wp","href":"https:\/\/api.w.org\/{rel}","templated":true}]}}