{"id":3625,"date":"2013-08-01T08:20:47","date_gmt":"2013-08-01T08:20:47","guid":{"rendered":"https:\/\/www.kdrei-2009.de\/WPKdrei\/?page_id=3625"},"modified":"2016-03-15T11:06:49","modified_gmt":"2016-03-15T11:06:49","slug":"apfelbrand-2013","status":"publish","type":"page","link":"https:\/\/www.kdrei-2009.de\/WPKdrei\/kultur\/kultur-2013\/apfelbrand-2013\/","title":{"rendered":"Apfelbrand 2013"},"content":{"rendered":"<h3><span style=\"color: #808080;\">Weil wir gerne nach dem Essen einen Digestif trinken, das Streuobst vor der T\u00fcre steht und wir gerne Obst auflesen, haben wir beschlossen, nach unserem sortenreinen <a href=\"https:\/\/www.kdrei-2009.de\/WPKdrei\/?page_id=2903\">Palmischbrand<\/a>, in diesem Jahr einen Apfelbrand zu produzieren. <a href=\"https:\/\/www.kdrei-2009.de\/WPKdrei\/?page_id=3043\">Die \u00c4pfel haben wir bereits letztes Jahr gesammelt und eingemaischt.<\/a> Letzte Woche haben wir nun 4 F\u00e4sser zum Brenner nach Balzholz gebracht. Norbert Hartlieb ist der Brenner unseres Vertrauens und wir hatten wieder einen sch\u00f6nen Tag mit Leberk\u00e4sweckle, Kaffee &amp; Kuchen und Grillw\u00fcrsten. Nebenher haben wir den Brand betreut, probiert, entschieden und notiert. Wir sind sehr zufrieden von unserer Ausbeute und f\u00fcllen den Brand nun in unser kleines Eichenf\u00e4\u00dfchen zum Reifen. <\/span><\/h3>\n<p><span style=\"color: #808080;\"><\/p>\n<div id=\"attachment_3630\" style=\"width: 310px\" class=\"wp-caption alignleft\"><a href=\"https:\/\/www.kdrei-2009.de\/WPKdrei\/wp-content\/uploads\/2013\/08\/K3-BRAND-270713_05web1.jpg\" rel=\"lightbox[3625]\"><img loading=\"lazy\" decoding=\"async\" aria-describedby=\"caption-attachment-3630\" class=\"size-medium wp-image-3630\" title=\"K3-BRAND 270713_05web\" src=\"https:\/\/www.kdrei-2009.de\/WPKdrei\/wp-content\/uploads\/2013\/08\/K3-BRAND-270713_05web1-300x221.jpg\" alt=\"\" width=\"300\" height=\"221\" srcset=\"https:\/\/www.kdrei-2009.de\/WPKdrei\/wp-content\/uploads\/2013\/08\/K3-BRAND-270713_05web1-300x221.jpg 300w, https:\/\/www.kdrei-2009.de\/WPKdrei\/wp-content\/uploads\/2013\/08\/K3-BRAND-270713_05web1.jpg 680w\" sizes=\"(max-width: 300px) 100vw, 300px\" \/><\/a><p id=\"caption-attachment-3630\" class=\"wp-caption-text\">Theoretische Brandvorbereitung.<\/p><\/div>\n<div id=\"attachment_3633\" style=\"width: 272px\" class=\"wp-caption alignleft\"><a href=\"https:\/\/www.kdrei-2009.de\/WPKdrei\/wp-content\/uploads\/2013\/08\/K3-BRAND-270713_12web1.jpg\" rel=\"lightbox[3625]\"><img loading=\"lazy\" decoding=\"async\" aria-describedby=\"caption-attachment-3633\" class=\"size-medium wp-image-3633\" title=\"K3-BRAND 270713_12web\" src=\"https:\/\/www.kdrei-2009.de\/WPKdrei\/wp-content\/uploads\/2013\/08\/K3-BRAND-270713_12web1-262x300.jpg\" alt=\"\" width=\"262\" height=\"300\" srcset=\"https:\/\/www.kdrei-2009.de\/WPKdrei\/wp-content\/uploads\/2013\/08\/K3-BRAND-270713_12web1-262x300.jpg 262w, https:\/\/www.kdrei-2009.de\/WPKdrei\/wp-content\/uploads\/2013\/08\/K3-BRAND-270713_12web1.jpg 680w\" sizes=\"(max-width: 262px) 100vw, 262px\" \/><\/a><p id=\"caption-attachment-3633\" class=\"wp-caption-text\">Vom Plastikfass in den Kupferkessel.<\/p><\/div>\n<div id=\"attachment_3631\" style=\"width: 310px\" class=\"wp-caption alignleft\"><a href=\"https:\/\/www.kdrei-2009.de\/WPKdrei\/wp-content\/uploads\/2013\/08\/K3-BRAND-270713_08web1.jpg\" rel=\"lightbox[3625]\"><img loading=\"lazy\" decoding=\"async\" aria-describedby=\"caption-attachment-3631\" class=\"size-medium wp-image-3631\" title=\"K3-BRAND 270713_08web\" src=\"https:\/\/www.kdrei-2009.de\/WPKdrei\/wp-content\/uploads\/2013\/08\/K3-BRAND-270713_08web1-300x276.jpg\" alt=\"\" width=\"300\" height=\"276\" srcset=\"https:\/\/www.kdrei-2009.de\/WPKdrei\/wp-content\/uploads\/2013\/08\/K3-BRAND-270713_08web1-300x276.jpg 300w, https:\/\/www.kdrei-2009.de\/WPKdrei\/wp-content\/uploads\/2013\/08\/K3-BRAND-270713_08web1.jpg 680w\" sizes=\"(max-width: 300px) 100vw, 300px\" \/><\/a><p id=\"caption-attachment-3631\" class=\"wp-caption-text\">Sieht etwas ungeniesbar aus, aber die Temperatur wirds schon richten.<\/p><\/div>\n<p><\/span><\/p>\n<p><span style=\"color: #808080;\"><\/p>\n<div id=\"attachment_3627\" style=\"width: 310px\" class=\"wp-caption alignleft\"><a href=\"https:\/\/www.kdrei-2009.de\/WPKdrei\/wp-content\/uploads\/2013\/08\/K3-BRAND-270713_02web1.jpg\" rel=\"lightbox[3625]\"><img loading=\"lazy\" decoding=\"async\" aria-describedby=\"caption-attachment-3627\" class=\"size-medium wp-image-3627\" title=\"K3-BRAND 270713_02web\" src=\"https:\/\/www.kdrei-2009.de\/WPKdrei\/wp-content\/uploads\/2013\/08\/K3-BRAND-270713_02web1-300x285.jpg\" alt=\"\" width=\"300\" height=\"285\" srcset=\"https:\/\/www.kdrei-2009.de\/WPKdrei\/wp-content\/uploads\/2013\/08\/K3-BRAND-270713_02web1-300x285.jpg 300w, https:\/\/www.kdrei-2009.de\/WPKdrei\/wp-content\/uploads\/2013\/08\/K3-BRAND-270713_02web1.jpg 680w\" sizes=\"(max-width: 300px) 100vw, 300px\" \/><\/a><p id=\"caption-attachment-3627\" class=\"wp-caption-text\">Es hatte schon 33\u00b0C im Freien. Uns war das nicht warm genug.<\/p><\/div>\n<div id=\"attachment_3629\" style=\"width: 309px\" class=\"wp-caption alignleft\"><a href=\"https:\/\/www.kdrei-2009.de\/WPKdrei\/wp-content\/uploads\/2013\/08\/K3-BRAND-270713_04web1.jpg\" rel=\"lightbox[3625]\"><img loading=\"lazy\" decoding=\"async\" aria-describedby=\"caption-attachment-3629\" class=\"size-medium wp-image-3629\" title=\"K3-BRAND 270713_04web\" src=\"https:\/\/www.kdrei-2009.de\/WPKdrei\/wp-content\/uploads\/2013\/08\/K3-BRAND-270713_04web1-299x300.jpg\" alt=\"\" width=\"299\" height=\"300\" srcset=\"https:\/\/www.kdrei-2009.de\/WPKdrei\/wp-content\/uploads\/2013\/08\/K3-BRAND-270713_04web1-299x300.jpg 299w, https:\/\/www.kdrei-2009.de\/WPKdrei\/wp-content\/uploads\/2013\/08\/K3-BRAND-270713_04web1-150x150.jpg 150w, https:\/\/www.kdrei-2009.de\/WPKdrei\/wp-content\/uploads\/2013\/08\/K3-BRAND-270713_04web1.jpg 680w\" sizes=\"(max-width: 299px) 100vw, 299px\" \/><\/a><p id=\"caption-attachment-3629\" class=\"wp-caption-text\">So siehts aus, wenn der Brand gut l\u00e4uft. Nicht zu schnell, aber auch keine Tropfen.<\/p><\/div>\n<div id=\"attachment_3632\" style=\"width: 310px\" class=\"wp-caption alignleft\"><a href=\"https:\/\/www.kdrei-2009.de\/WPKdrei\/wp-content\/uploads\/2013\/08\/K3-BRAND-270713_09web1.jpg\" rel=\"lightbox[3625]\"><img loading=\"lazy\" decoding=\"async\" aria-describedby=\"caption-attachment-3632\" class=\"size-medium wp-image-3632\" title=\"K3-BRAND 270713_09web\" src=\"https:\/\/www.kdrei-2009.de\/WPKdrei\/wp-content\/uploads\/2013\/08\/K3-BRAND-270713_09web1-300x285.jpg\" alt=\"\" width=\"300\" height=\"285\" srcset=\"https:\/\/www.kdrei-2009.de\/WPKdrei\/wp-content\/uploads\/2013\/08\/K3-BRAND-270713_09web1-300x285.jpg 300w, https:\/\/www.kdrei-2009.de\/WPKdrei\/wp-content\/uploads\/2013\/08\/K3-BRAND-270713_09web1.jpg 680w\" sizes=\"(max-width: 300px) 100vw, 300px\" \/><\/a><p id=\"caption-attachment-3632\" class=\"wp-caption-text\">Theoretische Nachbesprechung mit kleiner Grillage.<\/p><\/div>\n<p><\/span><\/p>\n<p><span style=\"color: #808080;\"> <\/span><\/p>\n<p><span style=\"color: #808080;\"> <\/span><\/p>\n<p><span style=\"color: #808080;\"> <\/span><\/p>\n","protected":false},"excerpt":{"rendered":"<p>Weil wir gerne nach dem Essen einen Digestif trinken, das Streuobst vor der T\u00fcre steht und wir gerne Obst auflesen, haben wir beschlossen, nach unserem sortenreinen Palmischbrand, in diesem Jahr [&hellip;]<\/p>\n","protected":false},"author":1,"featured_media":0,"parent":5288,"menu_order":0,"comment_status":"open","ping_status":"open","template":"","meta":{"footnotes":""},"_links":{"self":[{"href":"https:\/\/www.kdrei-2009.de\/WPKdrei\/wp-json\/wp\/v2\/pages\/3625"}],"collection":[{"href":"https:\/\/www.kdrei-2009.de\/WPKdrei\/wp-json\/wp\/v2\/pages"}],"about":[{"href":"https:\/\/www.kdrei-2009.de\/WPKdrei\/wp-json\/wp\/v2\/types\/page"}],"author":[{"embeddable":true,"href":"https:\/\/www.kdrei-2009.de\/WPKdrei\/wp-json\/wp\/v2\/users\/1"}],"replies":[{"embeddable":true,"href":"https:\/\/www.kdrei-2009.de\/WPKdrei\/wp-json\/wp\/v2\/comments?post=3625"}],"version-history":[{"count":7,"href":"https:\/\/www.kdrei-2009.de\/WPKdrei\/wp-json\/wp\/v2\/pages\/3625\/revisions"}],"predecessor-version":[{"id":5367,"href":"https:\/\/www.kdrei-2009.de\/WPKdrei\/wp-json\/wp\/v2\/pages\/3625\/revisions\/5367"}],"up":[{"embeddable":true,"href":"https:\/\/www.kdrei-2009.de\/WPKdrei\/wp-json\/wp\/v2\/pages\/5288"}],"wp:attachment":[{"href":"https:\/\/www.kdrei-2009.de\/WPKdrei\/wp-json\/wp\/v2\/media?parent=3625"}],"curies":[{"name":"wp","href":"https:\/\/api.w.org\/{rel}","templated":true}]}}