{"id":3710,"date":"2013-09-30T12:20:38","date_gmt":"2013-09-30T12:20:38","guid":{"rendered":"https:\/\/www.kdrei-2009.de\/WPKdrei\/?page_id=3710"},"modified":"2016-03-15T11:29:40","modified_gmt":"2016-03-15T11:29:40","slug":"triplette-backnang","status":"publish","type":"page","link":"https:\/\/www.kdrei-2009.de\/WPKdrei\/kugelsport-2\/kugelsport-2013\/turniere-2013\/triplette-backnang\/","title":{"rendered":"Triplette Backnang"},"content":{"rendered":"<h4><span style=\"color: #808080;\">Ja, das war ein sch\u00f6ner Herbsttag mit Renate und Tony bei den Waldheimboulern in Backnang. Wie immer konnten wir vor 12.00Uhr nicht wirklich Boule spielen. Wir wissen nicht nicht so genau, warum, aber es macht nach 12.00Uhr ja auch noch Spass. Sind dann nach 3 Runden Schweizer System direkt ins B-Turnier. Dort bis zum Halbfinale. Dazwischen leckere Maultaschen, k\u00fchle Getr\u00e4nke und sch\u00f6nes Ambiente. was will man mehr?<\/span><\/h4>\n<div id=\"attachment_3693\" style=\"width: 310px\" class=\"wp-caption alignleft\"><a href=\"https:\/\/www.kdrei-2009.de\/WPKdrei\/wp-content\/uploads\/2013\/09\/K3-Backnang-pan-web.jpg\" rel=\"lightbox[3710]\"><img loading=\"lazy\" decoding=\"async\" aria-describedby=\"caption-attachment-3693\" class=\"size-medium wp-image-3693\" title=\"K3-Backnang pan web\" src=\"https:\/\/www.kdrei-2009.de\/WPKdrei\/wp-content\/uploads\/2013\/09\/K3-Backnang-pan-web-300x101.jpg\" alt=\"\" width=\"300\" height=\"101\" srcset=\"https:\/\/www.kdrei-2009.de\/WPKdrei\/wp-content\/uploads\/2013\/09\/K3-Backnang-pan-web-300x101.jpg 300w, https:\/\/www.kdrei-2009.de\/WPKdrei\/wp-content\/uploads\/2013\/09\/K3-Backnang-pan-web.jpg 670w\" sizes=\"(max-width: 300px) 100vw, 300px\" \/><\/a><p id=\"caption-attachment-3693\" class=\"wp-caption-text\">Ein wirklich sch\u00f6ner Bouleplatz.<\/p><\/div>\n<p><a href=\"https:\/\/www.kdrei-2009.de\/WPKdrei\/wp-content\/uploads\/2013\/09\/K3-Backnang2013_06web.jpg\" rel=\"lightbox[3710]\"><img loading=\"lazy\" decoding=\"async\" class=\"alignleft size-medium wp-image-3694\" title=\"K3-Backnang2013_06web\" src=\"https:\/\/www.kdrei-2009.de\/WPKdrei\/wp-content\/uploads\/2013\/09\/K3-Backnang2013_06web-300x163.jpg\" alt=\"\" width=\"300\" height=\"163\" srcset=\"https:\/\/www.kdrei-2009.de\/WPKdrei\/wp-content\/uploads\/2013\/09\/K3-Backnang2013_06web-300x163.jpg 300w, https:\/\/www.kdrei-2009.de\/WPKdrei\/wp-content\/uploads\/2013\/09\/K3-Backnang2013_06web.jpg 680w\" sizes=\"(max-width: 300px) 100vw, 300px\" \/><\/a><\/p>\n<div id=\"attachment_3695\" style=\"width: 310px\" class=\"wp-caption alignleft\"><a href=\"https:\/\/www.kdrei-2009.de\/WPKdrei\/wp-content\/uploads\/2013\/09\/K3-Backnang2013_07web.jpg\" rel=\"lightbox[3710]\"><img loading=\"lazy\" decoding=\"async\" aria-describedby=\"caption-attachment-3695\" class=\"size-medium wp-image-3695\" title=\"K3-Backnang2013_07web\" src=\"https:\/\/www.kdrei-2009.de\/WPKdrei\/wp-content\/uploads\/2013\/09\/K3-Backnang2013_07web-300x128.jpg\" alt=\"\" width=\"300\" height=\"128\" srcset=\"https:\/\/www.kdrei-2009.de\/WPKdrei\/wp-content\/uploads\/2013\/09\/K3-Backnang2013_07web-300x128.jpg 300w, https:\/\/www.kdrei-2009.de\/WPKdrei\/wp-content\/uploads\/2013\/09\/K3-Backnang2013_07web.jpg 680w\" sizes=\"(max-width: 300px) 100vw, 300px\" \/><\/a><p id=\"caption-attachment-3695\" class=\"wp-caption-text\">Sch\u00f6n eingedeckt.<\/p><\/div>\n<div id=\"attachment_3697\" style=\"width: 310px\" class=\"wp-caption alignleft\"><a href=\"https:\/\/www.kdrei-2009.de\/WPKdrei\/wp-content\/uploads\/2013\/09\/K3-Backnang2013_09web.jpg\" rel=\"lightbox[3710]\"><img loading=\"lazy\" decoding=\"async\" aria-describedby=\"caption-attachment-3697\" class=\"size-medium wp-image-3697\" title=\"K3-Backnang2013_09web\" src=\"https:\/\/www.kdrei-2009.de\/WPKdrei\/wp-content\/uploads\/2013\/09\/K3-Backnang2013_09web-300x184.jpg\" alt=\"\" width=\"300\" height=\"184\" srcset=\"https:\/\/www.kdrei-2009.de\/WPKdrei\/wp-content\/uploads\/2013\/09\/K3-Backnang2013_09web-300x184.jpg 300w, https:\/\/www.kdrei-2009.de\/WPKdrei\/wp-content\/uploads\/2013\/09\/K3-Backnang2013_09web.jpg 425w\" sizes=\"(max-width: 300px) 100vw, 300px\" \/><\/a><p id=\"caption-attachment-3697\" class=\"wp-caption-text\">Noch so ein Boulebild.<\/p><\/div>\n<div id=\"attachment_3698\" style=\"width: 310px\" class=\"wp-caption alignleft\"><a href=\"https:\/\/www.kdrei-2009.de\/WPKdrei\/wp-content\/uploads\/2013\/09\/K3-Backnang2013_12web.jpg\" rel=\"lightbox[3710]\"><img loading=\"lazy\" decoding=\"async\" aria-describedby=\"caption-attachment-3698\" class=\"size-medium wp-image-3698\" title=\"K3-Backnang2013_12web\" src=\"https:\/\/www.kdrei-2009.de\/WPKdrei\/wp-content\/uploads\/2013\/09\/K3-Backnang2013_12web-300x218.jpg\" alt=\"\" width=\"300\" height=\"218\" srcset=\"https:\/\/www.kdrei-2009.de\/WPKdrei\/wp-content\/uploads\/2013\/09\/K3-Backnang2013_12web-300x218.jpg 300w, https:\/\/www.kdrei-2009.de\/WPKdrei\/wp-content\/uploads\/2013\/09\/K3-Backnang2013_12web.jpg 425w\" sizes=\"(max-width: 300px) 100vw, 300px\" \/><\/a><p id=\"caption-attachment-3698\" class=\"wp-caption-text\">Relaxed.<\/p><\/div>\n","protected":false},"excerpt":{"rendered":"<p>Ja, das war ein sch\u00f6ner Herbsttag mit Renate und Tony bei den Waldheimboulern in Backnang. Wie immer konnten wir vor 12.00Uhr nicht wirklich Boule spielen. Wir wissen nicht nicht so [&hellip;]<\/p>\n","protected":false},"author":1,"featured_media":0,"parent":5218,"menu_order":0,"comment_status":"open","ping_status":"open","template":"","meta":{"footnotes":""},"_links":{"self":[{"href":"https:\/\/www.kdrei-2009.de\/WPKdrei\/wp-json\/wp\/v2\/pages\/3710"}],"collection":[{"href":"https:\/\/www.kdrei-2009.de\/WPKdrei\/wp-json\/wp\/v2\/pages"}],"about":[{"href":"https:\/\/www.kdrei-2009.de\/WPKdrei\/wp-json\/wp\/v2\/types\/page"}],"author":[{"embeddable":true,"href":"https:\/\/www.kdrei-2009.de\/WPKdrei\/wp-json\/wp\/v2\/users\/1"}],"replies":[{"embeddable":true,"href":"https:\/\/www.kdrei-2009.de\/WPKdrei\/wp-json\/wp\/v2\/comments?post=3710"}],"version-history":[{"count":2,"href":"https:\/\/www.kdrei-2009.de\/WPKdrei\/wp-json\/wp\/v2\/pages\/3710\/revisions"}],"predecessor-version":[{"id":5402,"href":"https:\/\/www.kdrei-2009.de\/WPKdrei\/wp-json\/wp\/v2\/pages\/3710\/revisions\/5402"}],"up":[{"embeddable":true,"href":"https:\/\/www.kdrei-2009.de\/WPKdrei\/wp-json\/wp\/v2\/pages\/5218"}],"wp:attachment":[{"href":"https:\/\/www.kdrei-2009.de\/WPKdrei\/wp-json\/wp\/v2\/media?parent=3710"}],"curies":[{"name":"wp","href":"https:\/\/api.w.org\/{rel}","templated":true}]}}