{"id":3719,"date":"2013-10-07T07:01:41","date_gmt":"2013-10-07T07:01:41","guid":{"rendered":"https:\/\/www.kdrei-2009.de\/WPKdrei\/?page_id=3719"},"modified":"2016-03-15T10:48:23","modified_gmt":"2016-03-15T10:48:23","slug":"30-jahre-schulforderverein-unterensingen","status":"publish","type":"page","link":"https:\/\/www.kdrei-2009.de\/WPKdrei\/kultur\/kultur-2013\/30-jahre-schulforderverein-unterensingen\/","title":{"rendered":"30 Jahre Schulf\u00f6rderverein Unterensingen"},"content":{"rendered":"<h3><span style=\"color: #800080;\">Warum nicht? Manche meinen Elvis sei tot. Dies ist wohl wahr. Aber wenn man Prinzinger sieht und h\u00f6rt, meint man&#8230;.<\/span><\/h3>\n<h3><span style=\"color: #800080;\">Wer Elvis mag und verehrt, auf seine Musik abschwoofen, einen kurzweiligen Abemd mit Musik aus den 60ern verbringen und noch den Schulf\u00f6rderverein unerst\u00fctzen will&#8230;<\/span><\/h3>\n<h3>Liebe Freunde und Mitbouler,<\/p>\n<p>heute m\u00f6chte ich euch ganz herzlich einladen, an der Jubil\u00e4umsfeier unseres Schulf\u00f6rdervereins<br \/>\nteilzunehmen. Es gibt ein tolles Programm, wir haben den Prinzinger schon live erlebt und er ist wirklich klasse. Ihr habt<br \/>\neinen unterhaltsamen Abend ganz ohne wandern oder Kugelbewegung vor euch.<br \/>\nDas ist doch verlockend, oder?<br \/>\nAlso &#8211; auf nach Unterensingen!<br \/>\nGanz herzliche Gr\u00fc\u00dfe von eurer Hanne<\/p>\n<p><a href=\"https:\/\/www.kdrei-2009.de\/WPKdrei\/wp-content\/uploads\/2013\/10\/Elvis-Plakat-2.jpg\" rel=\"lightbox[3719]\"><img loading=\"lazy\" decoding=\"async\" class=\"alignleft size-large wp-image-3721\" title=\"Elvis Plakat 2\" src=\"https:\/\/www.kdrei-2009.de\/WPKdrei\/wp-content\/uploads\/2013\/10\/Elvis-Plakat-2-709x1024.jpg\" alt=\"\" width=\"709\" height=\"1024\" srcset=\"https:\/\/www.kdrei-2009.de\/WPKdrei\/wp-content\/uploads\/2013\/10\/Elvis-Plakat-2-709x1024.jpg 709w, https:\/\/www.kdrei-2009.de\/WPKdrei\/wp-content\/uploads\/2013\/10\/Elvis-Plakat-2-207x300.jpg 207w\" sizes=\"(max-width: 709px) 100vw, 709px\" \/><\/a><\/h3>\n","protected":false},"excerpt":{"rendered":"<p>Warum nicht? Manche meinen Elvis sei tot. Dies ist wohl wahr. Aber wenn man Prinzinger sieht und h\u00f6rt, meint man&#8230;. Wer Elvis mag und verehrt, auf seine Musik abschwoofen, einen [&hellip;]<\/p>\n","protected":false},"author":1,"featured_media":0,"parent":5288,"menu_order":0,"comment_status":"open","ping_status":"open","template":"","meta":{"footnotes":""},"_links":{"self":[{"href":"https:\/\/www.kdrei-2009.de\/WPKdrei\/wp-json\/wp\/v2\/pages\/3719"}],"collection":[{"href":"https:\/\/www.kdrei-2009.de\/WPKdrei\/wp-json\/wp\/v2\/pages"}],"about":[{"href":"https:\/\/www.kdrei-2009.de\/WPKdrei\/wp-json\/wp\/v2\/types\/page"}],"author":[{"embeddable":true,"href":"https:\/\/www.kdrei-2009.de\/WPKdrei\/wp-json\/wp\/v2\/users\/1"}],"replies":[{"embeddable":true,"href":"https:\/\/www.kdrei-2009.de\/WPKdrei\/wp-json\/wp\/v2\/comments?post=3719"}],"version-history":[{"count":3,"href":"https:\/\/www.kdrei-2009.de\/WPKdrei\/wp-json\/wp\/v2\/pages\/3719\/revisions"}],"predecessor-version":[{"id":5301,"href":"https:\/\/www.kdrei-2009.de\/WPKdrei\/wp-json\/wp\/v2\/pages\/3719\/revisions\/5301"}],"up":[{"embeddable":true,"href":"https:\/\/www.kdrei-2009.de\/WPKdrei\/wp-json\/wp\/v2\/pages\/5288"}],"wp:attachment":[{"href":"https:\/\/www.kdrei-2009.de\/WPKdrei\/wp-json\/wp\/v2\/media?parent=3719"}],"curies":[{"name":"wp","href":"https:\/\/api.w.org\/{rel}","templated":true}]}}