{"id":3731,"date":"2013-10-22T14:23:48","date_gmt":"2013-10-22T14:23:48","guid":{"rendered":"https:\/\/www.kdrei-2009.de\/WPKdrei\/?page_id=3731"},"modified":"2016-03-15T10:52:14","modified_gmt":"2016-03-15T10:52:14","slug":"zarte-gelbtone","status":"publish","type":"page","link":"https:\/\/www.kdrei-2009.de\/WPKdrei\/kultur\/kultur-2013\/zarte-gelbtone\/","title":{"rendered":"Zarte Gelbt\u00f6ne"},"content":{"rendered":"<h3><span style=\"color: #808080;\"><strong>Bei einer zuf\u00e4lligen Vorverkostung anl\u00e4sslich eines Festumtrunkes stellten wir einstimmig fest, dass es mit zarten Gelbt\u00f6nen nicht getan ist. Es war ein wahres Konzert von T\u00f6nen auf unseren Zungen, als wir unseren <a href=\"https:\/\/www.kdrei-2009.de\/WPKdrei\/?page_id=3640\">Apfelbrand im Eichenfass<\/a> probiert haben. Bereits das zarte Gelb beim Betrachten des abgef\u00fcllten Brandes verhie\u00df allerh\u00f6chste Zufriedenheit. Die gelungene Transparenz eines Apfels in seiner konzentriertesten Form. Rein, sauber und verf\u00fchrerisch. Geschmacksnoten jenseits von Golden Delicious. Reine Streuobstwiese eben. Nicht verw\u00e4ssert, ehrlich gewachsen. Sorgsam geerntet und geputzt. Zart gemaischt, schonend mit einer Heizdecke gebrannt. Auf der Zunge die Steigerung von Transparenz und Konzentrat. Wir haben ihn mit knapp 50% alc. verkostet, er hat noch wirkliches Potential. Der Abgang ein Traum von Leichtigkeit mit deutlichem Luicken-Elstar-Goldparm\u00e4ne-Geschmack und leichter Baumstammnote.<\/strong><\/span><\/h3>\n<p><span style=\"color: #808080;\"><strong><a href=\"https:\/\/www.kdrei-2009.de\/WPKdrei\/wp-content\/uploads\/2013\/10\/obstbrand-eiche-web.jpg\" rel=\"lightbox[3731]\"><img loading=\"lazy\" decoding=\"async\" class=\"alignleft size-full wp-image-3727\" title=\"obstbrand eiche web\" src=\"https:\/\/www.kdrei-2009.de\/WPKdrei\/wp-content\/uploads\/2013\/10\/obstbrand-eiche-web.jpg\" alt=\"\" width=\"567\" height=\"283\" srcset=\"https:\/\/www.kdrei-2009.de\/WPKdrei\/wp-content\/uploads\/2013\/10\/obstbrand-eiche-web.jpg 567w, https:\/\/www.kdrei-2009.de\/WPKdrei\/wp-content\/uploads\/2013\/10\/obstbrand-eiche-web-300x149.jpg 300w\" sizes=\"(max-width: 567px) 100vw, 567px\" \/><\/a><\/strong><\/span><span style=\"color: #808080;\"><strong><a href=\"https:\/\/www.kdrei-2009.de\/WPKdrei\/wp-content\/uploads\/2013\/10\/Whisky_240908_15web.jpg\" rel=\"lightbox[3731]\"><img loading=\"lazy\" decoding=\"async\" class=\"alignleft size-full wp-image-3730\" title=\"Whisky_240908_15web\" src=\"https:\/\/www.kdrei-2009.de\/WPKdrei\/wp-content\/uploads\/2013\/10\/Whisky_240908_15web.jpg\" alt=\"\" width=\"567\" height=\"283\" srcset=\"https:\/\/www.kdrei-2009.de\/WPKdrei\/wp-content\/uploads\/2013\/10\/Whisky_240908_15web.jpg 567w, https:\/\/www.kdrei-2009.de\/WPKdrei\/wp-content\/uploads\/2013\/10\/Whisky_240908_15web-300x149.jpg 300w\" sizes=\"(max-width: 567px) 100vw, 567px\" \/><\/a><\/strong><\/span><\/p>\n","protected":false},"excerpt":{"rendered":"<p>Bei einer zuf\u00e4lligen Vorverkostung anl\u00e4sslich eines Festumtrunkes stellten wir einstimmig fest, dass es mit zarten Gelbt\u00f6nen nicht getan ist. Es war ein wahres Konzert von T\u00f6nen auf unseren Zungen, als [&hellip;]<\/p>\n","protected":false},"author":1,"featured_media":0,"parent":5288,"menu_order":0,"comment_status":"open","ping_status":"open","template":"","meta":{"footnotes":""},"_links":{"self":[{"href":"https:\/\/www.kdrei-2009.de\/WPKdrei\/wp-json\/wp\/v2\/pages\/3731"}],"collection":[{"href":"https:\/\/www.kdrei-2009.de\/WPKdrei\/wp-json\/wp\/v2\/pages"}],"about":[{"href":"https:\/\/www.kdrei-2009.de\/WPKdrei\/wp-json\/wp\/v2\/types\/page"}],"author":[{"embeddable":true,"href":"https:\/\/www.kdrei-2009.de\/WPKdrei\/wp-json\/wp\/v2\/users\/1"}],"replies":[{"embeddable":true,"href":"https:\/\/www.kdrei-2009.de\/WPKdrei\/wp-json\/wp\/v2\/comments?post=3731"}],"version-history":[{"count":2,"href":"https:\/\/www.kdrei-2009.de\/WPKdrei\/wp-json\/wp\/v2\/pages\/3731\/revisions"}],"predecessor-version":[{"id":5319,"href":"https:\/\/www.kdrei-2009.de\/WPKdrei\/wp-json\/wp\/v2\/pages\/3731\/revisions\/5319"}],"up":[{"embeddable":true,"href":"https:\/\/www.kdrei-2009.de\/WPKdrei\/wp-json\/wp\/v2\/pages\/5288"}],"wp:attachment":[{"href":"https:\/\/www.kdrei-2009.de\/WPKdrei\/wp-json\/wp\/v2\/media?parent=3731"}],"curies":[{"name":"wp","href":"https:\/\/api.w.org\/{rel}","templated":true}]}}

Zarte Gelbtöne

<h3><span style="color: #808080;"><strong>Bei einer zufälligen Vorverkostung anlässlich eines Festumtrunkes stellten wir einstimmig fest, dass es mit zarten Gelbtönen nicht getan ist. Es war ein wahres Konzert von Tönen auf unseren Zungen, als wir unseren <a href="https://www.kdrei-2009.de/WPKdrei/?page_id=3640">Apfelbrand im Eichenfass</a> probiert haben. Bereits das zarte Gelb beim Betrachten des abgefüllten Brandes verhieß allerhöchste Zufriedenheit. Die gelungene Transparenz eines Apfels in seiner konzentriertesten Form. Rein, sauber und verführerisch. Geschmacksnoten jenseits von Golden Delicious. Reine Streuobstwiese eben. Nicht verwässert, ehrlich gewachsen. Sorgsam geerntet und geputzt. Zart gemaischt, schonend mit einer Heizdecke gebrannt. Auf der Zunge die Steigerung von Transparenz und Konzentrat. Wir haben ihn mit knapp 50% alc. verkostet, er hat noch wirkliches Potential. Der Abgang ein Traum von Leichtigkeit mit deutlichem Luicken-Elstar-Goldparmäne-Geschmack und leichter Baumstammnote.</strong></span></h3>
<p><span style="color: #808080;"><strong><a href="https://www.kdrei-2009.de/WPKdrei/wp-content/uploads/2013/10/obstbrand-eiche-web.jpg" rel="lightbox[3731]"><img loading="lazy" decoding="async" class="alignleft size-full wp-image-3727" title="obstbrand eiche web" src="https://www.kdrei-2009.de/WPKdrei/wp-content/uploads/2013/10/obstbrand-eiche-web.jpg" alt="" width="567" height="283" srcset="https://www.kdrei-2009.de/WPKdrei/wp-content/uploads/2013/10/obstbrand-eiche-web.jpg 567w, https://www.kdrei-2009.de/WPKdrei/wp-content/uploads/2013/10/obstbrand-eiche-web-300x149.jpg 300w" sizes="(max-width: 567px) 100vw, 567px" /></a></strong></span><span style="color: #808080;"><strong><a href="https://www.kdrei-2009.de/WPKdrei/wp-content/uploads/2013/10/Whisky_240908_15web.jpg" rel="lightbox[3731]"><img loading="lazy" decoding="async" class="alignleft size-full wp-image-3730" title="Whisky_240908_15web" src="https://www.kdrei-2009.de/WPKdrei/wp-content/uploads/2013/10/Whisky_240908_15web.jpg" alt="" width="567" height="283" srcset="https://www.kdrei-2009.de/WPKdrei/wp-content/uploads/2013/10/Whisky_240908_15web.jpg 567w, https://www.kdrei-2009.de/WPKdrei/wp-content/uploads/2013/10/Whisky_240908_15web-300x149.jpg 300w" sizes="(max-width: 567px) 100vw, 567px" /></a></strong></span></p>

<p>Bei einer zufälligen Vorverkostung anlässlich eines Festumtrunkes stellten wir einstimmig fest, dass es mit zarten Gelbtönen nicht getan ist. Es war ein wahres Konzert von Tönen auf unseren Zungen, als [&hellip;]</p>
