{"id":3736,"date":"2013-11-13T16:05:46","date_gmt":"2013-11-13T16:05:46","guid":{"rendered":"https:\/\/www.kdrei-2009.de\/WPKdrei\/?page_id=3736"},"modified":"2016-03-15T11:09:32","modified_gmt":"2016-03-15T11:09:32","slug":"kochkurs-und-galamenu-2013-erste-reaktionenerste-seiten","status":"publish","type":"page","link":"https:\/\/www.kdrei-2009.de\/WPKdrei\/kdrei-events\/events-2013\/kochkurs-und-galamenu-2013-erste-reaktionenerste-seiten\/","title":{"rendered":"Kochkurs und Galamen\u00fc 2013- Reaktionen, Kochbuch&#8230;"},"content":{"rendered":"<h3><span style=\"color: #808080;\">Liebe Leute,<\/span><\/h3>\n<h3><span style=\"color: #808080;\">wer h\u00e4tte das gedacht. Wir waren uns immer sicher, dass wir irgendwann 50 G\u00e4ste bewirten werden. Hier einige Stimmen von denen, die mitgekocht und mitgegessen haben. <\/span><\/h3>\n<h4><span style=\"color: #808080;\">Hallo Walter,<br \/>\nwir bestellen hiermit ein Fotobuch von unserem Kochkurs.<br \/>\nDas war wirklich ein HIGHLIGHT!!!!<br \/>\nGru\u00df von G. u. M. W.<\/span><\/h4>\n<h4><span style=\"color: #808080;\">Hallo Walter,<br \/>\nnochmals auf diesem Weg Dir und allen Helfern und Beteiligten ein herzliches Danksch\u00f6n aus Stuttgart.<br \/>\nDer Abend war super organisiert, das Essen toll, die Stimmung relaxed und angenehm. Mathias und ich werden n\u00e4chstes Jahr wieder gerne dabei sein.<br \/>\nHerzliche Gr\u00fc\u00dfe und rundherum eine gute Zeit,<br \/>\nvom K.L. Stuttgart<\/span><\/h4>\n<h4><span style=\"color: #808080;\">&#8222;&#8230;&#8230;Guten morgen Walter,<\/span><\/h4>\n<h4><span style=\"color: #808080;\">nochmals herzlichen Dank f\u00fcr das \u00fcberaus gelungene Mahl, die Freundlichkeit und selbst der Wein&#8230;..&#8220;\u00a0 W.G. Ruit<br \/>\n<\/span><\/h4>\n<h4><span style=\"color: #808080;\">&#8222;Lieber Walter,<br \/>\nschee und guat wars.<br \/>\nHerzlichen Dank Dir und Andi und all die Helfer um Euch, f\u00fcr dieses super Tag der uns vier Haller begeistert hat.<br \/>\nSchade, dass wir nicht um Frickenhausen\/Neuffen wohnen.<br \/>\nSonst w\u00e4re ich bestimmt oft und regelm\u00e4\u00dfig dabei: auf dem Platz, am Tisch, beim Obst sammeln, gerne hinterm Herd\/Grill &#8230;&#8230;.<br \/>\nIch bin gespannt auf Deine Fotos und bestell schon mal 2 Fotokursb\u00fccher.<br \/>\nHerzliche Gr\u00fc\u00dfe an alle und nochmals Danke!<br \/>\nH.T.&#8220; Schw. Hall<br \/>\n<\/span><\/h4>\n<h4><span style=\"color: #808080;\">&#8222;Hallo Walter,<br \/>\nich freu mich schon sehr auf das Fotobuch. Als Erinnerung, als Rezeptquelle. Wie schon mitgeteilt nehme ich gerne zwei&#8230;..<br \/>\n&#8230;&#8230;Wenn Jochen auch welche bestellt, kannst Du alle an mich senden.<br \/>\nViel Spa\u00df beim zusammenstellen der Bilder. Danke schon mal f\u00fcr dieses tolle Andenken.<br \/>\nliebe Gr\u00fc\u00dfe&#8220;<br \/>\nH.T. <\/span><\/h4>\n<h4><span style=\"color: #808080;\">&#8222;Hallo Walter,<br \/>\neuer 4. Galamen\u00fc war Spitze!!!!!!!!! Voll zufrieden und angenehm ges\u00e4ttigt sind die Marx Brothers zu Hause ins Bett gefallen. Am n\u00e4chsten Tag haben wir das Men\u00fc nochmals Gang f\u00fcr Gang Revue passieren lassen, und es gab nichts, aber auch gar nichts, was uns nicht gemundet h\u00e4tte. Das Hauptgericht war einfach nur \u00fcberw\u00e4ltigend und die Schupfnudeln in Mohn werden noch diese Woche in unsern Speiseplan \u00fcbernommen.<br \/>\nDie Arbeit und die ganze Vorbereitung von euch haben sich voll ausgezahlt!! Sag dies bitte auch den anderen Leuten (besonders Andi) die sich jedes Jahr f\u00fcr dieses Event ehrenamtlich einsetzen. Wir freuen uns schon auf das kommende Men\u00fc.<br \/>\nGr\u00fc\u00dfe an Alle<br \/>\nJ\u00fcrgen<br \/>\nP.S.: In der Anlage noch ein kleines Photo \u2026 und eine Anregung f\u00fcr\u2019s n\u00e4chste Jahr \u2013 \u201eMarxbrothers auf Austern\u201c<\/span><\/h4>\n<h4><span style=\"color: #808080;\">J.M. Reutlingen<br \/>\n<\/span><\/h4>\n<h3><span style=\"color: #808080;\">Was soll man dazu noch sagen? <\/span><\/h3>\n<h3><span style=\"color: #808080;\">F\u00fcr alle, die nicht dabei sein konnten, gibt es hier alle Kochbuchbilder. <\/span><\/h3>\n<h2><span style=\"color: #800000;\">Wer das Buch haben m\u00f6chte, kann es bis Sonntag 17.11.2013\u00a0 24.00Uhr noch bestellen.<br \/>\n<\/span><\/h2>\n<h2><span style=\"color: #800000;\">Preis wie angek\u00fcndigt: 34,95\u20ac zzgl. Versandkosten<\/span><\/h2>\n<h2><span style=\"color: #800000;\"> f\u00fcr 36 Seiten Farbdigitaldruck. 20,4x27cm, Hardcover.<\/span><\/h2>\n<h2><span style=\"color: #808080;\"><span style=\"color: #800000;\">Bestellung bei :info(at)Kdrei-2009.de <\/span><\/span><\/h2>\n<p>Hier seht ihr immer Doppelseiten.<\/p>\n<p><a href=\"https:\/\/www.kdrei-2009.de\/WPKdrei\/wp-content\/uploads\/2013\/11\/K3-KK2013-umschlagweb.jpg\" rel=\"lightbox[3736]\"><img loading=\"lazy\" decoding=\"async\" class=\"alignleft size-medium wp-image-3747\" title=\"K3-KK2013-umschlagweb\" src=\"https:\/\/www.kdrei-2009.de\/WPKdrei\/wp-content\/uploads\/2013\/11\/K3-KK2013-umschlagweb-300x198.jpg\" alt=\"\" width=\"300\" height=\"198\" srcset=\"https:\/\/www.kdrei-2009.de\/WPKdrei\/wp-content\/uploads\/2013\/11\/K3-KK2013-umschlagweb-300x198.jpg 300w, https:\/\/www.kdrei-2009.de\/WPKdrei\/wp-content\/uploads\/2013\/11\/K3-KK2013-umschlagweb.jpg 794w\" sizes=\"(max-width: 300px) 100vw, 300px\" \/><\/a><\/p>\n<p><a href=\"https:\/\/www.kdrei-2009.de\/WPKdrei\/wp-content\/uploads\/2013\/11\/K3-KK2013-1web.jpg\" rel=\"lightbox[3736]\"><img loading=\"lazy\" decoding=\"async\" class=\"alignleft size-medium wp-image-3765\" title=\"K3-KK2013-1web\" src=\"https:\/\/www.kdrei-2009.de\/WPKdrei\/wp-content\/uploads\/2013\/11\/K3-KK2013-1web-226x300.jpg\" alt=\"\" width=\"226\" height=\"300\" srcset=\"https:\/\/www.kdrei-2009.de\/WPKdrei\/wp-content\/uploads\/2013\/11\/K3-KK2013-1web-226x300.jpg 226w, https:\/\/www.kdrei-2009.de\/WPKdrei\/wp-content\/uploads\/2013\/11\/K3-KK2013-1web-774x1024.jpg 774w, https:\/\/www.kdrei-2009.de\/WPKdrei\/wp-content\/uploads\/2013\/11\/K3-KK2013-1web.jpg 794w\" sizes=\"(max-width: 226px) 100vw, 226px\" \/><\/a><a href=\"https:\/\/www.kdrei-2009.de\/WPKdrei\/wp-content\/uploads\/2013\/11\/K3-KK2013-36web.jpg\" rel=\"lightbox[3736]\"><img loading=\"lazy\" decoding=\"async\" class=\"alignleft size-medium wp-image-3748\" title=\"K3-KK2013-36web\" src=\"https:\/\/www.kdrei-2009.de\/WPKdrei\/wp-content\/uploads\/2013\/11\/K3-KK2013-36web-226x300.jpg\" alt=\"\" width=\"226\" height=\"300\" srcset=\"https:\/\/www.kdrei-2009.de\/WPKdrei\/wp-content\/uploads\/2013\/11\/K3-KK2013-36web-226x300.jpg 226w, https:\/\/www.kdrei-2009.de\/WPKdrei\/wp-content\/uploads\/2013\/11\/K3-KK2013-36web-774x1024.jpg 774w, https:\/\/www.kdrei-2009.de\/WPKdrei\/wp-content\/uploads\/2013\/11\/K3-KK2013-36web.jpg 794w\" sizes=\"(max-width: 226px) 100vw, 226px\" \/><\/a><\/p>\n<p><a href=\"https:\/\/www.kdrei-2009.de\/WPKdrei\/wp-content\/uploads\/2013\/11\/K3-KK2013-2+3web.jpg\" rel=\"lightbox[3736]\"><img loading=\"lazy\" decoding=\"async\" class=\"alignleft size-medium wp-image-3764\" title=\"K3-KK2013-2+3web\" src=\"https:\/\/www.kdrei-2009.de\/WPKdrei\/wp-content\/uploads\/2013\/11\/K3-KK2013-2+3web-300x198.jpg\" alt=\"\" width=\"300\" height=\"198\" srcset=\"https:\/\/www.kdrei-2009.de\/WPKdrei\/wp-content\/uploads\/2013\/11\/K3-KK2013-2+3web-300x198.jpg 300w, https:\/\/www.kdrei-2009.de\/WPKdrei\/wp-content\/uploads\/2013\/11\/K3-KK2013-2+3web.jpg 794w\" sizes=\"(max-width: 300px) 100vw, 300px\" \/><\/a><\/p>\n<p><a href=\"https:\/\/www.kdrei-2009.de\/WPKdrei\/wp-content\/uploads\/2013\/11\/K3-KK2013-4+5web1.jpg\" rel=\"lightbox[3736]\"><img loading=\"lazy\" decoding=\"async\" class=\"alignleft size-medium wp-image-3763\" title=\"K3-KK2013-4+5web\" src=\"https:\/\/www.kdrei-2009.de\/WPKdrei\/wp-content\/uploads\/2013\/11\/K3-KK2013-4+5web1-300x198.jpg\" alt=\"\" width=\"300\" height=\"198\" srcset=\"https:\/\/www.kdrei-2009.de\/WPKdrei\/wp-content\/uploads\/2013\/11\/K3-KK2013-4+5web1-300x198.jpg 300w, https:\/\/www.kdrei-2009.de\/WPKdrei\/wp-content\/uploads\/2013\/11\/K3-KK2013-4+5web1.jpg 794w\" sizes=\"(max-width: 300px) 100vw, 300px\" \/><\/a><\/p>\n<p><a href=\"https:\/\/www.kdrei-2009.de\/WPKdrei\/wp-content\/uploads\/2013\/11\/K3-KK2013-6+7web1.jpg\" rel=\"lightbox[3736]\"><img loading=\"lazy\" decoding=\"async\" class=\"alignleft size-medium wp-image-3762\" title=\"K3-KK2013-6+7web\" src=\"https:\/\/www.kdrei-2009.de\/WPKdrei\/wp-content\/uploads\/2013\/11\/K3-KK2013-6+7web1-300x198.jpg\" alt=\"\" width=\"300\" height=\"198\" srcset=\"https:\/\/www.kdrei-2009.de\/WPKdrei\/wp-content\/uploads\/2013\/11\/K3-KK2013-6+7web1-300x198.jpg 300w, https:\/\/www.kdrei-2009.de\/WPKdrei\/wp-content\/uploads\/2013\/11\/K3-KK2013-6+7web1.jpg 794w\" sizes=\"(max-width: 300px) 100vw, 300px\" \/><\/a><\/p>\n<p><a href=\"https:\/\/www.kdrei-2009.de\/WPKdrei\/wp-content\/uploads\/2013\/11\/K3-KK2013-8+9web.jpg\" rel=\"lightbox[3736]\"><img loading=\"lazy\" decoding=\"async\" class=\"alignleft size-medium wp-image-3761\" title=\"K3-KK2013-8+9web\" src=\"https:\/\/www.kdrei-2009.de\/WPKdrei\/wp-content\/uploads\/2013\/11\/K3-KK2013-8+9web-300x198.jpg\" alt=\"\" width=\"300\" height=\"198\" srcset=\"https:\/\/www.kdrei-2009.de\/WPKdrei\/wp-content\/uploads\/2013\/11\/K3-KK2013-8+9web-300x198.jpg 300w, https:\/\/www.kdrei-2009.de\/WPKdrei\/wp-content\/uploads\/2013\/11\/K3-KK2013-8+9web.jpg 794w\" sizes=\"(max-width: 300px) 100vw, 300px\" \/><\/a><\/p>\n<p><a href=\"https:\/\/www.kdrei-2009.de\/WPKdrei\/wp-content\/uploads\/2013\/11\/K3-KK2013-10+11web.jpg\" rel=\"lightbox[3736]\"><img loading=\"lazy\" decoding=\"async\" class=\"alignleft size-medium wp-image-3760\" title=\"K3-KK2013-10+11web\" src=\"https:\/\/www.kdrei-2009.de\/WPKdrei\/wp-content\/uploads\/2013\/11\/K3-KK2013-10+11web-300x198.jpg\" alt=\"\" width=\"300\" height=\"198\" srcset=\"https:\/\/www.kdrei-2009.de\/WPKdrei\/wp-content\/uploads\/2013\/11\/K3-KK2013-10+11web-300x198.jpg 300w, https:\/\/www.kdrei-2009.de\/WPKdrei\/wp-content\/uploads\/2013\/11\/K3-KK2013-10+11web.jpg 794w\" sizes=\"(max-width: 300px) 100vw, 300px\" \/><\/a><\/p>\n<p><a href=\"https:\/\/www.kdrei-2009.de\/WPKdrei\/wp-content\/uploads\/2013\/11\/K3-KK2013-12+13web.jpg\" rel=\"lightbox[3736]\"><img loading=\"lazy\" decoding=\"async\" class=\"alignleft size-medium wp-image-3759\" title=\"K3-KK2013-12+13web\" src=\"https:\/\/www.kdrei-2009.de\/WPKdrei\/wp-content\/uploads\/2013\/11\/K3-KK2013-12+13web-300x198.jpg\" alt=\"\" width=\"300\" height=\"198\" srcset=\"https:\/\/www.kdrei-2009.de\/WPKdrei\/wp-content\/uploads\/2013\/11\/K3-KK2013-12+13web-300x198.jpg 300w, https:\/\/www.kdrei-2009.de\/WPKdrei\/wp-content\/uploads\/2013\/11\/K3-KK2013-12+13web.jpg 794w\" sizes=\"(max-width: 300px) 100vw, 300px\" \/><\/a><\/p>\n<p><a href=\"https:\/\/www.kdrei-2009.de\/WPKdrei\/wp-content\/uploads\/2013\/11\/K3-KK2013-14+15web.jpg\" rel=\"lightbox[3736]\"><img loading=\"lazy\" decoding=\"async\" class=\"alignleft size-medium wp-image-3758\" title=\"K3-KK2013-14+15web\" src=\"https:\/\/www.kdrei-2009.de\/WPKdrei\/wp-content\/uploads\/2013\/11\/K3-KK2013-14+15web-300x198.jpg\" alt=\"\" width=\"300\" height=\"198\" srcset=\"https:\/\/www.kdrei-2009.de\/WPKdrei\/wp-content\/uploads\/2013\/11\/K3-KK2013-14+15web-300x198.jpg 300w, https:\/\/www.kdrei-2009.de\/WPKdrei\/wp-content\/uploads\/2013\/11\/K3-KK2013-14+15web.jpg 794w\" sizes=\"(max-width: 300px) 100vw, 300px\" \/><\/a><\/p>\n<p><a href=\"https:\/\/www.kdrei-2009.de\/WPKdrei\/wp-content\/uploads\/2013\/11\/K3-KK2013-16+17web.jpg\" rel=\"lightbox[3736]\"><img loading=\"lazy\" decoding=\"async\" class=\"alignleft size-medium wp-image-3757\" title=\"K3-KK2013-16+17web\" src=\"https:\/\/www.kdrei-2009.de\/WPKdrei\/wp-content\/uploads\/2013\/11\/K3-KK2013-16+17web-300x198.jpg\" alt=\"\" width=\"300\" height=\"198\" srcset=\"https:\/\/www.kdrei-2009.de\/WPKdrei\/wp-content\/uploads\/2013\/11\/K3-KK2013-16+17web-300x198.jpg 300w, https:\/\/www.kdrei-2009.de\/WPKdrei\/wp-content\/uploads\/2013\/11\/K3-KK2013-16+17web.jpg 794w\" sizes=\"(max-width: 300px) 100vw, 300px\" \/><\/a><\/p>\n<p><a href=\"https:\/\/www.kdrei-2009.de\/WPKdrei\/wp-content\/uploads\/2013\/11\/K3-KK2013-18+19web.jpg\" rel=\"lightbox[3736]\"><img loading=\"lazy\" decoding=\"async\" class=\"alignleft size-medium wp-image-3756\" title=\"K3-KK2013-18+19web\" src=\"https:\/\/www.kdrei-2009.de\/WPKdrei\/wp-content\/uploads\/2013\/11\/K3-KK2013-18+19web-300x198.jpg\" alt=\"\" width=\"300\" height=\"198\" srcset=\"https:\/\/www.kdrei-2009.de\/WPKdrei\/wp-content\/uploads\/2013\/11\/K3-KK2013-18+19web-300x198.jpg 300w, https:\/\/www.kdrei-2009.de\/WPKdrei\/wp-content\/uploads\/2013\/11\/K3-KK2013-18+19web.jpg 794w\" sizes=\"(max-width: 300px) 100vw, 300px\" \/><\/a><\/p>\n<p><a href=\"https:\/\/www.kdrei-2009.de\/WPKdrei\/wp-content\/uploads\/2013\/11\/K3-KK2013-20+21web.jpg\" rel=\"lightbox[3736]\"><img loading=\"lazy\" decoding=\"async\" class=\"alignleft size-medium wp-image-3755\" title=\"K3-KK2013-20+21web\" src=\"https:\/\/www.kdrei-2009.de\/WPKdrei\/wp-content\/uploads\/2013\/11\/K3-KK2013-20+21web-300x198.jpg\" alt=\"\" width=\"300\" height=\"198\" srcset=\"https:\/\/www.kdrei-2009.de\/WPKdrei\/wp-content\/uploads\/2013\/11\/K3-KK2013-20+21web-300x198.jpg 300w, https:\/\/www.kdrei-2009.de\/WPKdrei\/wp-content\/uploads\/2013\/11\/K3-KK2013-20+21web.jpg 794w\" sizes=\"(max-width: 300px) 100vw, 300px\" \/><\/a><\/p>\n<p><a href=\"https:\/\/www.kdrei-2009.de\/WPKdrei\/wp-content\/uploads\/2013\/11\/K3-KK2013-25+24web.jpg\" rel=\"lightbox[3736]\"><img loading=\"lazy\" decoding=\"async\" class=\"alignleft size-medium wp-image-3753\" title=\"K3-KK2013-25+24web\" src=\"https:\/\/www.kdrei-2009.de\/WPKdrei\/wp-content\/uploads\/2013\/11\/K3-KK2013-25+24web-300x198.jpg\" alt=\"\" width=\"300\" height=\"198\" srcset=\"https:\/\/www.kdrei-2009.de\/WPKdrei\/wp-content\/uploads\/2013\/11\/K3-KK2013-25+24web-300x198.jpg 300w, https:\/\/www.kdrei-2009.de\/WPKdrei\/wp-content\/uploads\/2013\/11\/K3-KK2013-25+24web.jpg 794w\" sizes=\"(max-width: 300px) 100vw, 300px\" \/><\/a><\/p>\n<p><a href=\"https:\/\/www.kdrei-2009.de\/WPKdrei\/wp-content\/uploads\/2013\/11\/K3-KK2013-26+27web.jpg\" rel=\"lightbox[3736]\"><img loading=\"lazy\" decoding=\"async\" class=\"alignleft size-medium wp-image-3752\" title=\"K3-KK2013-26+27web\" src=\"https:\/\/www.kdrei-2009.de\/WPKdrei\/wp-content\/uploads\/2013\/11\/K3-KK2013-26+27web-300x198.jpg\" alt=\"\" width=\"300\" height=\"198\" srcset=\"https:\/\/www.kdrei-2009.de\/WPKdrei\/wp-content\/uploads\/2013\/11\/K3-KK2013-26+27web-300x198.jpg 300w, https:\/\/www.kdrei-2009.de\/WPKdrei\/wp-content\/uploads\/2013\/11\/K3-KK2013-26+27web.jpg 794w\" sizes=\"(max-width: 300px) 100vw, 300px\" \/><\/a><\/p>\n<p><a href=\"https:\/\/www.kdrei-2009.de\/WPKdrei\/wp-content\/uploads\/2013\/11\/K3-KK2013-28+29web.jpg\" rel=\"lightbox[3736]\"><img loading=\"lazy\" decoding=\"async\" class=\"alignleft size-medium wp-image-3751\" title=\"K3-KK2013-28+29web\" src=\"https:\/\/www.kdrei-2009.de\/WPKdrei\/wp-content\/uploads\/2013\/11\/K3-KK2013-28+29web-300x198.jpg\" alt=\"\" width=\"300\" height=\"198\" srcset=\"https:\/\/www.kdrei-2009.de\/WPKdrei\/wp-content\/uploads\/2013\/11\/K3-KK2013-28+29web-300x198.jpg 300w, https:\/\/www.kdrei-2009.de\/WPKdrei\/wp-content\/uploads\/2013\/11\/K3-KK2013-28+29web.jpg 794w\" sizes=\"(max-width: 300px) 100vw, 300px\" \/><\/a><\/p>\n<p><a href=\"https:\/\/www.kdrei-2009.de\/WPKdrei\/wp-content\/uploads\/2013\/11\/K3-KK2013-30+31web.jpg\" rel=\"lightbox[3736]\"><img loading=\"lazy\" decoding=\"async\" class=\"alignleft size-medium wp-image-3750\" title=\"K3-KK2013-30+31web\" src=\"https:\/\/www.kdrei-2009.de\/WPKdrei\/wp-content\/uploads\/2013\/11\/K3-KK2013-30+31web-300x198.jpg\" alt=\"\" width=\"300\" height=\"198\" srcset=\"https:\/\/www.kdrei-2009.de\/WPKdrei\/wp-content\/uploads\/2013\/11\/K3-KK2013-30+31web-300x198.jpg 300w, https:\/\/www.kdrei-2009.de\/WPKdrei\/wp-content\/uploads\/2013\/11\/K3-KK2013-30+31web.jpg 794w\" sizes=\"(max-width: 300px) 100vw, 300px\" \/><\/a><\/p>\n<p><a href=\"https:\/\/www.kdrei-2009.de\/WPKdrei\/wp-content\/uploads\/2013\/11\/K3-KK2013-32+33web.jpg\" rel=\"lightbox[3736]\"><img loading=\"lazy\" decoding=\"async\" class=\"alignleft size-medium wp-image-3749\" title=\"K3-KK2013-32+33web\" src=\"https:\/\/www.kdrei-2009.de\/WPKdrei\/wp-content\/uploads\/2013\/11\/K3-KK2013-32+33web-300x198.jpg\" alt=\"\" width=\"300\" height=\"198\" srcset=\"https:\/\/www.kdrei-2009.de\/WPKdrei\/wp-content\/uploads\/2013\/11\/K3-KK2013-32+33web-300x198.jpg 300w, https:\/\/www.kdrei-2009.de\/WPKdrei\/wp-content\/uploads\/2013\/11\/K3-KK2013-32+33web.jpg 794w\" sizes=\"(max-width: 300px) 100vw, 300px\" \/><\/a><\/p>\n<p><a href=\"https:\/\/www.kdrei-2009.de\/WPKdrei\/wp-content\/uploads\/2013\/11\/K3-KK2013-34+35Aweb.jpg\" rel=\"lightbox[3736]\"><img loading=\"lazy\" decoding=\"async\" class=\"alignleft size-medium wp-image-3766\" title=\"K3-KK2013-34+35Aweb\" src=\"https:\/\/www.kdrei-2009.de\/WPKdrei\/wp-content\/uploads\/2013\/11\/K3-KK2013-34+35Aweb-300x198.jpg\" alt=\"\" width=\"300\" height=\"198\" srcset=\"https:\/\/www.kdrei-2009.de\/WPKdrei\/wp-content\/uploads\/2013\/11\/K3-KK2013-34+35Aweb-300x198.jpg 300w, https:\/\/www.kdrei-2009.de\/WPKdrei\/wp-content\/uploads\/2013\/11\/K3-KK2013-34+35Aweb.jpg 794w\" sizes=\"(max-width: 300px) 100vw, 300px\" \/><\/a><\/p>\n","protected":false},"excerpt":{"rendered":"<p>Liebe Leute, wer h\u00e4tte das gedacht. Wir waren uns immer sicher, dass wir irgendwann 50 G\u00e4ste bewirten werden. Hier einige Stimmen von denen, die mitgekocht und mitgegessen haben. Hallo Walter, [&hellip;]<\/p>\n","protected":false},"author":1,"featured_media":0,"parent":5249,"menu_order":0,"comment_status":"open","ping_status":"open","template":"","meta":{"footnotes":""},"_links":{"self":[{"href":"https:\/\/www.kdrei-2009.de\/WPKdrei\/wp-json\/wp\/v2\/pages\/3736"}],"collection":[{"href":"https:\/\/www.kdrei-2009.de\/WPKdrei\/wp-json\/wp\/v2\/pages"}],"about":[{"href":"https:\/\/www.kdrei-2009.de\/WPKdrei\/wp-json\/wp\/v2\/types\/page"}],"author":[{"embeddable":true,"href":"https:\/\/www.kdrei-2009.de\/WPKdrei\/wp-json\/wp\/v2\/users\/1"}],"replies":[{"embeddable":true,"href":"https:\/\/www.kdrei-2009.de\/WPKdrei\/wp-json\/wp\/v2\/comments?post=3736"}],"version-history":[{"count":8,"href":"https:\/\/www.kdrei-2009.de\/WPKdrei\/wp-json\/wp\/v2\/pages\/3736\/revisions"}],"predecessor-version":[{"id":5371,"href":"https:\/\/www.kdrei-2009.de\/WPKdrei\/wp-json\/wp\/v2\/pages\/3736\/revisions\/5371"}],"up":[{"embeddable":true,"href":"https:\/\/www.kdrei-2009.de\/WPKdrei\/wp-json\/wp\/v2\/pages\/5249"}],"wp:attachment":[{"href":"https:\/\/www.kdrei-2009.de\/WPKdrei\/wp-json\/wp\/v2\/media?parent=3736"}],"curies":[{"name":"wp","href":"https:\/\/api.w.org\/{rel}","templated":true}]}}