{"id":3847,"date":"2014-02-07T15:27:21","date_gmt":"2014-02-07T15:27:21","guid":{"rendered":"https:\/\/www.kdrei-2009.de\/WPKdrei\/?page_id=3847"},"modified":"2016-03-16T12:24:46","modified_gmt":"2016-03-16T12:24:46","slug":"barockes-konzert","status":"publish","type":"page","link":"https:\/\/www.kdrei-2009.de\/WPKdrei\/kunst\/akustisches\/akustisches-2014\/barockes-konzert\/","title":{"rendered":"Barockes Konzert"},"content":{"rendered":"<h3><\/h3>\n<h3><\/h3>\n<h3><span style=\"font-size: large;\">Wie schon seit 36 Jahren st\u00fctze ich auch diesmal<\/span><\/h3>\n<p><span style=\"font-size: large;\">die 2.Geige vom hinteren Pult\u2026<\/span><\/p>\n<p><span style=\"font-size: large;\">Sch\u00f6nste Gr\u00fc\u00dfe : Max G.B.<\/span><\/p>\n<p><span style=\"color: #808080;\">.<\/span><\/p>\n<p><a href=\"https:\/\/www.kdrei-2009.de\/WPKdrei\/wp-content\/uploads\/2013\/02\/NKO-2013-01b.jpg\" rel=\"lightbox[3847]\"><img loading=\"lazy\" decoding=\"async\" class=\"alignleft size-thumbnail wp-image-3376\" title=\"Microsoft Word - Programm_gesamt.doc\" src=\"https:\/\/www.kdrei-2009.de\/WPKdrei\/wp-content\/uploads\/2013\/02\/NKO-2013-01b-150x150.jpg\" alt=\"\" width=\"150\" height=\"150\" \/><\/a><\/p>\n<p><span style=\"font-family: Arial,serif;\"><span style=\"font-size: x-large;\"><span style=\"font-family: Verdana,serif;\"><span style=\"font-size: x-large;\">N\u00fcrtinger Kammerorchester<\/span><\/span><\/span><\/span><\/p>\n<p><span style=\"font-family: Verdana,serif;\"><span style=\"font-size: x-large;\"><strong>23.02.2014<\/strong><\/span><\/span><\/p>\n<p><span style=\"font-family: Verdana,serif;\"><span style=\"font-size: small;\"><strong>Sonntag, 23. Februar 2014, 19.00 Uhr<\/strong><\/span><\/span><\/p>\n<p><span style=\"font-family: Verdana,serif;\"><span style=\"font-size: small;\"><strong>im Festsaal der Rudolf Steiner Schule, Erlenweg 1<\/strong><\/span><\/span><\/p>\n<p>\u201e<span style=\"font-family: Verdana,serif;\"><span style=\"font-size: small;\"><strong>Licht und Schatten in Sinfonie, Konzert und Oper\u201c<\/strong><\/span><\/span><\/p>\n<p lang=\"it-IT\"><span style=\"font-family: Verdana,serif;\">ANTONIO CALDARA\tSinfonia Nr. 12, a-Moll<\/span><\/p>\n<p lang=\"it-IT\"><span style=\"font-family: Verdana,serif;\">(1670 &#8211; 1735)\t\u201cLa passione di Ges\u00fa Signor nostro\u201d<\/span><\/p>\n<p lang=\"it-IT\"><span style=\"font-family: Verdana,serif;\"> Grave \u2013 Allegretto \u2013 Adagio &#8211; Allegro<\/span><\/p>\n<p lang=\"it-IT\"><span style=\"font-family: Verdana,serif;\"> <\/span><\/p>\n<p><span style=\"font-family: Verdana,serif;\">ANTONIO VIVALDI\tKonzert f\u00fcr Fl\u00f6te, Streicher und b.c., Nr. 2<\/span><\/p>\n<p><span style=\"font-family: Verdana,serif;\">(1678 \u2013 1741)\t\u201cLa Notte\u201d<\/span><\/p>\n<p lang=\"it-IT\"><span style=\"font-family: Verdana,serif;\"> Largo \u2013 Presto \u2013 Largo \u2013 Presto \u2013 Largo \u2013<\/span><\/p>\n<p lang=\"it-IT\"><span style=\"font-family: Verdana,serif;\"> Allegro<\/span><\/p>\n<p lang=\"it-IT\">\n<p><span style=\"font-family: Verdana,serif;\">JOHANN S. BACH\tBrandenburgisches Konzert Nr. 3, G-Dur<\/span><\/p>\n<p><span style=\"font-family: Verdana,serif;\">(1685 &#8211; 1750)\tBWV 1048<\/span><\/p>\n<p><span style=\"font-family: Verdana,serif;\"> Allegro \u2013 Adagio &#8211; Allegro<\/span><\/p>\n<p><span style=\"font-family: Verdana,serif;\">ANTONIO VIVALDI\tKonzert f\u00fcr Streicher und b.c., G-Dur<\/span><\/p>\n<p lang=\"it-IT\"><span style=\"font-family: Verdana,serif;\">(1678 \u2013 1741)\t\u201eConcerto alla rustica\u201c<\/span><\/p>\n<p lang=\"it-IT\"><span style=\"font-family: Verdana,serif;\"> Presto \u2013 Andante &#8211; Allegro<\/span><\/p>\n<p lang=\"it-IT\">\n<p><span style=\"font-family: Verdana,serif;\">ANTONIO VIVALDI\tKonzert f\u00fcr Fl\u00f6te, Streicher und b.c.<\/span><\/p>\n<p lang=\"it-IT\"><span style=\"font-family: Verdana,serif;\">(1678 \u2013 1741)\tD-Dur, \u201eIl gardellino\u201c<\/span><\/p>\n<p lang=\"it-IT\"><span style=\"font-family: Verdana,serif;\"> Allegro &#8211; Cantabile \u2013 Allegro<\/span><\/p>\n<p lang=\"it-IT\">\n<p><span style=\"font-family: Verdana,serif;\"> <\/span><span style=\"font-family: Verdana,serif;\"><span style=\"text-decoration: underline;\"> <\/span><\/span><\/p>\n<p lang=\"it-IT\">\n<p><span style=\"font-family: Verdana,serif;\">GEORG F. H\u00c4NDEL\tAusz\u00fcge aus der Oper \u201cAlcina\u201d<\/span><\/p>\n<p lang=\"it-IT\"><span style=\"font-family: Verdana,serif;\">(1685 \u2013 1759)<\/span><\/p>\n<p lang=\"it-IT\"><span style=\"font-family: Verdana,serif;\"> Ouverture \u2013 Aria &#8211;<\/span><\/p>\n<p lang=\"it-IT\"><span style=\"font-family: Verdana,serif;\"> Gavotte \u2013 Sarabande \u2013 Musette &#8211;<\/span><\/p>\n<p lang=\"it-IT\"><span style=\"font-family: Verdana,serif;\"> Menuet \u2013 Accompagnato &#8211;<\/span><\/p>\n<p lang=\"it-IT\"><span style=\"font-family: Verdana,serif;\"> Aria \u2013 Sinfonia \u2013 Menuet &#8211;<\/span><\/p>\n<p lang=\"it-IT\"><span style=\"font-family: Verdana,serif;\"> Gavotte \u2013 Aria &#8211; Tamburino<\/span><\/p>\n<p lang=\"it-IT\">\n<p lang=\"it-IT\">\n<p lang=\"it-IT\"><span style=\"font-family: Verdana,serif;\">Solistinnen:\tAMANDA CHOMINSKY (Fl\u00f6te)<\/span><\/p>\n<p><span style=\"font-family: Verdana,serif;\"> <\/span><span style=\"font-family: Verdana,serif;\">MONIKA MAUCH (Sopran)<\/span><\/p>\n<p><span style=\"font-family: Verdana,serif;\">Dirigent:\tWALTER SCHUSTER<\/span><\/p>\n","protected":false},"excerpt":{"rendered":"<p>Wie schon seit 36 Jahren st\u00fctze ich auch diesmal die 2.Geige vom hinteren Pult\u2026 Sch\u00f6nste Gr\u00fc\u00dfe : Max G.B. . N\u00fcrtinger Kammerorchester 23.02.2014 Sonntag, 23. Februar 2014, 19.00 Uhr im [&hellip;]<\/p>\n","protected":false},"author":1,"featured_media":0,"parent":5472,"menu_order":0,"comment_status":"open","ping_status":"open","template":"","meta":{"footnotes":""},"_links":{"self":[{"href":"https:\/\/www.kdrei-2009.de\/WPKdrei\/wp-json\/wp\/v2\/pages\/3847"}],"collection":[{"href":"https:\/\/www.kdrei-2009.de\/WPKdrei\/wp-json\/wp\/v2\/pages"}],"about":[{"href":"https:\/\/www.kdrei-2009.de\/WPKdrei\/wp-json\/wp\/v2\/types\/page"}],"author":[{"embeddable":true,"href":"https:\/\/www.kdrei-2009.de\/WPKdrei\/wp-json\/wp\/v2\/users\/1"}],"replies":[{"embeddable":true,"href":"https:\/\/www.kdrei-2009.de\/WPKdrei\/wp-json\/wp\/v2\/comments?post=3847"}],"version-history":[{"count":3,"href":"https:\/\/www.kdrei-2009.de\/WPKdrei\/wp-json\/wp\/v2\/pages\/3847\/revisions"}],"predecessor-version":[{"id":3849,"href":"https:\/\/www.kdrei-2009.de\/WPKdrei\/wp-json\/wp\/v2\/pages\/3847\/revisions\/3849"}],"up":[{"embeddable":true,"href":"https:\/\/www.kdrei-2009.de\/WPKdrei\/wp-json\/wp\/v2\/pages\/5472"}],"wp:attachment":[{"href":"https:\/\/www.kdrei-2009.de\/WPKdrei\/wp-json\/wp\/v2\/media?parent=3847"}],"curies":[{"name":"wp","href":"https:\/\/api.w.org\/{rel}","templated":true}]}}