{"id":4023,"date":"2014-04-30T06:37:51","date_gmt":"2014-04-30T06:37:51","guid":{"rendered":"https:\/\/www.kdrei-2009.de\/WPKdrei\/?page_id=4023"},"modified":"2016-03-15T11:08:49","modified_gmt":"2016-03-15T11:08:49","slug":"kochkurs-galamenu-2014","status":"publish","type":"page","link":"https:\/\/www.kdrei-2009.de\/WPKdrei\/kdrei-events\/events-2014\/kochkurs-galamenu-2014\/","title":{"rendered":"KOCHKURS &#038; GALAMEN\u00dc 2014"},"content":{"rendered":"<h3><span style=\"color: #808080;\">Ja, ihr habt Recht, das hat lange gedauert. Daf\u00fcr gibt es nat\u00fcrlich Gr\u00fcnde, aber wer wirklich kochen und essen m\u00f6chte, will sich damit nicht unn\u00f6tig besch\u00e4ftigen, sondern zu Topf und Pfanne, bzw, Messser und Gabel greifen. Wir wollen dies auch deshalb nicht weiter er\u00f6rtern, sondern es so belassen. Das wir damit richtig liegen, zeigen die vielen bereits get\u00e4tigten Reservierungen ohne Men\u00fckarte. Wir bedanken uns bei allen G\u00e4sten f\u00fcr dieses Vertrauen. Es macht einfach Spass, wenn alle wissen&#8230;.es wird wieder ein sch\u00f6ner Abend mit leckerem Essen, guten Weinen und netten Unterhaltungen. Wir freuen uns auch schon, wieder soviele nette Leute als G\u00e4ste zu haben.<\/span><\/h3>\n<h3><span style=\"color: #808080;\">Als Sommelier konnten wir Gerald Jantschik gewinnen, der uns interessante Weine von diversen Winzern kredenzen und vorstellen wird. <\/span><\/h3>\n<h2><span style=\"color: #808080;\">Es sind noch einige Pl\u00e4tze frei, wer dabei sein m\u00f6chte, bitte unter : info(at)Kdrei-2009.de anmelden.<br \/>\n<\/span><\/h2>\n<h3><span style=\"color: #808080;\">Also, so siehts dann aus&#8230;unser Men\u00fc 2014. <\/span><\/h3>\n<h3><span style=\"color: #808080;\">Edle Gew\u00fcrze und feine Kr\u00e4uter treffen auf hochwertige Zutaten aus Garten, Stall und Meer.<\/span><\/h3>\n<h3><span style=\"color: #808080;\"><a href=\"https:\/\/www.kdrei-2009.de\/WPKdrei\/wp-content\/uploads\/2014\/09\/K3-KK2014-PLAKAT-A4a-web.jpg\" rel=\"lightbox[4023]\"><img loading=\"lazy\" decoding=\"async\" class=\"alignleft size-full wp-image-4201\" title=\"K3-KK2014 PLAKAT A3a\" src=\"https:\/\/www.kdrei-2009.de\/WPKdrei\/wp-content\/uploads\/2014\/09\/K3-KK2014-PLAKAT-A4a-web.jpg\" alt=\"\" width=\"595\" height=\"842\" srcset=\"https:\/\/www.kdrei-2009.de\/WPKdrei\/wp-content\/uploads\/2014\/09\/K3-KK2014-PLAKAT-A4a-web.jpg 595w, https:\/\/www.kdrei-2009.de\/WPKdrei\/wp-content\/uploads\/2014\/09\/K3-KK2014-PLAKAT-A4a-web-211x300.jpg 211w\" sizes=\"(max-width: 595px) 100vw, 595px\" \/><\/a><br \/>\n<\/span><\/h3>\n<p><span style=\"color: #808080;\"><a href=\"https:\/\/www.kdrei-2009.de\/WPKdrei\/wp-content\/uploads\/2014\/04\/K3-KK2014.jpg\" rel=\"lightbox[4023]\"><img loading=\"lazy\" decoding=\"async\" class=\"size-full wp-image-4021 alignleft\" title=\"K3-KK2014\" src=\"https:\/\/www.kdrei-2009.de\/WPKdrei\/wp-content\/uploads\/2014\/04\/K3-KK2014.jpg\" alt=\"\" width=\"680\" height=\"227\" srcset=\"https:\/\/www.kdrei-2009.de\/WPKdrei\/wp-content\/uploads\/2014\/04\/K3-KK2014.jpg 680w, https:\/\/www.kdrei-2009.de\/WPKdrei\/wp-content\/uploads\/2014\/04\/K3-KK2014-300x100.jpg 300w\" sizes=\"(max-width: 680px) 100vw, 680px\" \/><\/a><br \/>\n<\/span><\/p>\n","protected":false},"excerpt":{"rendered":"<p>Ja, ihr habt Recht, das hat lange gedauert. Daf\u00fcr gibt es nat\u00fcrlich Gr\u00fcnde, aber wer wirklich kochen und essen m\u00f6chte, will sich damit nicht unn\u00f6tig besch\u00e4ftigen, sondern zu Topf und [&hellip;]<\/p>\n","protected":false},"author":1,"featured_media":0,"parent":5321,"menu_order":0,"comment_status":"open","ping_status":"open","template":"","meta":{"footnotes":""},"_links":{"self":[{"href":"https:\/\/www.kdrei-2009.de\/WPKdrei\/wp-json\/wp\/v2\/pages\/4023"}],"collection":[{"href":"https:\/\/www.kdrei-2009.de\/WPKdrei\/wp-json\/wp\/v2\/pages"}],"about":[{"href":"https:\/\/www.kdrei-2009.de\/WPKdrei\/wp-json\/wp\/v2\/types\/page"}],"author":[{"embeddable":true,"href":"https:\/\/www.kdrei-2009.de\/WPKdrei\/wp-json\/wp\/v2\/users\/1"}],"replies":[{"embeddable":true,"href":"https:\/\/www.kdrei-2009.de\/WPKdrei\/wp-json\/wp\/v2\/comments?post=4023"}],"version-history":[{"count":9,"href":"https:\/\/www.kdrei-2009.de\/WPKdrei\/wp-json\/wp\/v2\/pages\/4023\/revisions"}],"predecessor-version":[{"id":4025,"href":"https:\/\/www.kdrei-2009.de\/WPKdrei\/wp-json\/wp\/v2\/pages\/4023\/revisions\/4025"}],"up":[{"embeddable":true,"href":"https:\/\/www.kdrei-2009.de\/WPKdrei\/wp-json\/wp\/v2\/pages\/5321"}],"wp:attachment":[{"href":"https:\/\/www.kdrei-2009.de\/WPKdrei\/wp-json\/wp\/v2\/media?parent=4023"}],"curies":[{"name":"wp","href":"https:\/\/api.w.org\/{rel}","templated":true}]}}