{"id":4066,"date":"2014-05-31T10:40:09","date_gmt":"2014-05-31T10:40:09","guid":{"rendered":"https:\/\/www.kdrei-2009.de\/WPKdrei\/?page_id=4066"},"modified":"2016-03-15T11:31:55","modified_gmt":"2016-03-15T11:31:55","slug":"2-runde-bbpv-pokal","status":"publish","type":"page","link":"https:\/\/www.kdrei-2009.de\/WPKdrei\/kugelsport-2\/kugelsport-2014\/turniere-2014\/2-runde-bbpv-pokal\/","title":{"rendered":"2. Runde BBPV-Pokal"},"content":{"rendered":"<h3><span style=\"color: #808080;\">Das war ein sch\u00f6ner, sonniger Sonntagnachmittag mit den T\u00fcbingern. Wir waren gute Gastgeber und haben die Partie verloren&#8230;die T\u00fcbinger waren gute G\u00e4ste und haben gegessen und getrunken. Was will man mehr.<\/span><\/h3>\n<p><span style=\"color: #808080;\"> <\/span><\/p>\n<div id=\"attachment_4068\" style=\"width: 690px\" class=\"wp-caption alignleft\"><a href=\"https:\/\/www.kdrei-2009.de\/WPKdrei\/wp-content\/uploads\/2014\/05\/K3-BBPVPokal2014_38a.jpg\" rel=\"lightbox[4066]\"><img loading=\"lazy\" decoding=\"async\" aria-describedby=\"caption-attachment-4068\" class=\"size-full wp-image-4068\" title=\"K3-BBPVPokal2014_38a\" src=\"https:\/\/www.kdrei-2009.de\/WPKdrei\/wp-content\/uploads\/2014\/05\/K3-BBPVPokal2014_38a.jpg\" alt=\"\" width=\"680\" height=\"508\" srcset=\"https:\/\/www.kdrei-2009.de\/WPKdrei\/wp-content\/uploads\/2014\/05\/K3-BBPVPokal2014_38a.jpg 680w, https:\/\/www.kdrei-2009.de\/WPKdrei\/wp-content\/uploads\/2014\/05\/K3-BBPVPokal2014_38a-300x224.jpg 300w\" sizes=\"(max-width: 680px) 100vw, 680px\" \/><\/a><p id=\"caption-attachment-4068\" class=\"wp-caption-text\">Gruppenbild vor unserem Wasserschloss.<\/p><\/div>\n<div id=\"attachment_4063\" style=\"width: 690px\" class=\"wp-caption alignleft\"><a href=\"https:\/\/www.kdrei-2009.de\/WPKdrei\/wp-content\/uploads\/2014\/05\/K3-BBPVPokal2014_35web.jpg\" rel=\"lightbox[4066]\"><img loading=\"lazy\" decoding=\"async\" aria-describedby=\"caption-attachment-4063\" class=\"size-full wp-image-4063\" title=\"K3-BBPVPokal2014_35web\" src=\"https:\/\/www.kdrei-2009.de\/WPKdrei\/wp-content\/uploads\/2014\/05\/K3-BBPVPokal2014_35web.jpg\" alt=\"\" width=\"680\" height=\"377\" srcset=\"https:\/\/www.kdrei-2009.de\/WPKdrei\/wp-content\/uploads\/2014\/05\/K3-BBPVPokal2014_35web.jpg 680w, https:\/\/www.kdrei-2009.de\/WPKdrei\/wp-content\/uploads\/2014\/05\/K3-BBPVPokal2014_35web-300x166.jpg 300w\" sizes=\"(max-width: 680px) 100vw, 680px\" \/><\/a><p id=\"caption-attachment-4063\" class=\"wp-caption-text\">Leckere Rote und k\u00fchle Getr\u00e4nke...<\/p><\/div>\n<div id=\"attachment_4065\" style=\"width: 690px\" class=\"wp-caption alignleft\"><a href=\"https:\/\/www.kdrei-2009.de\/WPKdrei\/wp-content\/uploads\/2014\/05\/K3-BBPVPokal2014_39web.jpg\" rel=\"lightbox[4066]\"><img loading=\"lazy\" decoding=\"async\" aria-describedby=\"caption-attachment-4065\" class=\"size-full wp-image-4065\" title=\"K3-BBPVPokal2014_39web\" src=\"https:\/\/www.kdrei-2009.de\/WPKdrei\/wp-content\/uploads\/2014\/05\/K3-BBPVPokal2014_39web.jpg\" alt=\"\" width=\"680\" height=\"480\" srcset=\"https:\/\/www.kdrei-2009.de\/WPKdrei\/wp-content\/uploads\/2014\/05\/K3-BBPVPokal2014_39web.jpg 680w, https:\/\/www.kdrei-2009.de\/WPKdrei\/wp-content\/uploads\/2014\/05\/K3-BBPVPokal2014_39web-300x211.jpg 300w\" sizes=\"(max-width: 680px) 100vw, 680px\" \/><\/a><p id=\"caption-attachment-4065\" class=\"wp-caption-text\">Die Spielpausen wurden gut genutzt..<\/p><\/div>\n","protected":false},"excerpt":{"rendered":"<p>Das war ein sch\u00f6ner, sonniger Sonntagnachmittag mit den T\u00fcbingern. Wir waren gute Gastgeber und haben die Partie verloren&#8230;die T\u00fcbinger waren gute G\u00e4ste und haben gegessen und getrunken. Was will man [&hellip;]<\/p>\n","protected":false},"author":1,"featured_media":0,"parent":5207,"menu_order":0,"comment_status":"open","ping_status":"open","template":"","meta":{"footnotes":""},"_links":{"self":[{"href":"https:\/\/www.kdrei-2009.de\/WPKdrei\/wp-json\/wp\/v2\/pages\/4066"}],"collection":[{"href":"https:\/\/www.kdrei-2009.de\/WPKdrei\/wp-json\/wp\/v2\/pages"}],"about":[{"href":"https:\/\/www.kdrei-2009.de\/WPKdrei\/wp-json\/wp\/v2\/types\/page"}],"author":[{"embeddable":true,"href":"https:\/\/www.kdrei-2009.de\/WPKdrei\/wp-json\/wp\/v2\/users\/1"}],"replies":[{"embeddable":true,"href":"https:\/\/www.kdrei-2009.de\/WPKdrei\/wp-json\/wp\/v2\/comments?post=4066"}],"version-history":[{"count":5,"href":"https:\/\/www.kdrei-2009.de\/WPKdrei\/wp-json\/wp\/v2\/pages\/4066\/revisions"}],"predecessor-version":[{"id":4071,"href":"https:\/\/www.kdrei-2009.de\/WPKdrei\/wp-json\/wp\/v2\/pages\/4066\/revisions\/4071"}],"up":[{"embeddable":true,"href":"https:\/\/www.kdrei-2009.de\/WPKdrei\/wp-json\/wp\/v2\/pages\/5207"}],"wp:attachment":[{"href":"https:\/\/www.kdrei-2009.de\/WPKdrei\/wp-json\/wp\/v2\/media?parent=4066"}],"curies":[{"name":"wp","href":"https:\/\/api.w.org\/{rel}","templated":true}]}}