{"id":4074,"date":"2014-05-31T10:52:59","date_gmt":"2014-05-31T10:52:59","guid":{"rendered":"https:\/\/www.kdrei-2009.de\/WPKdrei\/?page_id=4074"},"modified":"2016-03-14T12:45:56","modified_gmt":"2016-03-14T12:45:56","slug":"liga-in-aichelberg-2014","status":"publish","type":"page","link":"https:\/\/www.kdrei-2009.de\/WPKdrei\/kugelsport-2\/kugelsport-2014\/liga-2014\/liga-in-aichelberg-2014\/","title":{"rendered":"Liga in Aichelberg 2014"},"content":{"rendered":"<h3><span style=\"color: #808080;\">Wir wollen hier nur die Neuffener Seite zitieren:<\/span><\/h3>\n<h3><span style=\"color: #808080;\">&#8222;&#8230;. Werner legt mit der letzten 13 f\u00fcr Neuffen, Frickenhausen misst  \u201eschlampig\u201c auf den zweiten Punkt, nur ein Punkt f\u00fcr Neuffen. Andi macht  Loch, trifft mit der letzten, gro\u00dfer Jubel bei Frickenhausen. Werner  l\u00e4sst dreizehn nachmessen, 3mm bei Neuffen, verhaltener Jubel bei  Neuffen.&#8220;<\/span><\/h3>\n<h3><span style=\"color: #808080;\">Vom Fuss Gottes wollen wir nicht reden. Nach dem Spiel ist vor dem Spiel.<\/span><\/h3>\n<p><span style=\"color: #808080;\"><a href=\"https:\/\/www.kdrei-2009.de\/WPKdrei\/wp-content\/uploads\/2014\/05\/Tablle2014-031.jpg\" rel=\"lightbox[4074]\"><img loading=\"lazy\" decoding=\"async\" class=\"alignleft size-full wp-image-4077\" title=\"Tablle2014-03\" src=\"https:\/\/www.kdrei-2009.de\/WPKdrei\/wp-content\/uploads\/2014\/05\/Tablle2014-031.jpg\" alt=\"\" width=\"680\" height=\"367\" srcset=\"https:\/\/www.kdrei-2009.de\/WPKdrei\/wp-content\/uploads\/2014\/05\/Tablle2014-031.jpg 680w, https:\/\/www.kdrei-2009.de\/WPKdrei\/wp-content\/uploads\/2014\/05\/Tablle2014-031-300x161.jpg 300w\" sizes=\"(max-width: 680px) 100vw, 680px\" \/><\/a><br \/>\n<\/span><\/p>\n","protected":false},"excerpt":{"rendered":"<p>Wir wollen hier nur die Neuffener Seite zitieren: &#8222;&#8230;. Werner legt mit der letzten 13 f\u00fcr Neuffen, Frickenhausen misst \u201eschlampig\u201c auf den zweiten Punkt, nur ein Punkt f\u00fcr Neuffen. Andi [&hellip;]<\/p>\n","protected":false},"author":1,"featured_media":0,"parent":5199,"menu_order":0,"comment_status":"open","ping_status":"open","template":"","meta":{"footnotes":""},"_links":{"self":[{"href":"https:\/\/www.kdrei-2009.de\/WPKdrei\/wp-json\/wp\/v2\/pages\/4074"}],"collection":[{"href":"https:\/\/www.kdrei-2009.de\/WPKdrei\/wp-json\/wp\/v2\/pages"}],"about":[{"href":"https:\/\/www.kdrei-2009.de\/WPKdrei\/wp-json\/wp\/v2\/types\/page"}],"author":[{"embeddable":true,"href":"https:\/\/www.kdrei-2009.de\/WPKdrei\/wp-json\/wp\/v2\/users\/1"}],"replies":[{"embeddable":true,"href":"https:\/\/www.kdrei-2009.de\/WPKdrei\/wp-json\/wp\/v2\/comments?post=4074"}],"version-history":[{"count":4,"href":"https:\/\/www.kdrei-2009.de\/WPKdrei\/wp-json\/wp\/v2\/pages\/4074\/revisions"}],"predecessor-version":[{"id":5202,"href":"https:\/\/www.kdrei-2009.de\/WPKdrei\/wp-json\/wp\/v2\/pages\/4074\/revisions\/5202"}],"up":[{"embeddable":true,"href":"https:\/\/www.kdrei-2009.de\/WPKdrei\/wp-json\/wp\/v2\/pages\/5199"}],"wp:attachment":[{"href":"https:\/\/www.kdrei-2009.de\/WPKdrei\/wp-json\/wp\/v2\/media?parent=4074"}],"curies":[{"name":"wp","href":"https:\/\/api.w.org\/{rel}","templated":true}]}}