{"id":4517,"date":"2015-02-23T13:15:21","date_gmt":"2015-02-23T13:15:21","guid":{"rendered":"https:\/\/www.kdrei-2009.de\/WPKdrei\/?page_id=4517"},"modified":"2016-03-16T12:21:02","modified_gmt":"2016-03-16T12:21:02","slug":"max-stellt-aus","status":"publish","type":"page","link":"https:\/\/www.kdrei-2009.de\/WPKdrei\/kunst\/visuelles\/visuelles-2015\/max-stellt-aus\/","title":{"rendered":"Max stellt aus"},"content":{"rendered":"<h3><span style=\"color: #808080;\">Liebe Boule- und Kunstfreunde,<\/span><\/h3>\n<h3><span style=\"color: #808080;\">es gibt wieder eine K\u00fcnstlermesse in Stuttgart. Max ist dabei und hier gibts alle Infos dazu. Viel Spass.<br \/>\n<\/span><\/h3>\n<h3><span style=\"color: #808080;\"><br \/>\n<\/span><\/h3>\n<h3><span style=\"color: #808080;\">Liebe Kunst-Freunde, Verwandte, Bekannte:<br \/>\nin bald 14 Tagen ist es soweit: die Tore zur K\u00fcnstlermesse in Stuttgart \u00f6ffnen sich f\u00fcr drei Tage.<br \/>\n\u201dKleine Formate\u201d ist das Thema, das ich mir selber gestellt habe, wohl auch deshalb, weil ich immer wieder dieses Format in meiner Arbeit bevorzugt habe,.<br \/>\nDas hat nun, f\u00fcr mich selber sehr \u00fcberraschend, auch dazu gef\u00fchrt, dass ich seit November \u00b414 an einer neuen Gruppe arbeite, inzwischen sind es an die hundert Arbeiten geworden, alle im Format 12&#215;12 cm, also klein, und alle sch\u00f6n im Passepartout 20&#215;20 cm gerahmt.<br \/>\nDazu kommen aus den Jahren ab 1974 viele Varianten, die meinen k\u00fcnstlerischen Weg dokumentieren, vieles davon ist noch nie gezeigt. Einiges ist an den W\u00e4nden aufgeh\u00e4ngt, das meiste aber zum Durchbl\u00e4ttern \u00fcbersichtlich in kleinen Archivk\u00e4sten aufgestellt.<br \/>\nIch w\u00fcrde mich sehr freuen, wenn ich auf dem Stand 44 Besuch bek\u00e4me (unter G. Bailly\u00a0 zu finden, im Eyth-Saal).<br \/>\nIm \u00dcbrigen bekommt man auf 59 St\u00e4nden einen guten \u00dcberblick \u00fcber die aktuelle Kunst im S\u00fcden Deutschlands, die\u00a0 Kollegen wurden aus einer gro\u00dfen Zahl an Bewerbungen von einer Jury ausgew\u00e4hlt.<br \/>\nHerzliche Gr\u00fc\u00dfe und vielleicht bis bald:<br \/>\nMax G. Bailly<br \/>\n<\/span> <span style=\"color: #808080;\"><br \/>\n<\/span> <span style=\"color: #808080;\"><br \/>\nTermin und Veranstaltungsort:<br \/>\n6.-7.-8.- M\u00e4rz 2015<br \/>\nHaus der Wirtschaft, Stuttgart, Willi-Bleicher-Stra\u00dfe 19<br \/>\n\u00d6ffnungszeiten:<br \/>\nFreitag und Samstag 11 &#8211; 20 Uhr<br \/>\nSonntag 11 &#8211; 18 Uhr<br \/>\n<\/span> <span style=\"color: #808080;\"><br \/>\nEr\u00f6ffnung: Donnerstag 5. M\u00e4rz, 19:00 Uhr<br \/>\n<\/span> <span style=\"color: #808080;\"><br \/>\nBegr\u00fc\u00dfung:<br \/>\nUrsula Thiele-Zoll<br \/>\n1. Vorsitzende<br \/>\nBBK Landesverband Baden-W\u00fcrttemberg<br \/>\nGru\u00dfworte:<br \/>\nMinisterialr\u00e4tin Jutta Ulmer Straub,<br \/>\nLeiterin des Referates Museen und Bildung im<br \/>\nMinisterium f\u00fcr Wissenschaft Forschung Kunst BW<br \/>\nDr. Susanne Eisenmann<br \/>\nB\u00fcrgermeisterin f\u00fcr Kultur, Bildung und Sport<br \/>\nLandeshauptstadt Stuttgart<br \/>\nSchirmherrschaft:<br \/>\nMinisterpr\u00e4sident von Baden-W\u00fcrttemberg<br \/>\nWinfried Kretschmann<\/span><\/h3>\n<p><span style=\"color: #808080;\"><a href=\"https:\/\/www.kdrei-2009.de\/WPKdrei\/wp-content\/uploads\/2015\/02\/Folder_Kuenstlermesse_2015b.jpg\" rel=\"lightbox[4517]\"><img loading=\"lazy\" decoding=\"async\" class=\"alignleft size-large wp-image-4499\" title=\"Folder_Kuenstlermesse_2015b\" src=\"https:\/\/www.kdrei-2009.de\/WPKdrei\/wp-content\/uploads\/2015\/02\/Folder_Kuenstlermesse_2015b-1024x529.jpg\" alt=\"\" width=\"1024\" height=\"529\" srcset=\"https:\/\/www.kdrei-2009.de\/WPKdrei\/wp-content\/uploads\/2015\/02\/Folder_Kuenstlermesse_2015b-1024x529.jpg 1024w, https:\/\/www.kdrei-2009.de\/WPKdrei\/wp-content\/uploads\/2015\/02\/Folder_Kuenstlermesse_2015b-300x155.jpg 300w, https:\/\/www.kdrei-2009.de\/WPKdrei\/wp-content\/uploads\/2015\/02\/Folder_Kuenstlermesse_2015b.jpg 1134w\" sizes=\"(max-width: 1024px) 100vw, 1024px\" \/><\/a><\/span><\/p>\n<p><a href=\"https:\/\/www.kdrei-2009.de\/WPKdrei\/wp-content\/uploads\/2015\/02\/Folder_Kuenstlermesse_2015a.jpg\" rel=\"lightbox[4517]\"><img loading=\"lazy\" decoding=\"async\" class=\"alignleft size-large wp-image-4498\" title=\"Folder_Kuenstlermesse_2015a\" src=\"https:\/\/www.kdrei-2009.de\/WPKdrei\/wp-content\/uploads\/2015\/02\/Folder_Kuenstlermesse_2015a-1024x555.jpg\" alt=\"\" width=\"1024\" height=\"555\" srcset=\"https:\/\/www.kdrei-2009.de\/WPKdrei\/wp-content\/uploads\/2015\/02\/Folder_Kuenstlermesse_2015a-1024x555.jpg 1024w, https:\/\/www.kdrei-2009.de\/WPKdrei\/wp-content\/uploads\/2015\/02\/Folder_Kuenstlermesse_2015a-300x162.jpg 300w, https:\/\/www.kdrei-2009.de\/WPKdrei\/wp-content\/uploads\/2015\/02\/Folder_Kuenstlermesse_2015a.jpg 1134w\" sizes=\"(max-width: 1024px) 100vw, 1024px\" \/><\/a><\/p>\n<p><span style=\"color: #808080;\"><br \/>\n<\/span><\/p>\n","protected":false},"excerpt":{"rendered":"<p>Liebe Boule- und Kunstfreunde, es gibt wieder eine K\u00fcnstlermesse in Stuttgart. Max ist dabei und hier gibts alle Infos dazu. Viel Spass. Liebe Kunst-Freunde, Verwandte, Bekannte: in bald 14 Tagen [&hellip;]<\/p>\n","protected":false},"author":1,"featured_media":0,"parent":5465,"menu_order":0,"comment_status":"open","ping_status":"open","template":"","meta":{"footnotes":""},"_links":{"self":[{"href":"https:\/\/www.kdrei-2009.de\/WPKdrei\/wp-json\/wp\/v2\/pages\/4517"}],"collection":[{"href":"https:\/\/www.kdrei-2009.de\/WPKdrei\/wp-json\/wp\/v2\/pages"}],"about":[{"href":"https:\/\/www.kdrei-2009.de\/WPKdrei\/wp-json\/wp\/v2\/types\/page"}],"author":[{"embeddable":true,"href":"https:\/\/www.kdrei-2009.de\/WPKdrei\/wp-json\/wp\/v2\/users\/1"}],"replies":[{"embeddable":true,"href":"https:\/\/www.kdrei-2009.de\/WPKdrei\/wp-json\/wp\/v2\/comments?post=4517"}],"version-history":[{"count":3,"href":"https:\/\/www.kdrei-2009.de\/WPKdrei\/wp-json\/wp\/v2\/pages\/4517\/revisions"}],"predecessor-version":[{"id":5508,"href":"https:\/\/www.kdrei-2009.de\/WPKdrei\/wp-json\/wp\/v2\/pages\/4517\/revisions\/5508"}],"up":[{"embeddable":true,"href":"https:\/\/www.kdrei-2009.de\/WPKdrei\/wp-json\/wp\/v2\/pages\/5465"}],"wp:attachment":[{"href":"https:\/\/www.kdrei-2009.de\/WPKdrei\/wp-json\/wp\/v2\/media?parent=4517"}],"curies":[{"name":"wp","href":"https:\/\/api.w.org\/{rel}","templated":true}]}}