{"id":4730,"date":"2015-09-28T10:51:02","date_gmt":"2015-09-28T10:51:02","guid":{"rendered":"https:\/\/www.kdrei-2009.de\/WPKdrei\/?page_id=4730"},"modified":"2016-03-15T10:58:29","modified_gmt":"2016-03-15T10:58:29","slug":"streuobstwiesenausflug-2015","status":"publish","type":"page","link":"https:\/\/www.kdrei-2009.de\/WPKdrei\/kultur\/kultur-2015\/streuobstwiesenausflug-2015\/","title":{"rendered":"Streuobstwiesenausflug 2015"},"content":{"rendered":"<h3><strong><span style=\"color: #808080;\">Wir wollen es niemandem vorenthalten. Streuobst ist Streuobst. Destillat ist Destillat. Was machen wir als Bouler damit? Streuobst lesen wir auf . Destillat trinken wir. Dieses Jahr war die Ernte aufgrund des hei\u00dfen Sommers wirklich bescheiden. Wir haben 1 Fass Apfelmaische und 1 Fass Birnenmaische. Daf\u00fcr haben wir aber noch gen\u00fcgend Apfelbrand vom letzten Jahr.<\/span><\/strong><\/h3>\n<h3><span style=\"color: #808080;\">Hier einige Bilder eines sch\u00f6nen Nachmittags auf den Wiesen.<\/span><\/h3>\n<p><span style=\"color: #808080;\"> <\/span><\/p>\n<div id=\"attachment_4723\" style=\"width: 460px\" class=\"wp-caption alignleft\"><a href=\"https:\/\/www.kdrei-2009.de\/WPKdrei\/wp-content\/uploads\/2015\/09\/K3-Apfellese2015_11web.jpg\" rel=\"lightbox[4730]\"><img loading=\"lazy\" decoding=\"async\" aria-describedby=\"caption-attachment-4723\" class=\"size-full wp-image-4723\" title=\"K3-Apfellese2015_11web\" src=\"https:\/\/www.kdrei-2009.de\/WPKdrei\/wp-content\/uploads\/2015\/09\/K3-Apfellese2015_11web.jpg\" alt=\"\" width=\"450\" height=\"675\" srcset=\"https:\/\/www.kdrei-2009.de\/WPKdrei\/wp-content\/uploads\/2015\/09\/K3-Apfellese2015_11web.jpg 450w, https:\/\/www.kdrei-2009.de\/WPKdrei\/wp-content\/uploads\/2015\/09\/K3-Apfellese2015_11web-200x300.jpg 200w\" sizes=\"(max-width: 450px) 100vw, 450px\" \/><\/a><p id=\"caption-attachment-4723\" class=\"wp-caption-text\">Wie immer, Stiel und Butzen muss weg.<\/p><\/div>\n<div id=\"attachment_4722\" style=\"width: 293px\" class=\"wp-caption alignleft\"><a href=\"https:\/\/www.kdrei-2009.de\/WPKdrei\/wp-content\/uploads\/2015\/09\/K3-Apfellese2015_09web.jpg\" rel=\"lightbox[4730]\"><img loading=\"lazy\" decoding=\"async\" aria-describedby=\"caption-attachment-4722\" class=\"size-full wp-image-4722\" title=\"K3-Apfellese2015_09web\" src=\"https:\/\/www.kdrei-2009.de\/WPKdrei\/wp-content\/uploads\/2015\/09\/K3-Apfellese2015_09web.jpg\" alt=\"\" width=\"283\" height=\"425\" srcset=\"https:\/\/www.kdrei-2009.de\/WPKdrei\/wp-content\/uploads\/2015\/09\/K3-Apfellese2015_09web.jpg 283w, https:\/\/www.kdrei-2009.de\/WPKdrei\/wp-content\/uploads\/2015\/09\/K3-Apfellese2015_09web-199x300.jpg 199w\" sizes=\"(max-width: 283px) 100vw, 283px\" \/><\/a><p id=\"caption-attachment-4722\" class=\"wp-caption-text\">Sch\u00fctteln ohne Helm kann zu ernsthaften Sch\u00e4den f\u00fchren.<\/p><\/div>\n<div id=\"attachment_4719\" style=\"width: 435px\" class=\"wp-caption alignleft\"><a href=\"https:\/\/www.kdrei-2009.de\/WPKdrei\/wp-content\/uploads\/2015\/09\/K3-Apfellese2015_01web.jpg\" rel=\"lightbox[4730]\"><img loading=\"lazy\" decoding=\"async\" aria-describedby=\"caption-attachment-4719\" class=\"size-full wp-image-4719\" title=\"K3-Apfellese2015_01web\" src=\"https:\/\/www.kdrei-2009.de\/WPKdrei\/wp-content\/uploads\/2015\/09\/K3-Apfellese2015_01web.jpg\" alt=\"\" width=\"425\" height=\"283\" srcset=\"https:\/\/www.kdrei-2009.de\/WPKdrei\/wp-content\/uploads\/2015\/09\/K3-Apfellese2015_01web.jpg 425w, https:\/\/www.kdrei-2009.de\/WPKdrei\/wp-content\/uploads\/2015\/09\/K3-Apfellese2015_01web-300x199.jpg 300w\" sizes=\"(max-width: 425px) 100vw, 425px\" \/><\/a><p id=\"caption-attachment-4719\" class=\"wp-caption-text\">Warum in Urlaub fahren?<\/p><\/div>\n<div id=\"attachment_4718\" style=\"width: 435px\" class=\"wp-caption alignleft\"><a href=\"https:\/\/www.kdrei-2009.de\/WPKdrei\/wp-content\/uploads\/2015\/09\/K3-Apfellese2015_03web.jpg\" rel=\"lightbox[4730]\"><img loading=\"lazy\" decoding=\"async\" aria-describedby=\"caption-attachment-4718\" class=\"size-full wp-image-4718\" title=\"K3-Apfellese2015_03web\" src=\"https:\/\/www.kdrei-2009.de\/WPKdrei\/wp-content\/uploads\/2015\/09\/K3-Apfellese2015_03web.jpg\" alt=\"\" width=\"425\" height=\"283\" srcset=\"https:\/\/www.kdrei-2009.de\/WPKdrei\/wp-content\/uploads\/2015\/09\/K3-Apfellese2015_03web.jpg 425w, https:\/\/www.kdrei-2009.de\/WPKdrei\/wp-content\/uploads\/2015\/09\/K3-Apfellese2015_03web-300x199.jpg 300w\" sizes=\"(max-width: 425px) 100vw, 425px\" \/><\/a><p id=\"caption-attachment-4718\" class=\"wp-caption-text\">Lieber in Urlaub fahren.<\/p><\/div>\n<div id=\"attachment_4734\" style=\"width: 860px\" class=\"wp-caption alignleft\"><a href=\"https:\/\/www.kdrei-2009.de\/WPKdrei\/wp-content\/uploads\/2015\/09\/K3-Destillate-2015-web.jpg\" rel=\"lightbox[4730]\"><img loading=\"lazy\" decoding=\"async\" aria-describedby=\"caption-attachment-4734\" class=\"size-full wp-image-4734\" title=\"K3-Destillate 2015-web\" src=\"https:\/\/www.kdrei-2009.de\/WPKdrei\/wp-content\/uploads\/2015\/09\/K3-Destillate-2015-web.jpg\" alt=\"\" width=\"850\" height=\"227\" srcset=\"https:\/\/www.kdrei-2009.de\/WPKdrei\/wp-content\/uploads\/2015\/09\/K3-Destillate-2015-web.jpg 850w, https:\/\/www.kdrei-2009.de\/WPKdrei\/wp-content\/uploads\/2015\/09\/K3-Destillate-2015-web-300x80.jpg 300w\" sizes=\"(max-width: 850px) 100vw, 850px\" \/><\/a><p id=\"caption-attachment-4734\" class=\"wp-caption-text\">Destillate 2015<\/p><\/div>\n","protected":false},"excerpt":{"rendered":"<p>Wir wollen es niemandem vorenthalten. Streuobst ist Streuobst. Destillat ist Destillat. Was machen wir als Bouler damit? Streuobst lesen wir auf . Destillat trinken wir. Dieses Jahr war die Ernte [&hellip;]<\/p>\n","protected":false},"author":1,"featured_media":0,"parent":5292,"menu_order":0,"comment_status":"open","ping_status":"open","template":"","meta":{"footnotes":""},"_links":{"self":[{"href":"https:\/\/www.kdrei-2009.de\/WPKdrei\/wp-json\/wp\/v2\/pages\/4730"}],"collection":[{"href":"https:\/\/www.kdrei-2009.de\/WPKdrei\/wp-json\/wp\/v2\/pages"}],"about":[{"href":"https:\/\/www.kdrei-2009.de\/WPKdrei\/wp-json\/wp\/v2\/types\/page"}],"author":[{"embeddable":true,"href":"https:\/\/www.kdrei-2009.de\/WPKdrei\/wp-json\/wp\/v2\/users\/1"}],"replies":[{"embeddable":true,"href":"https:\/\/www.kdrei-2009.de\/WPKdrei\/wp-json\/wp\/v2\/comments?post=4730"}],"version-history":[{"count":7,"href":"https:\/\/www.kdrei-2009.de\/WPKdrei\/wp-json\/wp\/v2\/pages\/4730\/revisions"}],"predecessor-version":[{"id":5332,"href":"https:\/\/www.kdrei-2009.de\/WPKdrei\/wp-json\/wp\/v2\/pages\/4730\/revisions\/5332"}],"up":[{"embeddable":true,"href":"https:\/\/www.kdrei-2009.de\/WPKdrei\/wp-json\/wp\/v2\/pages\/5292"}],"wp:attachment":[{"href":"https:\/\/www.kdrei-2009.de\/WPKdrei\/wp-json\/wp\/v2\/media?parent=4730"}],"curies":[{"name":"wp","href":"https:\/\/api.w.org\/{rel}","templated":true}]}}