{"id":5730,"date":"2016-06-03T08:00:10","date_gmt":"2016-06-03T08:00:10","guid":{"rendered":"https:\/\/www.kdrei-2009.de\/WPKdrei\/?page_id=5730"},"modified":"2016-06-03T08:00:10","modified_gmt":"2016-06-03T08:00:10","slug":"25-albtraum-in-heubach","status":"publish","type":"page","link":"https:\/\/www.kdrei-2009.de\/WPKdrei\/kugelsport-2\/kugelsport-2012\/turniere-2016\/25-albtraum-in-heubach\/","title":{"rendered":"25. Albtraum in Heubach"},"content":{"rendered":"<h4><span style=\"color: #808080;\">Leute das ist der Kult an sich. Wer einmal in Heubach war, braucht keinen Terminplaner oder ein Navigationsger\u00e4t. Seine Gene steuern den Boulek\u00f6rper automatisch rechtzeitig Richtung Ostalb. Auch dieses Jahr folgten wieder gut 200 Boulealiens ihren Boulegenen und trafen sich am 22.05.2016 unter der Ruine Rosenstein. Es war traumhaftes Wetter. Es gab leckere Merguez, herrlichen Lammgulasch, irgendwelche Glutenfreie, vegane Pseudo-Rote-W\u00fcrste und selbstgemachte Kuchen. Wie immer war alles sehr unkompliziert und wir hatten viel Spass. Am Ende reichte es f\u00fcr Andi und Walter zum Finale im B-Turnier.\u00a0 Gr\u00fc\u00dfe nach Heubach und wir freuen uns schon aufs n\u00e4chste Jahr.<\/span><\/h4>\n<div id=\"attachment_5728\" style=\"width: 385px\" class=\"wp-caption aligncenter\"><a href=\"https:\/\/www.kdrei-2009.de\/WPKdrei\/wp-content\/uploads\/2016\/06\/Heubach130501-02.jpg\" rel=\"lightbox[5730]\"><img loading=\"lazy\" decoding=\"async\" aria-describedby=\"caption-attachment-5728\" class=\"wp-image-5728 size-full\" src=\"https:\/\/www.kdrei-2009.de\/WPKdrei\/wp-content\/uploads\/2016\/06\/Heubach130501-02.jpg\" alt=\"Heubach130501-02\" width=\"375\" height=\"500\" srcset=\"https:\/\/www.kdrei-2009.de\/WPKdrei\/wp-content\/uploads\/2016\/06\/Heubach130501-02.jpg 375w, https:\/\/www.kdrei-2009.de\/WPKdrei\/wp-content\/uploads\/2016\/06\/Heubach130501-02-225x300.jpg 225w\" sizes=\"(max-width: 375px) 100vw, 375px\" \/><\/a><p id=\"caption-attachment-5728\" class=\"wp-caption-text\">Hier noch ein Archivbild aus 2001<\/p><\/div>\n<div id=\"attachment_5727\" style=\"width: 566px\" class=\"wp-caption aligncenter\"><a href=\"https:\/\/www.kdrei-2009.de\/WPKdrei\/wp-content\/uploads\/2016\/06\/Heubach130501-01.jpg\" rel=\"lightbox[5730]\"><img loading=\"lazy\" decoding=\"async\" aria-describedby=\"caption-attachment-5727\" class=\"wp-image-5727 size-full\" src=\"https:\/\/www.kdrei-2009.de\/WPKdrei\/wp-content\/uploads\/2016\/06\/Heubach130501-01.jpg\" alt=\"Heubach130501-01\" width=\"556\" height=\"300\" srcset=\"https:\/\/www.kdrei-2009.de\/WPKdrei\/wp-content\/uploads\/2016\/06\/Heubach130501-01.jpg 556w, https:\/\/www.kdrei-2009.de\/WPKdrei\/wp-content\/uploads\/2016\/06\/Heubach130501-01-300x162.jpg 300w\" sizes=\"(max-width: 556px) 100vw, 556px\" \/><\/a><p id=\"caption-attachment-5727\" class=\"wp-caption-text\">Hier noch ein Archivbild aus 2001<\/p><\/div>\n<div id=\"attachment_5725\" style=\"width: 690px\" class=\"wp-caption aligncenter\"><a href=\"https:\/\/www.kdrei-2009.de\/WPKdrei\/wp-content\/uploads\/2016\/06\/K3-Heubach-2016-02web.png\" rel=\"lightbox[5730]\"><img loading=\"lazy\" decoding=\"async\" aria-describedby=\"caption-attachment-5725\" class=\"wp-image-5725 size-full\" src=\"https:\/\/www.kdrei-2009.de\/WPKdrei\/wp-content\/uploads\/2016\/06\/K3-Heubach-2016-02web.png\" alt=\"K3-Heubach 2016-02web\" width=\"680\" height=\"388\" srcset=\"https:\/\/www.kdrei-2009.de\/WPKdrei\/wp-content\/uploads\/2016\/06\/K3-Heubach-2016-02web.png 680w, https:\/\/www.kdrei-2009.de\/WPKdrei\/wp-content\/uploads\/2016\/06\/K3-Heubach-2016-02web-300x171.png 300w\" sizes=\"(max-width: 680px) 100vw, 680px\" \/><\/a><p id=\"caption-attachment-5725\" class=\"wp-caption-text\">Inzwischen ist einiges passiert mit dem Platz.<\/p><\/div>\n<div id=\"attachment_5724\" style=\"width: 690px\" class=\"wp-caption aligncenter\"><a href=\"https:\/\/www.kdrei-2009.de\/WPKdrei\/wp-content\/uploads\/2016\/06\/K3-Heubach-2016-01web.png\" rel=\"lightbox[5730]\"><img loading=\"lazy\" decoding=\"async\" aria-describedby=\"caption-attachment-5724\" class=\"wp-image-5724 size-full\" src=\"https:\/\/www.kdrei-2009.de\/WPKdrei\/wp-content\/uploads\/2016\/06\/K3-Heubach-2016-01web.png\" alt=\"K3-Heubach 2016-01web\" width=\"680\" height=\"332\" srcset=\"https:\/\/www.kdrei-2009.de\/WPKdrei\/wp-content\/uploads\/2016\/06\/K3-Heubach-2016-01web.png 680w, https:\/\/www.kdrei-2009.de\/WPKdrei\/wp-content\/uploads\/2016\/06\/K3-Heubach-2016-01web-300x146.png 300w\" sizes=\"(max-width: 680px) 100vw, 680px\" \/><\/a><p id=\"caption-attachment-5724\" class=\"wp-caption-text\">Es sieht jetzt wie ein Bouleplatz aus.<\/p><\/div>\n<div id=\"attachment_5723\" style=\"width: 690px\" class=\"wp-caption aligncenter\"><a href=\"https:\/\/www.kdrei-2009.de\/WPKdrei\/wp-content\/uploads\/2016\/06\/K3-Heubach-2016_12web.png\" rel=\"lightbox[5730]\"><img loading=\"lazy\" decoding=\"async\" aria-describedby=\"caption-attachment-5723\" class=\"wp-image-5723 size-full\" src=\"https:\/\/www.kdrei-2009.de\/WPKdrei\/wp-content\/uploads\/2016\/06\/K3-Heubach-2016_12web.png\" alt=\"K3-Heubach 2016_12web\" width=\"680\" height=\"265\" srcset=\"https:\/\/www.kdrei-2009.de\/WPKdrei\/wp-content\/uploads\/2016\/06\/K3-Heubach-2016_12web.png 680w, https:\/\/www.kdrei-2009.de\/WPKdrei\/wp-content\/uploads\/2016\/06\/K3-Heubach-2016_12web-300x117.png 300w\" sizes=\"(max-width: 680px) 100vw, 680px\" \/><\/a><p id=\"caption-attachment-5723\" class=\"wp-caption-text\">Die Pl\u00e4tze mit dem Vereinsheim.<\/p><\/div>\n<div id=\"attachment_5722\" style=\"width: 690px\" class=\"wp-caption aligncenter\"><a href=\"https:\/\/www.kdrei-2009.de\/WPKdrei\/wp-content\/uploads\/2016\/06\/K3-Heubach-2016_06web.png\" rel=\"lightbox[5730]\"><img loading=\"lazy\" decoding=\"async\" aria-describedby=\"caption-attachment-5722\" class=\"wp-image-5722 size-full\" src=\"https:\/\/www.kdrei-2009.de\/WPKdrei\/wp-content\/uploads\/2016\/06\/K3-Heubach-2016_06web.png\" alt=\"K3-Heubach 2016_06web\" width=\"680\" height=\"326\" srcset=\"https:\/\/www.kdrei-2009.de\/WPKdrei\/wp-content\/uploads\/2016\/06\/K3-Heubach-2016_06web.png 680w, https:\/\/www.kdrei-2009.de\/WPKdrei\/wp-content\/uploads\/2016\/06\/K3-Heubach-2016_06web-300x144.png 300w\" sizes=\"(max-width: 680px) 100vw, 680px\" \/><\/a><p id=\"caption-attachment-5722\" class=\"wp-caption-text\">Auch das gibts. Kein E-Bike sondern ein Bully-Bike.<\/p><\/div>\n<p><a href=\"https:\/\/www.kdrei-2009.de\/WPKdrei\/wp-content\/uploads\/2016\/06\/K3-Heubach-2016_05web.png\" rel=\"lightbox[5730]\"><img loading=\"lazy\" decoding=\"async\" class=\"aligncenter size-full wp-image-5721\" src=\"https:\/\/www.kdrei-2009.de\/WPKdrei\/wp-content\/uploads\/2016\/06\/K3-Heubach-2016_05web.png\" alt=\"K3-Heubach 2016_05web\" width=\"680\" height=\"362\" srcset=\"https:\/\/www.kdrei-2009.de\/WPKdrei\/wp-content\/uploads\/2016\/06\/K3-Heubach-2016_05web.png 680w, https:\/\/www.kdrei-2009.de\/WPKdrei\/wp-content\/uploads\/2016\/06\/K3-Heubach-2016_05web-300x160.png 300w\" sizes=\"(max-width: 680px) 100vw, 680px\" \/><\/a> <a href=\"https:\/\/www.kdrei-2009.de\/WPKdrei\/wp-content\/uploads\/2016\/06\/K3-Heub16_03web.png\" rel=\"lightbox[5730]\"><img loading=\"lazy\" decoding=\"async\" class=\"aligncenter size-full wp-image-5720\" src=\"https:\/\/www.kdrei-2009.de\/WPKdrei\/wp-content\/uploads\/2016\/06\/K3-Heub16_03web.png\" alt=\"K3-Heub16_03web\" width=\"680\" height=\"261\" srcset=\"https:\/\/www.kdrei-2009.de\/WPKdrei\/wp-content\/uploads\/2016\/06\/K3-Heub16_03web.png 680w, https:\/\/www.kdrei-2009.de\/WPKdrei\/wp-content\/uploads\/2016\/06\/K3-Heub16_03web-300x115.png 300w\" sizes=\"(max-width: 680px) 100vw, 680px\" \/><\/a> <a href=\"https:\/\/www.kdrei-2009.de\/WPKdrei\/wp-content\/uploads\/2016\/06\/Bildschirmfoto-2016-05-31-um-15.12.49.png\" rel=\"lightbox[5730]\"><img loading=\"lazy\" decoding=\"async\" class=\"aligncenter size-full wp-image-5718\" src=\"https:\/\/www.kdrei-2009.de\/WPKdrei\/wp-content\/uploads\/2016\/06\/Bildschirmfoto-2016-05-31-um-15.12.49.png\" alt=\"Bildschirmfoto 2016-05-31 um 15.12.49\" width=\"680\" height=\"425\" srcset=\"https:\/\/www.kdrei-2009.de\/WPKdrei\/wp-content\/uploads\/2016\/06\/Bildschirmfoto-2016-05-31-um-15.12.49.png 680w, https:\/\/www.kdrei-2009.de\/WPKdrei\/wp-content\/uploads\/2016\/06\/Bildschirmfoto-2016-05-31-um-15.12.49-300x188.png 300w\" sizes=\"(max-width: 680px) 100vw, 680px\" \/><\/a> <a href=\"https:\/\/www.kdrei-2009.de\/WPKdrei\/wp-content\/uploads\/2016\/06\/K3-Heubach-2016-web-pan.png\" rel=\"lightbox[5730]\"><img loading=\"lazy\" decoding=\"async\" class=\"aligncenter wp-image-5717 size-full\" src=\"https:\/\/www.kdrei-2009.de\/WPKdrei\/wp-content\/uploads\/2016\/06\/K3-Heubach-2016-web-pan.png\" alt=\"K3-Heubach 2016-web pan\" width=\"680\" height=\"108\" srcset=\"https:\/\/www.kdrei-2009.de\/WPKdrei\/wp-content\/uploads\/2016\/06\/K3-Heubach-2016-web-pan.png 680w, https:\/\/www.kdrei-2009.de\/WPKdrei\/wp-content\/uploads\/2016\/06\/K3-Heubach-2016-web-pan-300x48.png 300w\" sizes=\"(max-width: 680px) 100vw, 680px\" \/><\/a><\/p>\n","protected":false},"excerpt":{"rendered":"<p>Leute das ist der Kult an sich. Wer einmal in Heubach war, braucht keinen Terminplaner oder ein Navigationsger\u00e4t. Seine Gene steuern den Boulek\u00f6rper automatisch rechtzeitig Richtung Ostalb. Auch dieses Jahr [&hellip;]<\/p>\n","protected":false},"author":1,"featured_media":0,"parent":5418,"menu_order":0,"comment_status":"closed","ping_status":"closed","template":"","meta":{"footnotes":""},"_links":{"self":[{"href":"https:\/\/www.kdrei-2009.de\/WPKdrei\/wp-json\/wp\/v2\/pages\/5730"}],"collection":[{"href":"https:\/\/www.kdrei-2009.de\/WPKdrei\/wp-json\/wp\/v2\/pages"}],"about":[{"href":"https:\/\/www.kdrei-2009.de\/WPKdrei\/wp-json\/wp\/v2\/types\/page"}],"author":[{"embeddable":true,"href":"https:\/\/www.kdrei-2009.de\/WPKdrei\/wp-json\/wp\/v2\/users\/1"}],"replies":[{"embeddable":true,"href":"https:\/\/www.kdrei-2009.de\/WPKdrei\/wp-json\/wp\/v2\/comments?post=5730"}],"version-history":[{"count":1,"href":"https:\/\/www.kdrei-2009.de\/WPKdrei\/wp-json\/wp\/v2\/pages\/5730\/revisions"}],"predecessor-version":[{"id":5731,"href":"https:\/\/www.kdrei-2009.de\/WPKdrei\/wp-json\/wp\/v2\/pages\/5730\/revisions\/5731"}],"up":[{"embeddable":true,"href":"https:\/\/www.kdrei-2009.de\/WPKdrei\/wp-json\/wp\/v2\/pages\/5418"}],"wp:attachment":[{"href":"https:\/\/www.kdrei-2009.de\/WPKdrei\/wp-json\/wp\/v2\/media?parent=5730"}],"curies":[{"name":"wp","href":"https:\/\/api.w.org\/{rel}","templated":true}]}}

<h4><span style="color: #808080;">Leute das ist der Kult an sich. Wer einmal in Heubach war, braucht keinen Terminplaner oder ein Navigationsgerät. Seine Gene steuern den Boulekörper automatisch rechtzeitig Richtung Ostalb. Auch dieses Jahr folgten wieder gut 200 Boulealiens ihren Boulegenen und trafen sich am 22.05.2016 unter der Ruine Rosenstein. Es war traumhaftes Wetter. Es gab leckere Merguez, herrlichen Lammgulasch, irgendwelche Glutenfreie, vegane Pseudo-Rote-Würste und selbstgemachte Kuchen. Wie immer war alles sehr unkompliziert und wir hatten viel Spass. Am Ende reichte es für Andi und Walter zum Finale im B-Turnier.  Grüße nach Heubach und wir freuen uns schon aufs nächste Jahr.</span></h4>
<div id="attachment_5728" style="width: 385px" class="wp-caption aligncenter"><a href="https://www.kdrei-2009.de/WPKdrei/wp-content/uploads/2016/06/Heubach130501-02.jpg" rel="lightbox[5730]"><img loading="lazy" decoding="async" aria-describedby="caption-attachment-5728" class="wp-image-5728 size-full" src="https://www.kdrei-2009.de/WPKdrei/wp-content/uploads/2016/06/Heubach130501-02.jpg" alt="Heubach130501-02" width="375" height="500" srcset="https://www.kdrei-2009.de/WPKdrei/wp-content/uploads/2016/06/Heubach130501-02.jpg 375w, https://www.kdrei-2009.de/WPKdrei/wp-content/uploads/2016/06/Heubach130501-02-225x300.jpg 225w" sizes="(max-width: 375px) 100vw, 375px" /></a><p id="caption-attachment-5728" class="wp-caption-text">Hier noch ein Archivbild aus 2001</p></div>
<div id="attachment_5727" style="width: 566px" class="wp-caption aligncenter"><a href="https://www.kdrei-2009.de/WPKdrei/wp-content/uploads/2016/06/Heubach130501-01.jpg" rel="lightbox[5730]"><img loading="lazy" decoding="async" aria-describedby="caption-attachment-5727" class="wp-image-5727 size-full" src="https://www.kdrei-2009.de/WPKdrei/wp-content/uploads/2016/06/Heubach130501-01.jpg" alt="Heubach130501-01" width="556" height="300" srcset="https://www.kdrei-2009.de/WPKdrei/wp-content/uploads/2016/06/Heubach130501-01.jpg 556w, https://www.kdrei-2009.de/WPKdrei/wp-content/uploads/2016/06/Heubach130501-01-300x162.jpg 300w" sizes="(max-width: 556px) 100vw, 556px" /></a><p id="caption-attachment-5727" class="wp-caption-text">Hier noch ein Archivbild aus 2001</p></div>
<div id="attachment_5725" style="width: 690px" class="wp-caption aligncenter"><a href="https://www.kdrei-2009.de/WPKdrei/wp-content/uploads/2016/06/K3-Heubach-2016-02web.png" rel="lightbox[5730]"><img loading="lazy" decoding="async" aria-describedby="caption-attachment-5725" class="wp-image-5725 size-full" src="https://www.kdrei-2009.de/WPKdrei/wp-content/uploads/2016/06/K3-Heubach-2016-02web.png" alt="K3-Heubach 2016-02web" width="680" height="388" srcset="https://www.kdrei-2009.de/WPKdrei/wp-content/uploads/2016/06/K3-Heubach-2016-02web.png 680w, https://www.kdrei-2009.de/WPKdrei/wp-content/uploads/2016/06/K3-Heubach-2016-02web-300x171.png 300w" sizes="(max-width: 680px) 100vw, 680px" /></a><p id="caption-attachment-5725" class="wp-caption-text">Inzwischen ist einiges passiert mit dem Platz.</p></div>
<div id="attachment_5724" style="width: 690px" class="wp-caption aligncenter"><a href="https://www.kdrei-2009.de/WPKdrei/wp-content/uploads/2016/06/K3-Heubach-2016-01web.png" rel="lightbox[5730]"><img loading="lazy" decoding="async" aria-describedby="caption-attachment-5724" class="wp-image-5724 size-full" src="https://www.kdrei-2009.de/WPKdrei/wp-content/uploads/2016/06/K3-Heubach-2016-01web.png" alt="K3-Heubach 2016-01web" width="680" height="332" srcset="https://www.kdrei-2009.de/WPKdrei/wp-content/uploads/2016/06/K3-Heubach-2016-01web.png 680w, https://www.kdrei-2009.de/WPKdrei/wp-content/uploads/2016/06/K3-Heubach-2016-01web-300x146.png 300w" sizes="(max-width: 680px) 100vw, 680px" /></a><p id="caption-attachment-5724" class="wp-caption-text">Es sieht jetzt wie ein Bouleplatz aus.</p></div>
<div id="attachment_5723" style="width: 690px" class="wp-caption aligncenter"><a href="https://www.kdrei-2009.de/WPKdrei/wp-content/uploads/2016/06/K3-Heubach-2016_12web.png" rel="lightbox[5730]"><img loading="lazy" decoding="async" aria-describedby="caption-attachment-5723" class="wp-image-5723 size-full" src="https://www.kdrei-2009.de/WPKdrei/wp-content/uploads/2016/06/K3-Heubach-2016_12web.png" alt="K3-Heubach 2016_12web" width="680" height="265" srcset="https://www.kdrei-2009.de/WPKdrei/wp-content/uploads/2016/06/K3-Heubach-2016_12web.png 680w, https://www.kdrei-2009.de/WPKdrei/wp-content/uploads/2016/06/K3-Heubach-2016_12web-300x117.png 300w" sizes="(max-width: 680px) 100vw, 680px" /></a><p id="caption-attachment-5723" class="wp-caption-text">Die Plätze mit dem Vereinsheim.</p></div>
<div id="attachment_5722" style="width: 690px" class="wp-caption aligncenter"><a href="https://www.kdrei-2009.de/WPKdrei/wp-content/uploads/2016/06/K3-Heubach-2016_06web.png" rel="lightbox[5730]"><img loading="lazy" decoding="async" aria-describedby="caption-attachment-5722" class="wp-image-5722 size-full" src="https://www.kdrei-2009.de/WPKdrei/wp-content/uploads/2016/06/K3-Heubach-2016_06web.png" alt="K3-Heubach 2016_06web" width="680" height="326" srcset="https://www.kdrei-2009.de/WPKdrei/wp-content/uploads/2016/06/K3-Heubach-2016_06web.png 680w, https://www.kdrei-2009.de/WPKdrei/wp-content/uploads/2016/06/K3-Heubach-2016_06web-300x144.png 300w" sizes="(max-width: 680px) 100vw, 680px" /></a><p id="caption-attachment-5722" class="wp-caption-text">Auch das gibts. Kein E-Bike sondern ein Bully-Bike.</p></div>
<p><a href="https://www.kdrei-2009.de/WPKdrei/wp-content/uploads/2016/06/K3-Heubach-2016_05web.png" rel="lightbox[5730]"><img loading="lazy" decoding="async" class="aligncenter size-full wp-image-5721" src="https://www.kdrei-2009.de/WPKdrei/wp-content/uploads/2016/06/K3-Heubach-2016_05web.png" alt="K3-Heubach 2016_05web" width="680" height="362" srcset="https://www.kdrei-2009.de/WPKdrei/wp-content/uploads/2016/06/K3-Heubach-2016_05web.png 680w, https://www.kdrei-2009.de/WPKdrei/wp-content/uploads/2016/06/K3-Heubach-2016_05web-300x160.png 300w" sizes="(max-width: 680px) 100vw, 680px" /></a> <a href="https://www.kdrei-2009.de/WPKdrei/wp-content/uploads/2016/06/K3-Heub16_03web.png" rel="lightbox[5730]"><img loading="lazy" decoding="async" class="aligncenter size-full wp-image-5720" src="https://www.kdrei-2009.de/WPKdrei/wp-content/uploads/2016/06/K3-Heub16_03web.png" alt="K3-Heub16_03web" width="680" height="261" srcset="https://www.kdrei-2009.de/WPKdrei/wp-content/uploads/2016/06/K3-Heub16_03web.png 680w, https://www.kdrei-2009.de/WPKdrei/wp-content/uploads/2016/06/K3-Heub16_03web-300x115.png 300w" sizes="(max-width: 680px) 100vw, 680px" /></a> <a href="https://www.kdrei-2009.de/WPKdrei/wp-content/uploads/2016/06/Bildschirmfoto-2016-05-31-um-15.12.49.png" rel="lightbox[5730]"><img loading="lazy" decoding="async" class="aligncenter size-full wp-image-5718" src="https://www.kdrei-2009.de/WPKdrei/wp-content/uploads/2016/06/Bildschirmfoto-2016-05-31-um-15.12.49.png" alt="Bildschirmfoto 2016-05-31 um 15.12.49" width="680" height="425" srcset="https://www.kdrei-2009.de/WPKdrei/wp-content/uploads/2016/06/Bildschirmfoto-2016-05-31-um-15.12.49.png 680w, https://www.kdrei-2009.de/WPKdrei/wp-content/uploads/2016/06/Bildschirmfoto-2016-05-31-um-15.12.49-300x188.png 300w" sizes="(max-width: 680px) 100vw, 680px" /></a> <a href="https://www.kdrei-2009.de/WPKdrei/wp-content/uploads/2016/06/K3-Heubach-2016-web-pan.png" rel="lightbox[5730]"><img loading="lazy" decoding="async" class="aligncenter wp-image-5717 size-full" src="https://www.kdrei-2009.de/WPKdrei/wp-content/uploads/2016/06/K3-Heubach-2016-web-pan.png" alt="K3-Heubach 2016-web pan" width="680" height="108" srcset="https://www.kdrei-2009.de/WPKdrei/wp-content/uploads/2016/06/K3-Heubach-2016-web-pan.png 680w, https://www.kdrei-2009.de/WPKdrei/wp-content/uploads/2016/06/K3-Heubach-2016-web-pan-300x48.png 300w" sizes="(max-width: 680px) 100vw, 680px" /></a></p>

<p>Leute das ist der Kult an sich. Wer einmal in Heubach war, braucht keinen Terminplaner oder ein Navigationsgerät. Seine Gene steuern den Boulekörper automatisch rechtzeitig Richtung Ostalb. Auch dieses Jahr [&hellip;]</p>
