{"id":5780,"date":"2016-06-13T09:47:55","date_gmt":"2016-06-13T09:47:55","guid":{"rendered":"https:\/\/www.kdrei-2009.de\/WPKdrei\/?page_id=5780"},"modified":"2016-06-13T13:15:04","modified_gmt":"2016-06-13T13:15:04","slug":"ligabetrieb-2016-02","status":"publish","type":"page","link":"https:\/\/www.kdrei-2009.de\/WPKdrei\/kugelsport-2\/kugelsport-2012\/liga-2016\/ligabetrieb-2016-02\/","title":{"rendered":"Ligabetrieb 2016.02"},"content":{"rendered":"<h4><span style=\"color: #808080;\">Wir haben an diesem Morgen alle festgestellt: Hier waren wir schon lange nicht mehr&#8230; Das hat im Bouelerleben nicht viel zu sagen. Turnier ist Turnier, Liga ist Liga. Wir haben dann trotz des &#8222;langens nicht mehr hier gewesen zu sein&#8220; ganz erstaunlich viele Spiel gewonnen. Wir sind sehr zufrieden und freuen uns immer noch \u00fcber die vielen Punkte, f\u00fcr die wir in den letzten Saisons immer ein ganzes Ligajahr ben\u00f6tigten. Es waren teilweise sehr spannende und enge Begegnungen und man k\u00f6nnte auch sagen, dass dieses Jahr das Quentchen Gl\u00fcck auf unserer Seite liegt. Aber jeder Bouler weiss, das macht gar keinen Sinn. Vor dem Spiel ist nach dem Spiel und nach dem Spiel ist sowieso vor dem Spiel. Also es hat uns trotz des vielen Regens, dem Donnern und Blitzen viel Spass gemacht. Denn jeder Bouler weiss nat\u00fcrlich auch, bei schlechtem Wetter siegen macht mehr Spass, als bei schlechtem Wetter zu verlieren..in diesem Sinne ..allez les Boules und wir freuen uns auf alle in Ruit.<\/span><\/h4>\n<div id=\"attachment_5770\" style=\"width: 310px\" class=\"wp-caption aligncenter\"><a href=\"https:\/\/www.kdrei-2009.de\/WPKdrei\/wp-content\/uploads\/2016\/06\/K3-Liga2016-RT_09web.png\" rel=\"lightbox[5780]\"><img loading=\"lazy\" decoding=\"async\" aria-describedby=\"caption-attachment-5770\" class=\"size-medium wp-image-5770\" src=\"https:\/\/www.kdrei-2009.de\/WPKdrei\/wp-content\/uploads\/2016\/06\/K3-Liga2016-RT_09web-300x237.png\" alt=\"Heinrich T. leicht angeschlagener Boulefreund aus Neuffen.\" width=\"300\" height=\"237\" srcset=\"https:\/\/www.kdrei-2009.de\/WPKdrei\/wp-content\/uploads\/2016\/06\/K3-Liga2016-RT_09web-300x237.png 300w, https:\/\/www.kdrei-2009.de\/WPKdrei\/wp-content\/uploads\/2016\/06\/K3-Liga2016-RT_09web.png 710w\" sizes=\"(max-width: 300px) 100vw, 300px\" \/><\/a><p id=\"caption-attachment-5770\" class=\"wp-caption-text\">Heinrich T. leicht angeschlagener Boulefreund aus Neuffen.<\/p><\/div>\n<div id=\"attachment_5769\" style=\"width: 310px\" class=\"wp-caption aligncenter\"><a href=\"https:\/\/www.kdrei-2009.de\/WPKdrei\/wp-content\/uploads\/2016\/06\/K3-Liga2016-RT_07web.png\" rel=\"lightbox[5780]\"><img loading=\"lazy\" decoding=\"async\" aria-describedby=\"caption-attachment-5769\" class=\"size-medium wp-image-5769\" src=\"https:\/\/www.kdrei-2009.de\/WPKdrei\/wp-content\/uploads\/2016\/06\/K3-Liga2016-RT_07web-300x225.png\" alt=\"Das ber\u00fchmtes Neuffener Triplette steht grunds\u00e4tzlich neben einer Frau.\" width=\"300\" height=\"225\" srcset=\"https:\/\/www.kdrei-2009.de\/WPKdrei\/wp-content\/uploads\/2016\/06\/K3-Liga2016-RT_07web-300x225.png 300w, https:\/\/www.kdrei-2009.de\/WPKdrei\/wp-content\/uploads\/2016\/06\/K3-Liga2016-RT_07web.png 680w\" sizes=\"(max-width: 300px) 100vw, 300px\" \/><\/a><p id=\"caption-attachment-5769\" class=\"wp-caption-text\">Das ber\u00fchmte Neuffener Triplette mit G\u00fcnther R., Tony B. und G\u00fcnther K. steht grunds\u00e4tzlich neben einer Frau.<\/p><\/div>\n<div id=\"attachment_5776\" style=\"width: 310px\" class=\"wp-caption aligncenter\"><a href=\"https:\/\/www.kdrei-2009.de\/WPKdrei\/wp-content\/uploads\/2016\/06\/K3-Liga2016-RT-01web.png\" rel=\"lightbox[5780]\"><img loading=\"lazy\" decoding=\"async\" aria-describedby=\"caption-attachment-5776\" class=\"size-medium wp-image-5776\" src=\"https:\/\/www.kdrei-2009.de\/WPKdrei\/wp-content\/uploads\/2016\/06\/K3-Liga2016-RT-01web-300x110.png\" alt=\"Das ist der Platz, den wir solange nicht mehr gesehen hatten...\" width=\"300\" height=\"110\" srcset=\"https:\/\/www.kdrei-2009.de\/WPKdrei\/wp-content\/uploads\/2016\/06\/K3-Liga2016-RT-01web-300x110.png 300w, https:\/\/www.kdrei-2009.de\/WPKdrei\/wp-content\/uploads\/2016\/06\/K3-Liga2016-RT-01web.png 680w\" sizes=\"(max-width: 300px) 100vw, 300px\" \/><\/a><p id=\"caption-attachment-5776\" class=\"wp-caption-text\">Das ist der Platz, den wir solange nicht mehr gesehen hatten&#8230;<\/p><\/div>\n<div id=\"attachment_5777\" style=\"width: 310px\" class=\"wp-caption aligncenter\"><a href=\"https:\/\/www.kdrei-2009.de\/WPKdrei\/wp-content\/uploads\/2016\/06\/K3-Liga2016-RT-02web.png\" rel=\"lightbox[5780]\"><img loading=\"lazy\" decoding=\"async\" aria-describedby=\"caption-attachment-5777\" class=\"size-medium wp-image-5777\" src=\"https:\/\/www.kdrei-2009.de\/WPKdrei\/wp-content\/uploads\/2016\/06\/K3-Liga2016-RT-02web-300x69.png\" alt=\"Das ist noch mehr von dem Platz...\" width=\"300\" height=\"69\" srcset=\"https:\/\/www.kdrei-2009.de\/WPKdrei\/wp-content\/uploads\/2016\/06\/K3-Liga2016-RT-02web-300x69.png 300w, https:\/\/www.kdrei-2009.de\/WPKdrei\/wp-content\/uploads\/2016\/06\/K3-Liga2016-RT-02web-768x175.png 768w, https:\/\/www.kdrei-2009.de\/WPKdrei\/wp-content\/uploads\/2016\/06\/K3-Liga2016-RT-02web-1024x234.png 1024w, https:\/\/www.kdrei-2009.de\/WPKdrei\/wp-content\/uploads\/2016\/06\/K3-Liga2016-RT-02web.png 1134w\" sizes=\"(max-width: 300px) 100vw, 300px\" \/><\/a><p id=\"caption-attachment-5777\" class=\"wp-caption-text\">Das ist noch mehr von dem Platz&#8230;<\/p><\/div>\n<div id=\"attachment_5771\" style=\"width: 310px\" class=\"wp-caption aligncenter\"><a href=\"https:\/\/www.kdrei-2009.de\/WPKdrei\/wp-content\/uploads\/2016\/06\/K3-Liga2016-RT_16web.png\" rel=\"lightbox[5780]\"><img loading=\"lazy\" decoding=\"async\" aria-describedby=\"caption-attachment-5771\" class=\"size-medium wp-image-5771\" src=\"https:\/\/www.kdrei-2009.de\/WPKdrei\/wp-content\/uploads\/2016\/06\/K3-Liga2016-RT_16web-300x239.png\" alt=\"Das ist Matze. Ruit. Was soll man da noch schreiben?\" width=\"300\" height=\"239\" srcset=\"https:\/\/www.kdrei-2009.de\/WPKdrei\/wp-content\/uploads\/2016\/06\/K3-Liga2016-RT_16web-300x239.png 300w, https:\/\/www.kdrei-2009.de\/WPKdrei\/wp-content\/uploads\/2016\/06\/K3-Liga2016-RT_16web.png 680w\" sizes=\"(max-width: 300px) 100vw, 300px\" \/><\/a><p id=\"caption-attachment-5771\" class=\"wp-caption-text\">Das ist Matze. Ruit. Was soll man da noch schreiben?<\/p><\/div>\n<div id=\"attachment_5775\" style=\"width: 310px\" class=\"wp-caption aligncenter\"><a href=\"https:\/\/www.kdrei-2009.de\/WPKdrei\/wp-content\/uploads\/2016\/06\/K3-Liga2016-RT_21web.png\" rel=\"lightbox[5780]\"><img loading=\"lazy\" decoding=\"async\" aria-describedby=\"caption-attachment-5775\" class=\"size-medium wp-image-5775\" src=\"https:\/\/www.kdrei-2009.de\/WPKdrei\/wp-content\/uploads\/2016\/06\/K3-Liga2016-RT_21web-300x229.png\" alt=\"Das sind die Ruiter Boulefreunde und Kdrei...vor der Fusion zum Kruiter drei e.V.\" width=\"300\" height=\"229\" srcset=\"https:\/\/www.kdrei-2009.de\/WPKdrei\/wp-content\/uploads\/2016\/06\/K3-Liga2016-RT_21web-300x229.png 300w, https:\/\/www.kdrei-2009.de\/WPKdrei\/wp-content\/uploads\/2016\/06\/K3-Liga2016-RT_21web.png 680w\" sizes=\"(max-width: 300px) 100vw, 300px\" \/><\/a><p id=\"caption-attachment-5775\" class=\"wp-caption-text\">Das sind die Ruiter Boulefreunde und Kdrei&#8230;vor der Fusion zum Kruiter drei e.V.<\/p><\/div>\n<div id=\"attachment_5773\" style=\"width: 310px\" class=\"wp-caption aligncenter\"><a href=\"https:\/\/www.kdrei-2009.de\/WPKdrei\/wp-content\/uploads\/2016\/06\/K3-Liga2016-RT_18web.png\" rel=\"lightbox[5780]\"><img loading=\"lazy\" decoding=\"async\" aria-describedby=\"caption-attachment-5773\" class=\"size-medium wp-image-5773\" src=\"https:\/\/www.kdrei-2009.de\/WPKdrei\/wp-content\/uploads\/2016\/06\/K3-Liga2016-RT_18web-300x244.png\" alt=\"Unsrer Mannschaft in Reutlingen. Es fehlt Werner K. der wollte schonmal heimfahren.\" width=\"300\" height=\"244\" srcset=\"https:\/\/www.kdrei-2009.de\/WPKdrei\/wp-content\/uploads\/2016\/06\/K3-Liga2016-RT_18web-300x244.png 300w, https:\/\/www.kdrei-2009.de\/WPKdrei\/wp-content\/uploads\/2016\/06\/K3-Liga2016-RT_18web.png 680w\" sizes=\"(max-width: 300px) 100vw, 300px\" \/><\/a><p id=\"caption-attachment-5773\" class=\"wp-caption-text\">Unsere Mannschaft in Reutlingen. Es fehlt Werner K. der wollte schonmal heimfahren.<\/p><\/div>\n<p><a href=\"https:\/\/www.kdrei-2009.de\/WPKdrei\/wp-content\/uploads\/2016\/06\/Bildschirmfoto-2016-06-13-um-09.35.25.png\" rel=\"lightbox[5780]\"><img loading=\"lazy\" decoding=\"async\" class=\"aligncenter size-medium wp-image-5779\" src=\"https:\/\/www.kdrei-2009.de\/WPKdrei\/wp-content\/uploads\/2016\/06\/Bildschirmfoto-2016-06-13-um-09.35.25-300x250.png\" alt=\"Bildschirmfoto 2016-06-13 um 09.35.25\" width=\"300\" height=\"250\" srcset=\"https:\/\/www.kdrei-2009.de\/WPKdrei\/wp-content\/uploads\/2016\/06\/Bildschirmfoto-2016-06-13-um-09.35.25-300x250.png 300w, https:\/\/www.kdrei-2009.de\/WPKdrei\/wp-content\/uploads\/2016\/06\/Bildschirmfoto-2016-06-13-um-09.35.25.png 690w\" sizes=\"(max-width: 300px) 100vw, 300px\" \/><\/a><a href=\"https:\/\/www.kdrei-2009.de\/WPKdrei\/wp-content\/uploads\/2016\/06\/Bildschirmfoto-2016-06-13-um-09.27.51.png\" rel=\"lightbox[5780]\"><img loading=\"lazy\" decoding=\"async\" class=\"aligncenter size-medium wp-image-5778\" src=\"https:\/\/www.kdrei-2009.de\/WPKdrei\/wp-content\/uploads\/2016\/06\/Bildschirmfoto-2016-06-13-um-09.27.51-300x203.png\" alt=\"Bildschirmfoto 2016-06-13 um 09.27.51\" width=\"300\" height=\"203\" srcset=\"https:\/\/www.kdrei-2009.de\/WPKdrei\/wp-content\/uploads\/2016\/06\/Bildschirmfoto-2016-06-13-um-09.27.51-300x203.png 300w, https:\/\/www.kdrei-2009.de\/WPKdrei\/wp-content\/uploads\/2016\/06\/Bildschirmfoto-2016-06-13-um-09.27.51.png 680w\" sizes=\"(max-width: 300px) 100vw, 300px\" \/><\/a><\/p>\n","protected":false},"excerpt":{"rendered":"<p>Wir haben an diesem Morgen alle festgestellt: Hier waren wir schon lange nicht mehr&#8230; Das hat im Bouelerleben nicht viel zu sagen. Turnier ist Turnier, Liga ist Liga. Wir haben [&hellip;]<\/p>\n","protected":false},"author":1,"featured_media":0,"parent":5420,"menu_order":0,"comment_status":"closed","ping_status":"closed","template":"","meta":{"footnotes":""},"_links":{"self":[{"href":"https:\/\/www.kdrei-2009.de\/WPKdrei\/wp-json\/wp\/v2\/pages\/5780"}],"collection":[{"href":"https:\/\/www.kdrei-2009.de\/WPKdrei\/wp-json\/wp\/v2\/pages"}],"about":[{"href":"https:\/\/www.kdrei-2009.de\/WPKdrei\/wp-json\/wp\/v2\/types\/page"}],"author":[{"embeddable":true,"href":"https:\/\/www.kdrei-2009.de\/WPKdrei\/wp-json\/wp\/v2\/users\/1"}],"replies":[{"embeddable":true,"href":"https:\/\/www.kdrei-2009.de\/WPKdrei\/wp-json\/wp\/v2\/comments?post=5780"}],"version-history":[{"count":4,"href":"https:\/\/www.kdrei-2009.de\/WPKdrei\/wp-json\/wp\/v2\/pages\/5780\/revisions"}],"predecessor-version":[{"id":5787,"href":"https:\/\/www.kdrei-2009.de\/WPKdrei\/wp-json\/wp\/v2\/pages\/5780\/revisions\/5787"}],"up":[{"embeddable":true,"href":"https:\/\/www.kdrei-2009.de\/WPKdrei\/wp-json\/wp\/v2\/pages\/5420"}],"wp:attachment":[{"href":"https:\/\/www.kdrei-2009.de\/WPKdrei\/wp-json\/wp\/v2\/media?parent=5780"}],"curies":[{"name":"wp","href":"https:\/\/api.w.org\/{rel}","templated":true}]}}