{"id":6105,"date":"2016-12-03T08:46:48","date_gmt":"2016-12-03T08:46:48","guid":{"rendered":"https:\/\/www.kdrei-2009.de\/WPKdrei\/?page_id=6105"},"modified":"2016-12-03T08:46:48","modified_gmt":"2016-12-03T08:46:48","slug":"das-buch-zum-kochkurstag-2016","status":"publish","type":"page","link":"https:\/\/www.kdrei-2009.de\/WPKdrei\/kdrei-events\/events-2010\/das-buch-zum-kochkurstag-2016\/","title":{"rendered":"Das Buch zum Kochkurstag 2016"},"content":{"rendered":"<h3><span style=\"color: #808080;\">Wie immer wieder ein Buch f\u00fcr unsere Kochkursteilnehmer. Jetzt druckfrisch im Versand\u00a0 und f\u00fcr alle Besteller demn\u00e4chst im Briefkasten. Viel Spass beim Bl\u00e4ttern&#8230;ein vern\u00fcnftiges Buch ist durch nichts zu ersetzen. Irgendein Stuhl oder Tisch wackelt immer, und wer will dann schon sein Tablet unter den Fuss schieben???<\/span><\/h3>\n<h3><span style=\"color: #808080;\">Wir bieten hier eine L\u00f6sung, die optisch und textlich Spass (es sind wirklich nur Rezepte und etwas Minimaltext in diesem Buch) macht und zudem einen praktischen Nutzen bietet. Wir bitten allerdings darum, keine heissen T\u00f6pfe auf dem Buch abzustellen.<\/span><\/h3>\n<p>&nbsp;<\/p>\n<p><a href=\"https:\/\/www.kdrei-2009.de\/WPKdrei\/wp-content\/uploads\/2016\/12\/K3-KK2016buchbild-web.png\" rel=\"lightbox[6105]\"><img loading=\"lazy\" decoding=\"async\" class=\"alignleft size-full wp-image-6103\" src=\"https:\/\/www.kdrei-2009.de\/WPKdrei\/wp-content\/uploads\/2016\/12\/K3-KK2016buchbild-web.png\" alt=\"k3-kk2016buchbild-web\" width=\"850\" height=\"882\" srcset=\"https:\/\/www.kdrei-2009.de\/WPKdrei\/wp-content\/uploads\/2016\/12\/K3-KK2016buchbild-web.png 850w, https:\/\/www.kdrei-2009.de\/WPKdrei\/wp-content\/uploads\/2016\/12\/K3-KK2016buchbild-web-289x300.png 289w, https:\/\/www.kdrei-2009.de\/WPKdrei\/wp-content\/uploads\/2016\/12\/K3-KK2016buchbild-web-768x797.png 768w\" sizes=\"(max-width: 850px) 100vw, 850px\" \/><\/a><\/p>\n","protected":false},"excerpt":{"rendered":"<p>Wie immer wieder ein Buch f\u00fcr unsere Kochkursteilnehmer. Jetzt druckfrisch im Versand\u00a0 und f\u00fcr alle Besteller demn\u00e4chst im Briefkasten. Viel Spass beim Bl\u00e4ttern&#8230;ein vern\u00fcnftiges Buch ist durch nichts zu ersetzen. [&hellip;]<\/p>\n","protected":false},"author":1,"featured_media":0,"parent":5242,"menu_order":0,"comment_status":"closed","ping_status":"closed","template":"","meta":{"footnotes":""},"_links":{"self":[{"href":"https:\/\/www.kdrei-2009.de\/WPKdrei\/wp-json\/wp\/v2\/pages\/6105"}],"collection":[{"href":"https:\/\/www.kdrei-2009.de\/WPKdrei\/wp-json\/wp\/v2\/pages"}],"about":[{"href":"https:\/\/www.kdrei-2009.de\/WPKdrei\/wp-json\/wp\/v2\/types\/page"}],"author":[{"embeddable":true,"href":"https:\/\/www.kdrei-2009.de\/WPKdrei\/wp-json\/wp\/v2\/users\/1"}],"replies":[{"embeddable":true,"href":"https:\/\/www.kdrei-2009.de\/WPKdrei\/wp-json\/wp\/v2\/comments?post=6105"}],"version-history":[{"count":1,"href":"https:\/\/www.kdrei-2009.de\/WPKdrei\/wp-json\/wp\/v2\/pages\/6105\/revisions"}],"predecessor-version":[{"id":6106,"href":"https:\/\/www.kdrei-2009.de\/WPKdrei\/wp-json\/wp\/v2\/pages\/6105\/revisions\/6106"}],"up":[{"embeddable":true,"href":"https:\/\/www.kdrei-2009.de\/WPKdrei\/wp-json\/wp\/v2\/pages\/5242"}],"wp:attachment":[{"href":"https:\/\/www.kdrei-2009.de\/WPKdrei\/wp-json\/wp\/v2\/media?parent=6105"}],"curies":[{"name":"wp","href":"https:\/\/api.w.org\/{rel}","templated":true}]}}