{"id":6904,"date":"2018-03-21T16:55:09","date_gmt":"2018-03-21T16:55:09","guid":{"rendered":"https:\/\/www.kdrei-2009.de\/WPKdrei\/?page_id=6904"},"modified":"2018-05-05T18:49:59","modified_gmt":"2018-05-05T18:49:59","slug":"seminocturne-2018","status":"publish","type":"page","link":"https:\/\/www.kdrei-2009.de\/WPKdrei\/kugelsport-2\/koch-gala-2018\/turniere-2018-2\/seminocturne-2018\/","title":{"rendered":"SEMINOCTURNE 2018"},"content":{"rendered":"<h3><span style=\"color: #808080;\">Wir wollen am 23.Juni ein Seminocturne veranstalten. \u00c4hnlich wie bei unsrem Galamen\u00fc, haben wir aber nur eine begrenzte Platzzahl und m\u00fcssen die Teilnahme leider auf 32 Doublettes\u00a0 begrenzen. Dadurch entstehen aber auch keine Wartezeiten auf freie Pl\u00e4tze usw. Wir hoffen, dass wir 32 Mannschaften erreichen. Es wird leckeres Essen geben und wir hoffen auf gutes Wetter und einen sch\u00f6nen Tag.<\/span><\/h3>\n<h3><span style=\"color: #333333;\">Wer unser Seminocturne ganz sicher mitspielen und sich verbindlich anmelden m\u00f6chte, bekommt unsere Bankverbindung per Email, \u00fcberweist die Startgeb\u00fchr mindestens 14Tage vor dem Turnier und muss aber 45min vor Einschreibeschluss anwesend sein und seine Einschreibung best\u00e4tigen, sonst wird der Startplatz neu vergeben und das \u00fcberwiesene Startgeld verf\u00e4llt. <\/span><span style=\"color: #333333;\">Wir versuchen diese Art der Einschreibung&#8230;mal sehen ob das funktioniert. <\/span><\/h3>\n<h2><span style=\"color: #003366;\">Hier anmelden:\u00a0\u00a0<a href=\"mailto:Kdrei-seminocturne@kdrei-2009.de\"> Kdrei-seminocturne@kdrei-2009.de<\/a><\/span><\/h2>\n<h2><span style=\"color: #333333;\">Zus\u00e4tzlich gibt es nat\u00fcrlich auch eine ganz normale Einschreibung am Turniertag. <\/span><\/h2>\n<h2><span style=\"color: #333333;\">Wenn die 32 Startpl\u00e4tze vergeben sind, schliessen wir die Einschreibung.<\/span><\/h2>\n<h3><span style=\"color: #333333;\">Wir freuen uns auf euch.<\/span><\/h3>\n<h3><span style=\"color: #333333;\">Allez les Boules.<\/span><\/h3>\n<p>P.S. Das erste Doublette ist angemeldet. Es gibt noch 31 Startpl\u00e4tze.<\/p>\n<p><a href=\"https:\/\/www.kdrei-2009.de\/WPKdrei\/?attachment_id=6959\" rel=\"attachment wp-att-6959\"><img loading=\"lazy\" decoding=\"async\" class=\"alignleft size-large wp-image-6959\" src=\"https:\/\/www.kdrei-2009.de\/WPKdrei\/wp-content\/uploads\/2018\/04\/K3-SEMINOCTURNE-2018web-724x1024.jpg\" alt=\"\" width=\"724\" height=\"1024\" srcset=\"https:\/\/www.kdrei-2009.de\/WPKdrei\/wp-content\/uploads\/2018\/04\/K3-SEMINOCTURNE-2018web-724x1024.jpg 724w, https:\/\/www.kdrei-2009.de\/WPKdrei\/wp-content\/uploads\/2018\/04\/K3-SEMINOCTURNE-2018web-212x300.jpg 212w, https:\/\/www.kdrei-2009.de\/WPKdrei\/wp-content\/uploads\/2018\/04\/K3-SEMINOCTURNE-2018web-768x1086.jpg 768w\" sizes=\"(max-width: 724px) 100vw, 724px\" \/><\/a><\/p>\n","protected":false},"excerpt":{"rendered":"<p>Wir wollen am 23.Juni ein Seminocturne veranstalten. \u00c4hnlich wie bei unsrem Galamen\u00fc, haben wir aber nur eine begrenzte Platzzahl und m\u00fcssen die Teilnahme leider auf 32 Doublettes\u00a0 begrenzen. Dadurch entstehen [&hellip;]<\/p>\n","protected":false},"author":1,"featured_media":0,"parent":6747,"menu_order":0,"comment_status":"open","ping_status":"closed","template":"","meta":{"footnotes":""},"_links":{"self":[{"href":"https:\/\/www.kdrei-2009.de\/WPKdrei\/wp-json\/wp\/v2\/pages\/6904"}],"collection":[{"href":"https:\/\/www.kdrei-2009.de\/WPKdrei\/wp-json\/wp\/v2\/pages"}],"about":[{"href":"https:\/\/www.kdrei-2009.de\/WPKdrei\/wp-json\/wp\/v2\/types\/page"}],"author":[{"embeddable":true,"href":"https:\/\/www.kdrei-2009.de\/WPKdrei\/wp-json\/wp\/v2\/users\/1"}],"replies":[{"embeddable":true,"href":"https:\/\/www.kdrei-2009.de\/WPKdrei\/wp-json\/wp\/v2\/comments?post=6904"}],"version-history":[{"count":6,"href":"https:\/\/www.kdrei-2009.de\/WPKdrei\/wp-json\/wp\/v2\/pages\/6904\/revisions"}],"predecessor-version":[{"id":6968,"href":"https:\/\/www.kdrei-2009.de\/WPKdrei\/wp-json\/wp\/v2\/pages\/6904\/revisions\/6968"}],"up":[{"embeddable":true,"href":"https:\/\/www.kdrei-2009.de\/WPKdrei\/wp-json\/wp\/v2\/pages\/6747"}],"wp:attachment":[{"href":"https:\/\/www.kdrei-2009.de\/WPKdrei\/wp-json\/wp\/v2\/media?parent=6904"}],"curies":[{"name":"wp","href":"https:\/\/api.w.org\/{rel}","templated":true}]}}