{"id":7296,"date":"2018-12-16T15:49:04","date_gmt":"2018-12-16T15:49:04","guid":{"rendered":"https:\/\/www.kdrei-2009.de\/WPKdrei\/?page_id=7296"},"modified":"2018-12-20T08:37:39","modified_gmt":"2018-12-20T08:37:39","slug":"winterturnierserie-2018-02-in-frickenhausen","status":"publish","type":"page","link":"https:\/\/www.kdrei-2009.de\/WPKdrei\/kugelsport-2\/koch-gala-2018\/turniere-2018-2\/winterturnierserie-2018-02-in-frickenhausen\/","title":{"rendered":"Winterturnierserie 2018.02 in Frickenhausen."},"content":{"rendered":"<h3><span style=\"color: #808080;\">Hier ein Bericht von unserem Boulefreund Frank Naumann aus Denkendorf. Herzlichen Dank f\u00fcr Text und Bild.<\/span><\/h3>\n<h2><span style=\"color: #808080;\">Winterrunden-Spieltag in Frickenhausen am Samstag, 15.12.18<\/span><\/h2>\n<h3><span style=\"color: #808080;\">Mit 34 Teilnehmern verzeichnete der 2. Winterrunden-Spieltag zwar einige Spieler weniger als der 1. Spieltag vor 4 Wochen, aber bei Temperaturen um 0 Grad kostete es schon ein wenig \u00dcberwindung, den Tag unter freiem Himmel mit dem Werfen kalter Stahlkugeln zu verbringen. So mancher Spieler tr\u00e4umte daher zwischendurch mal von einem hei\u00dfen Bad.<\/span><\/h3>\n<h3><span style=\"color: #808080;\">Frickenhausen ist mit 22 Mitgliedern einer der kleineren Vereine in der Liga-Region und beteiligte sich erstmals als Spielort an der Winterrunde. So kamen viele Spieler zum ersten Mal nach Frickenhausen und waren beeindruckt von der Boule-Anlage im \u201eKrautgarten-Park\u201c rund um das renovierte Pumpenhaus, das dem Verein als Domizil dient.<\/span><\/h3>\n<h3><span style=\"color: #808080;\">Der Vereinsvorsitzende Walter Schreiber pr\u00e4sentierte denn auch stolz das historische Transmissions-Getriebe hinter der Bewirtungstheke im Pumpenhaus, bevor das Turnier gestartet wurde. Es wurden 4 Runden Superm\u00eal\u00e9e mit Zeitbegrenzung auf 1 Stunde gespielt, jeweils 7 Begegnungen als Doublette und 1 Begegnung als Triplette.<\/span><\/h3>\n<h3><span style=\"color: #808080;\">Zahlreiche Spiele waren sehr spannend und der Ausgang \u00e4u\u00dferst knapp, so dass am Ende nur Joachim Janisch (\u201eMille\u201c) mit 4 Siegen ungeschlagen blieb. Die weiteren Preisgelder gingen an die besten Spieler mit jeweils 3 Siegen:<\/span><br \/>\n<span style=\"color: #808080;\">1. Joachim Janisch (&#8222;Mille&#8220;), Neuffen:<\/span><br \/>\n<span style=\"color: #808080;\">4 Siege, +30 Kugeln<\/span><br \/>\n<span style=\"color: #808080;\">2. Rudi Meier, Esslingen:<\/span><br \/>\n<span style=\"color: #808080;\">3 Siege, +26 Kugeln<\/span><br \/>\n<span style=\"color: #808080;\">3. G\u00fcnther Rapp (&#8222;R\u00e4pple&#8220;), Neuffen:<\/span><br \/>\n<span style=\"color: #808080;\">3 Siege, +25 Kugeln<\/span><br \/>\n<span style=\"color: #808080;\">4. Karl Kaspar, Plochingen:<\/span><br \/>\n<span style=\"color: #808080;\">3 Siege, +24 Kugeln<\/span><br \/>\n<span style=\"color: #808080;\">5. Jochen Kauffmann, Denkendorf:<\/span><br \/>\n<span style=\"color: #808080;\">3 Siege, +23 Kugeln<\/span><\/h3>\n<p><a href=\"https:\/\/www.kdrei-2009.de\/WPKdrei\/?attachment_id=7295\" rel=\"attachment wp-att-7295\"><img loading=\"lazy\" decoding=\"async\" class=\"alignleft size-full wp-image-7295\" src=\"https:\/\/www.kdrei-2009.de\/WPKdrei\/wp-content\/uploads\/2018\/12\/K3-Winterrunde2018.jpg\" alt=\"\" width=\"680\" height=\"541\" srcset=\"https:\/\/www.kdrei-2009.de\/WPKdrei\/wp-content\/uploads\/2018\/12\/K3-Winterrunde2018.jpg 680w, https:\/\/www.kdrei-2009.de\/WPKdrei\/wp-content\/uploads\/2018\/12\/K3-Winterrunde2018-300x239.jpg 300w\" sizes=\"(max-width: 680px) 100vw, 680px\" \/><\/a><\/p>\n<p>&nbsp;<\/p>\n<p>&nbsp;<\/p>\n<p>&nbsp;<\/p>\n<p>&nbsp;<\/p>\n<p>&nbsp;<\/p>\n<p>&nbsp;<\/p>\n<p>&nbsp;<\/p>\n<p>&nbsp;<\/p>\n<p>&nbsp;<\/p>\n<p>&nbsp;<\/p>\n<p>&nbsp;<\/p>\n<p>&nbsp;<\/p>\n<p>&nbsp;<\/p>\n<p>&nbsp;<\/p>\n<p>&nbsp;<\/p>\n<p>&nbsp;<\/p>\n<p>&nbsp;<\/p>\n<p><a href=\"https:\/\/www.kdrei-2009.de\/WPKdrei\/?attachment_id=7300\" rel=\"attachment wp-att-7300\"><img loading=\"lazy\" decoding=\"async\" class=\"alignleft size-full wp-image-7300\" src=\"https:\/\/www.kdrei-2009.de\/WPKdrei\/wp-content\/uploads\/2018\/12\/K3-WR18-19-Tabelle-web.jpg\" alt=\"\" width=\"680\" height=\"878\" srcset=\"https:\/\/www.kdrei-2009.de\/WPKdrei\/wp-content\/uploads\/2018\/12\/K3-WR18-19-Tabelle-web.jpg 680w, https:\/\/www.kdrei-2009.de\/WPKdrei\/wp-content\/uploads\/2018\/12\/K3-WR18-19-Tabelle-web-232x300.jpg 232w\" sizes=\"(max-width: 680px) 100vw, 680px\" \/><\/a><\/p>\n","protected":false},"excerpt":{"rendered":"<p>Hier ein Bericht von unserem Boulefreund Frank Naumann aus Denkendorf. Herzlichen Dank f\u00fcr Text und Bild. Winterrunden-Spieltag in Frickenhausen am Samstag, 15.12.18 Mit 34 Teilnehmern verzeichnete der 2. Winterrunden-Spieltag zwar [&hellip;]<\/p>\n","protected":false},"author":1,"featured_media":0,"parent":6747,"menu_order":0,"comment_status":"closed","ping_status":"closed","template":"","meta":{"footnotes":""},"_links":{"self":[{"href":"https:\/\/www.kdrei-2009.de\/WPKdrei\/wp-json\/wp\/v2\/pages\/7296"}],"collection":[{"href":"https:\/\/www.kdrei-2009.de\/WPKdrei\/wp-json\/wp\/v2\/pages"}],"about":[{"href":"https:\/\/www.kdrei-2009.de\/WPKdrei\/wp-json\/wp\/v2\/types\/page"}],"author":[{"embeddable":true,"href":"https:\/\/www.kdrei-2009.de\/WPKdrei\/wp-json\/wp\/v2\/users\/1"}],"replies":[{"embeddable":true,"href":"https:\/\/www.kdrei-2009.de\/WPKdrei\/wp-json\/wp\/v2\/comments?post=7296"}],"version-history":[{"count":2,"href":"https:\/\/www.kdrei-2009.de\/WPKdrei\/wp-json\/wp\/v2\/pages\/7296\/revisions"}],"predecessor-version":[{"id":7301,"href":"https:\/\/www.kdrei-2009.de\/WPKdrei\/wp-json\/wp\/v2\/pages\/7296\/revisions\/7301"}],"up":[{"embeddable":true,"href":"https:\/\/www.kdrei-2009.de\/WPKdrei\/wp-json\/wp\/v2\/pages\/6747"}],"wp:attachment":[{"href":"https:\/\/www.kdrei-2009.de\/WPKdrei\/wp-json\/wp\/v2\/media?parent=7296"}],"curies":[{"name":"wp","href":"https:\/\/api.w.org\/{rel}","templated":true}]}}