{"id":7580,"date":"2019-03-17T12:44:25","date_gmt":"2019-03-17T11:44:25","guid":{"rendered":"https:\/\/www.kdrei-2009.de\/WPKdrei\/?page_id=7580"},"modified":"2019-03-19T13:22:27","modified_gmt":"2019-03-19T12:22:27","slug":"maerzturnier-2019-und-es-ist-noch-suppe-da","status":"publish","type":"page","link":"https:\/\/www.kdrei-2009.de\/WPKdrei\/kugelsport-2\/koch-gala-2018\/turniere-2018-2\/maerzturnier-2019-und-es-ist-noch-suppe-da\/","title":{"rendered":"M\u00e4rzturnier 2019 und es ist noch Suppe da"},"content":{"rendered":"\n<p>Ja so k\u00f6nnte man das beschreiben. Hatten wir bisher immer Wettergl\u00fcck, war es dieses Jahr anscheinend einfach f\u00fcr alle Mitspieler zu feucht, um nach Frickenhausen zu fahren. Wir bedanken uns hier ausdr\u00fccklich bei Julio aus Aichelberg und nat\u00fcrlich Brigitte und Mille aus Neuffen, die letzten echten Bouler unserer Region. <\/p>\n\n\n\n<figure class=\"wp-block-image\"><img loading=\"lazy\" decoding=\"async\" width=\"680\" height=\"553\" src=\"https:\/\/www.kdrei-2009.de\/WPKdrei\/wp-content\/uploads\/2019\/03\/K3-Maerzturn19_01web.jpg\" alt=\"\" class=\"wp-image-7581\" srcset=\"https:\/\/www.kdrei-2009.de\/WPKdrei\/wp-content\/uploads\/2019\/03\/K3-Maerzturn19_01web.jpg 680w, https:\/\/www.kdrei-2009.de\/WPKdrei\/wp-content\/uploads\/2019\/03\/K3-Maerzturn19_01web-300x244.jpg 300w\" sizes=\"(max-width: 680px) 100vw, 680px\" \/><figcaption>An diesen Kuchen kann es auch nicht gelegen haben. Das war Konditorkunst&#8230;<\/figcaption><\/figure>\n\n\n\n<figure class=\"wp-block-image\"><img loading=\"lazy\" decoding=\"async\" width=\"680\" height=\"521\" src=\"https:\/\/www.kdrei-2009.de\/WPKdrei\/wp-content\/uploads\/2019\/03\/K3-Maerzturn19_02web.jpg\" alt=\"\" class=\"wp-image-7579\" srcset=\"https:\/\/www.kdrei-2009.de\/WPKdrei\/wp-content\/uploads\/2019\/03\/K3-Maerzturn19_02web.jpg 680w, https:\/\/www.kdrei-2009.de\/WPKdrei\/wp-content\/uploads\/2019\/03\/K3-Maerzturn19_02web-300x230.jpg 300w\" sizes=\"(max-width: 680px) 100vw, 680px\" \/><figcaption>Leckere Suppe aus dem Brot&#8230;gibts nat\u00fcrlich n\u00e4chstes Jahr wieder. <\/figcaption><\/figure>\n\n\n\n<figure class=\"wp-block-image\"><img loading=\"lazy\" decoding=\"async\" width=\"680\" height=\"534\" src=\"https:\/\/www.kdrei-2009.de\/WPKdrei\/wp-content\/uploads\/2019\/03\/K3-Maerzturn19_03web.jpg\" alt=\"\" class=\"wp-image-7582\" srcset=\"https:\/\/www.kdrei-2009.de\/WPKdrei\/wp-content\/uploads\/2019\/03\/K3-Maerzturn19_03web.jpg 680w, https:\/\/www.kdrei-2009.de\/WPKdrei\/wp-content\/uploads\/2019\/03\/K3-Maerzturn19_03web-300x236.jpg 300w\" sizes=\"(max-width: 680px) 100vw, 680px\" \/><figcaption>Sieht das nicht lecker aus&#8230;<\/figcaption><\/figure>\n\n\n\n<figure class=\"wp-block-image\"><img loading=\"lazy\" decoding=\"async\" width=\"680\" height=\"440\" src=\"https:\/\/www.kdrei-2009.de\/WPKdrei\/wp-content\/uploads\/2019\/03\/K3-Maerzturn19_04web.jpg\" alt=\"\" class=\"wp-image-7583\" srcset=\"https:\/\/www.kdrei-2009.de\/WPKdrei\/wp-content\/uploads\/2019\/03\/K3-Maerzturn19_04web.jpg 680w, https:\/\/www.kdrei-2009.de\/WPKdrei\/wp-content\/uploads\/2019\/03\/K3-Maerzturn19_04web-300x194.jpg 300w\" sizes=\"(max-width: 680px) 100vw, 680px\" \/><figcaption>Gespielt wird trotzdem. <\/figcaption><\/figure>\n\n\n\n<figure class=\"wp-block-image\"><img loading=\"lazy\" decoding=\"async\" width=\"680\" height=\"456\" src=\"https:\/\/www.kdrei-2009.de\/WPKdrei\/wp-content\/uploads\/2019\/03\/K3-Maerzturn19_05web.jpg\" alt=\"\" class=\"wp-image-7584\" srcset=\"https:\/\/www.kdrei-2009.de\/WPKdrei\/wp-content\/uploads\/2019\/03\/K3-Maerzturn19_05web.jpg 680w, https:\/\/www.kdrei-2009.de\/WPKdrei\/wp-content\/uploads\/2019\/03\/K3-Maerzturn19_05web-300x201.jpg 300w\" sizes=\"(max-width: 680px) 100vw, 680px\" \/><\/figure>\n","protected":false},"excerpt":{"rendered":"<p>Ja so k\u00f6nnte man das beschreiben. Hatten wir bisher immer Wettergl\u00fcck, war es dieses Jahr anscheinend einfach f\u00fcr alle Mitspieler zu feucht, um nach Frickenhausen zu fahren. Wir bedanken uns [&hellip;]<\/p>\n","protected":false},"author":1,"featured_media":0,"parent":6747,"menu_order":0,"comment_status":"open","ping_status":"closed","template":"","meta":{"footnotes":""},"_links":{"self":[{"href":"https:\/\/www.kdrei-2009.de\/WPKdrei\/wp-json\/wp\/v2\/pages\/7580"}],"collection":[{"href":"https:\/\/www.kdrei-2009.de\/WPKdrei\/wp-json\/wp\/v2\/pages"}],"about":[{"href":"https:\/\/www.kdrei-2009.de\/WPKdrei\/wp-json\/wp\/v2\/types\/page"}],"author":[{"embeddable":true,"href":"https:\/\/www.kdrei-2009.de\/WPKdrei\/wp-json\/wp\/v2\/users\/1"}],"replies":[{"embeddable":true,"href":"https:\/\/www.kdrei-2009.de\/WPKdrei\/wp-json\/wp\/v2\/comments?post=7580"}],"version-history":[{"count":3,"href":"https:\/\/www.kdrei-2009.de\/WPKdrei\/wp-json\/wp\/v2\/pages\/7580\/revisions"}],"predecessor-version":[{"id":7591,"href":"https:\/\/www.kdrei-2009.de\/WPKdrei\/wp-json\/wp\/v2\/pages\/7580\/revisions\/7591"}],"up":[{"embeddable":true,"href":"https:\/\/www.kdrei-2009.de\/WPKdrei\/wp-json\/wp\/v2\/pages\/6747"}],"wp:attachment":[{"href":"https:\/\/www.kdrei-2009.de\/WPKdrei\/wp-json\/wp\/v2\/media?parent=7580"}],"curies":[{"name":"wp","href":"https:\/\/api.w.org\/{rel}","templated":true}]}}