{"id":7610,"date":"2019-03-26T14:32:54","date_gmt":"2019-03-26T13:32:54","guid":{"rendered":"https:\/\/www.kdrei-2009.de\/WPKdrei\/?page_id=7610"},"modified":"2019-03-26T21:04:45","modified_gmt":"2019-03-26T20:04:45","slug":"ligapokal-2019","status":"publish","type":"page","link":"https:\/\/www.kdrei-2009.de\/WPKdrei\/kugelsport-2\/koch-gala-2018\/turniere-2018-2\/ligapokal-2019\/","title":{"rendered":"Ligapokal 2019"},"content":{"rendered":"\n<p style=\"color:#565656\" class=\"has-text-color has-medium-font-size\">Das macht einfach Spass. Mit Denkendorf hatten wir, wie vergangenes Jahr, wieder einen seri\u00f6sen Ausrichter mit viel Engagement und gutem Service. Wenn man an manch vergangenen Ligapokaltag zur\u00fcckdenkt, wo wir noch Startgeld bezahlten und teilweise noch Geld an den &#8222;bed\u00fcrftigen&#8220; Verein gespendet wurde&#8230;k\u00f6nnen wir uns nur bedanken bei den Denkendorfern. Mit 18 Teams ein gut besuchter Pokaltag. Gewinnen kann nach wie vor nur eine Mannschaft. Mit 4 Siegen auch durchaus verdient. Herzlichen Gl\u00fcckwunsch nach Neuffen. Kdrei meldete erstmals 2 Mannschaften und ist mit einem 5. Platz mit 3 Siegen und einem Platz in den hinteren Regionen der Tabelle durchaus zufrieden. <\/p>\n\n\n\n<figure class=\"wp-block-image\"><img loading=\"lazy\" decoding=\"async\" width=\"928\" height=\"680\" src=\"https:\/\/www.kdrei-2009.de\/WPKdrei\/wp-content\/uploads\/2019\/03\/K3-Ligapokal2019_01aweb-1.jpg\" alt=\"\" class=\"wp-image-7611\" srcset=\"https:\/\/www.kdrei-2009.de\/WPKdrei\/wp-content\/uploads\/2019\/03\/K3-Ligapokal2019_01aweb-1.jpg 928w, https:\/\/www.kdrei-2009.de\/WPKdrei\/wp-content\/uploads\/2019\/03\/K3-Ligapokal2019_01aweb-1-300x220.jpg 300w, https:\/\/www.kdrei-2009.de\/WPKdrei\/wp-content\/uploads\/2019\/03\/K3-Ligapokal2019_01aweb-1-768x563.jpg 768w\" sizes=\"(max-width: 928px) 100vw, 928px\" \/><\/figure>\n\n\n\n<figure class=\"wp-block-image\"><img loading=\"lazy\" decoding=\"async\" width=\"1007\" height=\"680\" src=\"https:\/\/www.kdrei-2009.de\/WPKdrei\/wp-content\/uploads\/2019\/03\/K3-Ligapokal2019_02web.jpg\" alt=\"\" class=\"wp-image-7604\" srcset=\"https:\/\/www.kdrei-2009.de\/WPKdrei\/wp-content\/uploads\/2019\/03\/K3-Ligapokal2019_02web.jpg 1007w, https:\/\/www.kdrei-2009.de\/WPKdrei\/wp-content\/uploads\/2019\/03\/K3-Ligapokal2019_02web-300x203.jpg 300w, https:\/\/www.kdrei-2009.de\/WPKdrei\/wp-content\/uploads\/2019\/03\/K3-Ligapokal2019_02web-768x519.jpg 768w\" sizes=\"(max-width: 1007px) 100vw, 1007px\" \/><\/figure>\n","protected":false},"excerpt":{"rendered":"<p>Das macht einfach Spass. Mit Denkendorf hatten wir, wie vergangenes Jahr, wieder einen seri\u00f6sen Ausrichter mit viel Engagement und gutem Service. Wenn man an manch vergangenen Ligapokaltag zur\u00fcckdenkt, wo wir [&hellip;]<\/p>\n","protected":false},"author":1,"featured_media":0,"parent":6747,"menu_order":0,"comment_status":"open","ping_status":"closed","template":"","meta":{"footnotes":""},"_links":{"self":[{"href":"https:\/\/www.kdrei-2009.de\/WPKdrei\/wp-json\/wp\/v2\/pages\/7610"}],"collection":[{"href":"https:\/\/www.kdrei-2009.de\/WPKdrei\/wp-json\/wp\/v2\/pages"}],"about":[{"href":"https:\/\/www.kdrei-2009.de\/WPKdrei\/wp-json\/wp\/v2\/types\/page"}],"author":[{"embeddable":true,"href":"https:\/\/www.kdrei-2009.de\/WPKdrei\/wp-json\/wp\/v2\/users\/1"}],"replies":[{"embeddable":true,"href":"https:\/\/www.kdrei-2009.de\/WPKdrei\/wp-json\/wp\/v2\/comments?post=7610"}],"version-history":[{"count":2,"href":"https:\/\/www.kdrei-2009.de\/WPKdrei\/wp-json\/wp\/v2\/pages\/7610\/revisions"}],"predecessor-version":[{"id":7622,"href":"https:\/\/www.kdrei-2009.de\/WPKdrei\/wp-json\/wp\/v2\/pages\/7610\/revisions\/7622"}],"up":[{"embeddable":true,"href":"https:\/\/www.kdrei-2009.de\/WPKdrei\/wp-json\/wp\/v2\/pages\/6747"}],"wp:attachment":[{"href":"https:\/\/www.kdrei-2009.de\/WPKdrei\/wp-json\/wp\/v2\/media?parent=7610"}],"curies":[{"name":"wp","href":"https:\/\/api.w.org\/{rel}","templated":true}]}}