{"id":7804,"date":"2020-01-07T12:21:52","date_gmt":"2020-01-07T11:21:52","guid":{"rendered":"https:\/\/www.kdrei-2009.de\/WPKdrei\/?page_id=7804"},"modified":"2020-01-07T12:22:50","modified_gmt":"2020-01-07T11:22:50","slug":"bosseln-2020-01-ein-tag-ohne-regeln","status":"publish","type":"page","link":"https:\/\/www.kdrei-2009.de\/WPKdrei\/kugelsport-2\/koch-gala-2018\/bosseln-2020-01-ein-tag-ohne-regeln\/","title":{"rendered":"Bosseln 2020.01..ein Tag ohne Regeln."},"content":{"rendered":"\n<p style=\"color:#6a6c6d\" class=\"has-text-color has-medium-font-size\">Das w\u00e4re auch ein sch\u00f6ner Tag zum Boulen gewesen. Sonne, kein Regen und Temperaturen\u00fcber Null Grad. Wir haben uns f\u00fcr Bosseln entschlossen. Start war um 10.30Uhr am AV-Platz in Unterensingen. Die Strecke war bekannt. Halbzeit wie immer bei Ripple und Kraut auf den Lindenh\u00f6fen. \u00dcber das Ergebnis kann nicht berichtet werden, da es unter unseren Ost-, West-, Nord- und S\u00fcdfriesischen Boulern keine Einigung f\u00fcr eine einheitliche Z\u00e4hlweise gab. Es hat trotzdem allen Spass gemacht und wir waren fast 4 Stunden an der frischen Luft bei Sonnenschein und heissen Getr\u00e4nken. Vor der n\u00e4chsten Bosselrunde werden wir uns nochmals mit dem Weltbosselregelwerk auseinandersetzen. <\/p>\n\n\n\n<figure class=\"wp-block-image\"><img loading=\"lazy\" decoding=\"async\" width=\"680\" height=\"407\" src=\"https:\/\/www.kdrei-2009.de\/WPKdrei\/wp-content\/uploads\/2020\/01\/K3-Bosseln-2020-01aweb.jpg\" alt=\"\" class=\"wp-image-7799\" srcset=\"https:\/\/www.kdrei-2009.de\/WPKdrei\/wp-content\/uploads\/2020\/01\/K3-Bosseln-2020-01aweb.jpg 680w, https:\/\/www.kdrei-2009.de\/WPKdrei\/wp-content\/uploads\/2020\/01\/K3-Bosseln-2020-01aweb-300x180.jpg 300w\" sizes=\"(max-width: 680px) 100vw, 680px\" \/><figcaption>Unsere Bosseltruppe.<br \/><\/figcaption><\/figure>\n\n\n\n<figure class=\"wp-block-image\"><img loading=\"lazy\" decoding=\"async\" width=\"680\" height=\"315\" src=\"https:\/\/www.kdrei-2009.de\/WPKdrei\/wp-content\/uploads\/2020\/01\/K3-Bosseln-2020-02web.jpg\" alt=\"\" class=\"wp-image-7800\" srcset=\"https:\/\/www.kdrei-2009.de\/WPKdrei\/wp-content\/uploads\/2020\/01\/K3-Bosseln-2020-02web.jpg 680w, https:\/\/www.kdrei-2009.de\/WPKdrei\/wp-content\/uploads\/2020\/01\/K3-Bosseln-2020-02web-300x139.jpg 300w\" sizes=\"(max-width: 680px) 100vw, 680px\" \/><figcaption>Das Terrain.<\/figcaption><\/figure>\n\n\n\n<figure class=\"wp-block-image\"><img loading=\"lazy\" decoding=\"async\" width=\"680\" height=\"824\" src=\"https:\/\/www.kdrei-2009.de\/WPKdrei\/wp-content\/uploads\/2020\/01\/K3-Bosseln-2020-03web.jpg\" alt=\"\" class=\"wp-image-7802\" srcset=\"https:\/\/www.kdrei-2009.de\/WPKdrei\/wp-content\/uploads\/2020\/01\/K3-Bosseln-2020-03web.jpg 680w, https:\/\/www.kdrei-2009.de\/WPKdrei\/wp-content\/uploads\/2020\/01\/K3-Bosseln-2020-03web-248x300.jpg 248w\" sizes=\"(max-width: 680px) 100vw, 680px\" \/><figcaption>Der Versuch.<\/figcaption><\/figure>\n\n\n\n<figure class=\"wp-block-image\"><img loading=\"lazy\" decoding=\"async\" width=\"680\" height=\"854\" src=\"https:\/\/www.kdrei-2009.de\/WPKdrei\/wp-content\/uploads\/2020\/01\/K3-Bosseln-2020-03aweb.jpg\" alt=\"\" class=\"wp-image-7801\" srcset=\"https:\/\/www.kdrei-2009.de\/WPKdrei\/wp-content\/uploads\/2020\/01\/K3-Bosseln-2020-03aweb.jpg 680w, https:\/\/www.kdrei-2009.de\/WPKdrei\/wp-content\/uploads\/2020\/01\/K3-Bosseln-2020-03aweb-239x300.jpg 239w\" sizes=\"(max-width: 680px) 100vw, 680px\" \/><figcaption>Die Technik.<\/figcaption><\/figure>\n","protected":false},"excerpt":{"rendered":"<p>Das w\u00e4re auch ein sch\u00f6ner Tag zum Boulen gewesen. Sonne, kein Regen und Temperaturen\u00fcber Null Grad. Wir haben uns f\u00fcr Bosseln entschlossen. Start war um 10.30Uhr am AV-Platz in Unterensingen. [&hellip;]<\/p>\n","protected":false},"author":1,"featured_media":0,"parent":6736,"menu_order":0,"comment_status":"closed","ping_status":"closed","template":"","meta":{"footnotes":""},"_links":{"self":[{"href":"https:\/\/www.kdrei-2009.de\/WPKdrei\/wp-json\/wp\/v2\/pages\/7804"}],"collection":[{"href":"https:\/\/www.kdrei-2009.de\/WPKdrei\/wp-json\/wp\/v2\/pages"}],"about":[{"href":"https:\/\/www.kdrei-2009.de\/WPKdrei\/wp-json\/wp\/v2\/types\/page"}],"author":[{"embeddable":true,"href":"https:\/\/www.kdrei-2009.de\/WPKdrei\/wp-json\/wp\/v2\/users\/1"}],"replies":[{"embeddable":true,"href":"https:\/\/www.kdrei-2009.de\/WPKdrei\/wp-json\/wp\/v2\/comments?post=7804"}],"version-history":[{"count":2,"href":"https:\/\/www.kdrei-2009.de\/WPKdrei\/wp-json\/wp\/v2\/pages\/7804\/revisions"}],"predecessor-version":[{"id":7806,"href":"https:\/\/www.kdrei-2009.de\/WPKdrei\/wp-json\/wp\/v2\/pages\/7804\/revisions\/7806"}],"up":[{"embeddable":true,"href":"https:\/\/www.kdrei-2009.de\/WPKdrei\/wp-json\/wp\/v2\/pages\/6736"}],"wp:attachment":[{"href":"https:\/\/www.kdrei-2009.de\/WPKdrei\/wp-json\/wp\/v2\/media?parent=7804"}],"curies":[{"name":"wp","href":"https:\/\/api.w.org\/{rel}","templated":true}]}}