{"id":925,"date":"2010-05-19T12:25:20","date_gmt":"2010-05-19T12:25:20","guid":{"rendered":"https:\/\/www.kdrei-2009.de\/WPKdrei\/?page_id=925"},"modified":"2010-05-19T12:25:20","modified_gmt":"2010-05-19T12:25:20","slug":"presse","status":"publish","type":"page","link":"https:\/\/www.kdrei-2009.de\/WPKdrei\/presse\/","title":{"rendered":"PRESSE"},"content":{"rendered":"<h3><span style=\"color: #808080;\">F\u00fcr alle, die kein Gemeindeblatt haben, keine N\u00fcrtinger Zeitung abonnieren m\u00f6chten und diejenigen, die lieber alles im Internet lesen wollen.<\/span><\/h3>\n","protected":false},"excerpt":{"rendered":"<p>F\u00fcr alle, die kein Gemeindeblatt haben, keine N\u00fcrtinger Zeitung abonnieren m\u00f6chten und diejenigen, die lieber alles im Internet lesen wollen.<\/p>\n","protected":false},"author":1,"featured_media":0,"parent":0,"menu_order":1,"comment_status":"open","ping_status":"open","template":"","meta":{"footnotes":""},"_links":{"self":[{"href":"https:\/\/www.kdrei-2009.de\/WPKdrei\/wp-json\/wp\/v2\/pages\/925"}],"collection":[{"href":"https:\/\/www.kdrei-2009.de\/WPKdrei\/wp-json\/wp\/v2\/pages"}],"about":[{"href":"https:\/\/www.kdrei-2009.de\/WPKdrei\/wp-json\/wp\/v2\/types\/page"}],"author":[{"embeddable":true,"href":"https:\/\/www.kdrei-2009.de\/WPKdrei\/wp-json\/wp\/v2\/users\/1"}],"replies":[{"embeddable":true,"href":"https:\/\/www.kdrei-2009.de\/WPKdrei\/wp-json\/wp\/v2\/comments?post=925"}],"version-history":[{"count":3,"href":"https:\/\/www.kdrei-2009.de\/WPKdrei\/wp-json\/wp\/v2\/pages\/925\/revisions"}],"predecessor-version":[{"id":928,"href":"https:\/\/www.kdrei-2009.de\/WPKdrei\/wp-json\/wp\/v2\/pages\/925\/revisions\/928"}],"wp:attachment":[{"href":"https:\/\/www.kdrei-2009.de\/WPKdrei\/wp-json\/wp\/v2\/media?parent=925"}],"curies":[{"name":"wp","href":"https:\/\/api.w.org\/{rel}","templated":true}]}}