{"id":991,"date":"2010-06-08T12:21:41","date_gmt":"2010-06-08T12:21:41","guid":{"rendered":"https:\/\/www.kdrei-2009.de\/WPKdrei\/?page_id=991"},"modified":"2016-03-14T13:07:40","modified_gmt":"2016-03-14T13:07:40","slug":"lm-und-quali-triplette","status":"publish","type":"page","link":"https:\/\/www.kdrei-2009.de\/WPKdrei\/kugelsport-2\/kuegelsport-2010\/turniere\/lm-und-quali-triplette\/","title":{"rendered":"LM und Quali Triplette"},"content":{"rendered":"<h4>Am 5. und 6. Juni fanden in Neuffen die Landesmeisterschaften und die Qualifikation zur DM im Triplette statt. Am Samstag spielten Hanne, Werner und Walter. Nach \u00fcberstandenem Poule traf die Mannschaft auf echte Cracks der Szene und musste sich klar geschlagen geben. Bei leckerem, italienischem Essen und einem k\u00fchlen Weizenbier, lies die Mannschaft den Tag in Neuffen ausklingen.<\/h4>\n<h4>Am Sonntag spielten Wolfgang, Werner und Walter in den Kdrei Trikots. Auch an diesem Tag gab es im Poule nur eine Niederlage und nach der gewonnenen Barrage war die Mannschaft voller Zuversicht. Mit etwas Losgl\u00fcck w\u00e4re sie direkt zur DM nach Edingen-Neckarhausen gefahren. Doch die Ausrichter wussten, da\u00df Kdrei zum Spielen nach Neuffen gekommen war und loste uns deshalb Gysi, Sascha und Michael zu. Nach einer deutlichen 7:0 F\u00fchrung w\u00e4hnte sich Kdrei wohl schon etwas zu sicher und vernachl\u00e4ssigte Konzentration und Spielgeschehen. Das Spiel drehte sich immer mehr zu Gunsten des Gegners, der schliesslich mit 13:8 gewann und somit die Fahrkarte zur DM in der Hand halten konnte. Nochmals herzlichen Gl\u00fcckwunsch und viel Erfolg in Edingen-Neckarhausen.<\/h4>\n<p>F\u00fcr Bilder war leider keine Zeit. Deshalb das Stilleben &#8222;Schuhe mit Neuffener Staub&#8220;<\/p>\n<div id=\"attachment_998\" style=\"width: 310px\" class=\"wp-caption aligncenter\"><a href=\"https:\/\/www.kdrei-2009.de\/WPKdrei\/wp-content\/uploads\/2010\/06\/Schuhe_41web.jpg\" rel=\"lightbox[991]\"><img loading=\"lazy\" decoding=\"async\" aria-describedby=\"caption-attachment-998\" class=\"size-medium wp-image-998\" title=\"Schuhe_41web\" src=\"https:\/\/www.kdrei-2009.de\/WPKdrei\/wp-content\/uploads\/2010\/06\/Schuhe_41web-300x191.jpg\" alt=\"\" width=\"300\" height=\"191\" srcset=\"https:\/\/www.kdrei-2009.de\/WPKdrei\/wp-content\/uploads\/2010\/06\/Schuhe_41web-300x191.jpg 300w, https:\/\/www.kdrei-2009.de\/WPKdrei\/wp-content\/uploads\/2010\/06\/Schuhe_41web.jpg 850w\" sizes=\"(max-width: 300px) 100vw, 300px\" \/><\/a><p id=\"caption-attachment-998\" class=\"wp-caption-text\">&quot;Schuhe mit Neuffener Staub&quot;<\/p><\/div>\n","protected":false},"excerpt":{"rendered":"<p>Am 5. und 6. Juni fanden in Neuffen die Landesmeisterschaften und die Qualifikation zur DM im Triplette statt. Am Samstag spielten Hanne, Werner und Walter. Nach \u00fcberstandenem Poule traf die [&hellip;]<\/p>\n","protected":false},"author":1,"featured_media":0,"parent":989,"menu_order":1,"comment_status":"open","ping_status":"open","template":"","meta":{"footnotes":""},"_links":{"self":[{"href":"https:\/\/www.kdrei-2009.de\/WPKdrei\/wp-json\/wp\/v2\/pages\/991"}],"collection":[{"href":"https:\/\/www.kdrei-2009.de\/WPKdrei\/wp-json\/wp\/v2\/pages"}],"about":[{"href":"https:\/\/www.kdrei-2009.de\/WPKdrei\/wp-json\/wp\/v2\/types\/page"}],"author":[{"embeddable":true,"href":"https:\/\/www.kdrei-2009.de\/WPKdrei\/wp-json\/wp\/v2\/users\/1"}],"replies":[{"embeddable":true,"href":"https:\/\/www.kdrei-2009.de\/WPKdrei\/wp-json\/wp\/v2\/comments?post=991"}],"version-history":[{"count":7,"href":"https:\/\/www.kdrei-2009.de\/WPKdrei\/wp-json\/wp\/v2\/pages\/991\/revisions"}],"predecessor-version":[{"id":5238,"href":"https:\/\/www.kdrei-2009.de\/WPKdrei\/wp-json\/wp\/v2\/pages\/991\/revisions\/5238"}],"up":[{"embeddable":true,"href":"https:\/\/www.kdrei-2009.de\/WPKdrei\/wp-json\/wp\/v2\/pages\/989"}],"wp:attachment":[{"href":"https:\/\/www.kdrei-2009.de\/WPKdrei\/wp-json\/wp\/v2\/media?parent=991"}],"curies":[{"name":"wp","href":"https:\/\/api.w.org\/{rel}","templated":true}]}}